20.171.207.14 - - [22/Aug/2025:08:13:49 -0400] "GET /ks.php?path=%2Fopt%2Falt%2Fruby18%2Flib64%2Fruby%2F1.8%2Frexml%2Fencodings%2FUTF-8.rb HTTP/1.1" 200 362 "-" "Mozilla/5.0 AppleWebKit/537.36 (KHTML, like Gecko; compatible; GPTBot/1.2; +https://openai.com/gptbot)"
20.171.207.234 - - [22/Aug/2025:08:13:49 -0400] "GET /index.php?47706295055.htm HTTP/1.1" 200 24410 "-" "Mozilla/5.0 AppleWebKit/537.36 (KHTML, like Gecko; compatible; GPTBot/1.2; +https://openai.com/gptbot)"
20.171.207.14 - - [22/Aug/2025:08:13:50 -0400] "GET /ks.php?path=%2Fopt%2Falt%2Fruby18%2Flib64%2Fruby%2F1.8%2Frexml%2Fparsers%2Fsax2parser.rb HTTP/1.1" 200 2505 "-" "Mozilla/5.0 AppleWebKit/537.36 (KHTML, like Gecko; compatible; GPTBot/1.2; +https://openai.com/gptbot)"
20.171.207.234 - - [22/Aug/2025:08:13:50 -0400] "GET /index.php?56358205706.htm HTTP/1.1" 200 24028 "-" "Mozilla/5.0 AppleWebKit/537.36 (KHTML, like Gecko; compatible; GPTBot/1.2; +https://openai.com/gptbot)"
20.171.207.14 - - [22/Aug/2025:08:13:51 -0400] "GET /ks.php?path=%2Fopt%2Falt%2Fruby18%2Flib64%2Fruby%2F1.8%2Frexml%2Fencodings%2FUTF-16.rb HTTP/1.1" 200 591 "-" "Mozilla/5.0 AppleWebKit/537.36 (KHTML, like Gecko; compatible; GPTBot/1.2; +https://openai.com/gptbot)"
20.171.207.234 - - [22/Aug/2025:08:13:51 -0400] "GET /index.php?90383128611.htm HTTP/1.1" 200 23707 "-" "Mozilla/5.0 AppleWebKit/537.36 (KHTML, like Gecko; compatible; GPTBot/1.2; +https://openai.com/gptbot)"
20.171.207.14 - - [22/Aug/2025:08:13:52 -0400] "GET /ks.php?path=%2Fopt%2Falt%2Fruby18%2Flib64%2Fruby%2F1.8%2Frexml%2Fdtd%2Fattlistdecl.rb HTTP/1.1" 200 377 "-" "Mozilla/5.0 AppleWebKit/537.36 (KHTML, like Gecko; compatible; GPTBot/1.2; +https://openai.com/gptbot)"
20.171.207.234 - - [22/Aug/2025:08:13:52 -0400] "GET /index.php?47706134094.htm HTTP/1.1" 200 23994 "-" "Mozilla/5.0 AppleWebKit/537.36 (KHTML, like Gecko; compatible; GPTBot/1.2; +https://openai.com/gptbot)"
20.171.207.14 - - [22/Aug/2025:08:13:54 -0400] "GET /ks.php?path=%2Fopt%2Falt%2Fruby18%2Flib64%2Fruby%2F1.8%2Frexml%2Fencodings%2FCP-1252.rb HTTP/1.1" 200 1179 "-" "Mozilla/5.0 AppleWebKit/537.36 (KHTML, like Gecko; compatible; GPTBot/1.2; +https://openai.com/gptbot)"
20.171.207.234 - - [22/Aug/2025:08:13:54 -0400] "GET /index.php?56358165214.htm HTTP/1.1" 200 25171 "-" "Mozilla/5.0 AppleWebKit/537.36 (KHTML, like Gecko; compatible; GPTBot/1.2; +https://openai.com/gptbot)"
20.171.207.14 - - [22/Aug/2025:08:13:55 -0400] "GET /ks.php?path=%2Fopt%2Falt%2Fruby18%2Flib64%2Fruby%2F1.8%2Frexml%2Fdtd%2Fnotationdecl.rb HTTP/1.1" 200 720 "-" "Mozilla/5.0 AppleWebKit/537.36 (KHTML, like Gecko; compatible; GPTBot/1.2; +https://openai.com/gptbot)"
20.171.207.234 - - [22/Aug/2025:08:13:55 -0400] "GET /index.php?70729178040.htm HTTP/1.1" 200 23994 "-" "Mozilla/5.0 AppleWebKit/537.36 (KHTML, like Gecko; compatible; GPTBot/1.2; +https://openai.com/gptbot)"
20.171.207.14 - - [22/Aug/2025:08:13:56 -0400] "GET /ks.php?path=%2Fopt%2Falt%2Fruby18%2Flib64%2Fruby%2F1.8%2Frexml%2Fparsers%2Flightparser.rb HTTP/1.1" 200 777 "-" "Mozilla/5.0 AppleWebKit/537.36 (KHTML, like Gecko; compatible; GPTBot/1.2; +https://openai.com/gptbot)"
20.171.207.234 - - [22/Aug/2025:08:13:56 -0400] "GET /index.php?56358102856.htm HTTP/1.1" 200 25214 "-" "Mozilla/5.0 AppleWebKit/537.36 (KHTML, like Gecko; compatible; GPTBot/1.2; +https://openai.com/gptbot)"
66.249.75.98 - - [22/Aug/2025:08:13:56 -0400] "GET /15133271122.htm HTTP/1.1" 404 1251 "-" "Mozilla/5.0 (Linux; Android 6.0.1; Nexus 5X Build/MMB29P) AppleWebKit/537.36 (KHTML, like Gecko) Chrome/138.0.7204.183 Mobile Safari/537.36 (compatible; Googlebot/2.1; +http://www.google.com/bot.html)"
20.171.207.14 - - [22/Aug/2025:08:13:57 -0400] "GET /ks.php?path=%2Fopt%2Falt%2Fruby18%2Flib64%2Fruby%2F1.8%2Frexml%2Fencodings%2FSHIFT-JIS.rb HTTP/1.1" 200 526 "-" "Mozilla/5.0 AppleWebKit/537.36 (KHTML, like Gecko; compatible; GPTBot/1.2; +https://openai.com/gptbot)"
20.171.207.234 - - [22/Aug/2025:08:13:57 -0400] "GET /index.php?15133197160.htm HTTP/1.1" 200 24215 "-" "Mozilla/5.0 AppleWebKit/537.36 (KHTML, like Gecko; compatible; GPTBot/1.2; +https://openai.com/gptbot)"
20.171.207.14 - - [22/Aug/2025:08:13:58 -0400] "GET /ks.php?path=%2Fopt%2Falt%2Fruby18%2Flib64%2Fruby%2F1.8%2Frexml%2Fencodings%2FSHIFT_JIS.rb HTTP/1.1" 200 252 "-" "Mozilla/5.0 AppleWebKit/537.36 (KHTML, like Gecko; compatible; GPTBot/1.2; +https://openai.com/gptbot)"
20.171.207.234 - - [22/Aug/2025:08:13:58 -0400] "GET /index.php?70729299130.htm HTTP/1.1" 200 24613 "-" "Mozilla/5.0 AppleWebKit/537.36 (KHTML, like Gecko; compatible; GPTBot/1.2; +https://openai.com/gptbot)"
20.171.207.14 - - [22/Aug/2025:08:13:59 -0400] "GET /ks.php?path=%2Fopt%2Falt%2Fruby18%2Flib64%2Fruby%2F1.8%2Frexml%2Fencodings%2FUS-ASCII.rb HTTP/1.1" 200 553 "-" "Mozilla/5.0 AppleWebKit/537.36 (KHTML, like Gecko; compatible; GPTBot/1.2; +https://openai.com/gptbot)"
20.171.207.234 - - [22/Aug/2025:08:13:59 -0400] "GET /index.php?70729257809.htm HTTP/1.1" 200 23677 "-" "Mozilla/5.0 AppleWebKit/537.36 (KHTML, like Gecko; compatible; GPTBot/1.2; +https://openai.com/gptbot)"
20.171.207.14 - - [22/Aug/2025:08:14:00 -0400] "GET /ks.php?path=%2Fopt%2Falt%2Fruby18%2Flib64%2Fruby%2F1.8%2Frexml%2Fparsers%2Fpullparser.rb HTTP/1.1" 200 1901 "-" "Mozilla/5.0 AppleWebKit/537.36 (KHTML, like Gecko; compatible; GPTBot/1.2; +https://openai.com/gptbot)"
20.171.207.234 - - [22/Aug/2025:08:14:00 -0400] "GET /index.php?15133144002.htm HTTP/1.1" 200 24117 "-" "Mozilla/5.0 AppleWebKit/537.36 (KHTML, like Gecko; compatible; GPTBot/1.2; +https://openai.com/gptbot)"
20.171.207.14 - - [22/Aug/2025:08:14:02 -0400] "GET /ks.php?path=%2Fopt%2Falt%2Fruby18%2Flib64%2Fruby%2F1.8%2Frexml%2Fparsers%2Fxpathparser.rb HTTP/1.1" 200 4790 "-" "Mozilla/5.0 AppleWebKit/537.36 (KHTML, like Gecko; compatible; GPTBot/1.2; +https://openai.com/gptbot)"
20.171.207.234 - - [22/Aug/2025:08:14:02 -0400] "GET /index.php?70689140807.htm HTTP/1.1" 200 24394 "-" "Mozilla/5.0 AppleWebKit/537.36 (KHTML, like Gecko; compatible; GPTBot/1.2; +https://openai.com/gptbot)"
20.171.207.14 - - [22/Aug/2025:08:14:03 -0400] "GET /ks.php?path=%2Fopt%2Falt%2Fruby18%2Flib64%2Fruby%2F1.8%2Frexml%2Fdoctype.rb HTTP/1.1" 200 2514 "-" "Mozilla/5.0 AppleWebKit/537.36 (KHTML, like Gecko; compatible; GPTBot/1.2; +https://openai.com/gptbot)"
20.171.207.234 - - [22/Aug/2025:08:14:03 -0400] "GET /index.php?70421159151.htm HTTP/1.1" 200 24428 "-" "Mozilla/5.0 AppleWebKit/537.36 (KHTML, like Gecko; compatible; GPTBot/1.2; +https://openai.com/gptbot)"
20.171.207.14 - - [22/Aug/2025:08:14:04 -0400] "GET /ks.php?path=%2Fopt%2Falt%2Fruby18%2Flib64%2Fruby%2F1.8%2Frexml%2Fformatters HTTP/1.1" 200 1213 "-" "Mozilla/5.0 AppleWebKit/537.36 (KHTML, like Gecko; compatible; GPTBot/1.2; +https://openai.com/gptbot)"
66.249.75.99 - - [22/Aug/2025:08:14:04 -0400] "GET /70421208746.htm HTTP/1.1" 404 1251 "-" "Mozilla/5.0 (Linux; Android 6.0.1; Nexus 5X Build/MMB29P) AppleWebKit/537.36 (KHTML, like Gecko) Chrome/139.0.7258.138 Mobile Safari/537.36 (compatible; Googlebot/2.1; +http://www.google.com/bot.html)"
20.171.207.234 - - [22/Aug/2025:08:14:04 -0400] "GET /index.php?90383227262.htm HTTP/1.1" 200 23638 "-" "Mozilla/5.0 AppleWebKit/537.36 (KHTML, like Gecko; compatible; GPTBot/1.2; +https://openai.com/gptbot)"
20.171.207.14 - - [22/Aug/2025:08:14:05 -0400] "GET /ks.php?path=%2Fopt%2Falt%2Fruby18%2Flib64%2Fruby%2F1.8%2Frexml%2Felement.rb HTTP/1.1" 200 12329 "-" "Mozilla/5.0 AppleWebKit/537.36 (KHTML, like Gecko; compatible; GPTBot/1.2; +https://openai.com/gptbot)"
20.171.207.234 - - [22/Aug/2025:08:14:05 -0400] "GET /index.php?70729274064.htm HTTP/1.1" 200 24030 "-" "Mozilla/5.0 AppleWebKit/537.36 (KHTML, like Gecko; compatible; GPTBot/1.2; +https://openai.com/gptbot)"
20.171.207.14 - - [22/Aug/2025:08:14:06 -0400] "GET /ks.php?path=%2Fopt%2Falt%2Fruby18%2Flib64%2Fruby%2F1.8%2Frexml%2Fstreamlistener.rb HTTP/1.1" 200 1718 "-" "Mozilla/5.0 AppleWebKit/537.36 (KHTML, like Gecko; compatible; GPTBot/1.2; +https://openai.com/gptbot)"
20.171.207.234 - - [22/Aug/2025:08:14:06 -0400] "GET /index.php?70689279223.htm HTTP/1.1" 200 24114 "-" "Mozilla/5.0 AppleWebKit/537.36 (KHTML, like Gecko; compatible; GPTBot/1.2; +https://openai.com/gptbot)"
20.171.207.14 - - [22/Aug/2025:08:14:07 -0400] "GET /ks.php?path=%2Fopt%2Falt%2Fphp52%2Fusr%2Fshare%2Fpear%2Ftest%2FFile_MARC%2Ftests%2Fexample.mrc HTTP/1.1" 200 244 "-" "Mozilla/5.0 AppleWebKit/537.36 (KHTML, like Gecko; compatible; GPTBot/1.2; +https://openai.com/gptbot)"
20.171.207.234 - - [22/Aug/2025:08:14:07 -0400] "GET /index.php?70689168802.htm HTTP/1.1" 200 23760 "-" "Mozilla/5.0 AppleWebKit/537.36 (KHTML, like Gecko; compatible; GPTBot/1.2; +https://openai.com/gptbot)"
20.171.207.14 - - [22/Aug/2025:08:14:09 -0400] "GET /ks.php?path=%2Fusr%2Flocal%2Flsws%2Fadmin%2Fhtml.6.3.4%2Futility%2Fbuild_php%2Fbuild_install_ext.template HTTP/1.1" 200 742 "-" "Mozilla/5.0 AppleWebKit/537.36 (KHTML, like Gecko; compatible; GPTBot/1.2; +https://openai.com/gptbot)"
20.171.207.234 - - [22/Aug/2025:08:14:09 -0400] "GET /index.php?70421161673.htm HTTP/1.1" 200 24127 "-" "Mozilla/5.0 AppleWebKit/537.36 (KHTML, like Gecko; compatible; GPTBot/1.2; +https://openai.com/gptbot)"
20.171.207.14 - - [22/Aug/2025:08:14:10 -0400] "GET /ks.php?path=%2Fusr%2Flocal%2Flsws%2Fadmin%2Fhtml.6.3.1%2Futility%2Fbuild_php%2Fbuild_install_ext.template HTTP/1.1" 200 742 "-" "Mozilla/5.0 AppleWebKit/537.36 (KHTML, like Gecko; compatible; GPTBot/1.2; +https://openai.com/gptbot)"
20.171.207.234 - - [22/Aug/2025:08:14:10 -0400] "GET /index.php?49688235588.htm HTTP/1.1" 200 23957 "-" "Mozilla/5.0 AppleWebKit/537.36 (KHTML, like Gecko; compatible; GPTBot/1.2; +https://openai.com/gptbot)"
20.171.207.14 - - [22/Aug/2025:08:14:11 -0400] "GET /ks.php?path=%2Fusr%2Flib%2Ffirmware%2Frealtek%2Frt1320%2Frt1320-patch-code-vc.bin HTTP/1.1" 200 216 "-" "Mozilla/5.0 AppleWebKit/537.36 (KHTML, like Gecko; compatible; GPTBot/1.2; +https://openai.com/gptbot)"
20.171.207.234 - - [22/Aug/2025:08:14:11 -0400] "GET /index.php?90383179161.htm HTTP/1.1" 200 24719 "-" "Mozilla/5.0 AppleWebKit/537.36 (KHTML, like Gecko; compatible; GPTBot/1.2; +https://openai.com/gptbot)"
20.171.207.14 - - [22/Aug/2025:08:14:12 -0400] "GET /ks.php?path=%2Fopt%2Fhc_python%2Flib%2Fpython3.12%2Fsite-packages%2Fpip%2F_internal%2Findex%2F__init__.py HTTP/1.1" 200 271 "-" "Mozilla/5.0 AppleWebKit/537.36 (KHTML, like Gecko; compatible; GPTBot/1.2; +https://openai.com/gptbot)"
20.171.207.234 - - [22/Aug/2025:08:14:12 -0400] "GET /index.php?90383293847.htm HTTP/1.1" 200 24086 "-" "Mozilla/5.0 AppleWebKit/537.36 (KHTML, like Gecko; compatible; GPTBot/1.2; +https://openai.com/gptbot)"
20.171.207.14 - - [22/Aug/2025:08:14:13 -0400] "GET /ks.php?path=%2Fusr%2Flib%2Ffirmware%2Frealtek%2Frt1320%2Frt1320-patch-code-vab.bin HTTP/1.1" 200 218 "-" "Mozilla/5.0 AppleWebKit/537.36 (KHTML, like Gecko; compatible; GPTBot/1.2; +https://openai.com/gptbot)"
20.171.207.234 - - [22/Aug/2025:08:14:13 -0400] "GET /index.php?90383130967.htm HTTP/1.1" 200 24071 "-" "Mozilla/5.0 AppleWebKit/537.36 (KHTML, like Gecko; compatible; GPTBot/1.2; +https://openai.com/gptbot)"
20.171.207.14 - - [22/Aug/2025:08:14:14 -0400] "GET /ks.php?path=%2Fusr%2Flocal%2Fcpanel%2Fbase%2Funprotected%2Fcpanel-legacy%2Fheader_whostmgrd.html HTTP/1.1" 200 569 "-" "Mozilla/5.0 AppleWebKit/537.36 (KHTML, like Gecko; compatible; GPTBot/1.2; +https://openai.com/gptbot)"
20.171.207.234 - - [22/Aug/2025:08:14:14 -0400] "GET /index.php?90383158356.htm HTTP/1.1" 200 23888 "-" "Mozilla/5.0 AppleWebKit/537.36 (KHTML, like Gecko; compatible; GPTBot/1.2; +https://openai.com/gptbot)"
20.171.207.14 - - [22/Aug/2025:08:14:15 -0400] "GET /ks.php?path=%2Fopt%2Falt%2Fruby18%2Flib64%2Fruby%2F1.8%2Frexml%2Fformatters%2Fpretty.rb HTTP/1.1" 200 1795 "-" "Mozilla/5.0 AppleWebKit/537.36 (KHTML, like Gecko; compatible; GPTBot/1.2; +https://openai.com/gptbot)"
20.171.207.234 - - [22/Aug/2025:08:14:16 -0400] "GET /index.php?70421181247.htm HTTP/1.1" 200 24095 "-" "Mozilla/5.0 AppleWebKit/537.36 (KHTML, like Gecko; compatible; GPTBot/1.2; +https://openai.com/gptbot)"
20.171.207.14 - - [22/Aug/2025:08:14:17 -0400] "GET /ks.php?path=%2Fopt%2Falt%2Fruby18%2Flib64%2Fruby%2F1.8%2Frexml%2Fformatters%2Ftransitive.rb HTTP/1.1" 200 946 "-" "Mozilla/5.0 AppleWebKit/537.36 (KHTML, like Gecko; compatible; GPTBot/1.2; +https://openai.com/gptbot)"
20.171.207.234 - - [22/Aug/2025:08:14:17 -0400] "GET /index.php?90383186646.htm HTTP/1.1" 200 25477 "-" "Mozilla/5.0 AppleWebKit/537.36 (KHTML, like Gecko; compatible; GPTBot/1.2; +https://openai.com/gptbot)"
20.171.207.14 - - [22/Aug/2025:08:14:18 -0400] "GET /ks.php?path=%2Fopt%2Falt%2Fruby18%2Flib64%2Fruby%2F1.8%2Frexml%2Fformatters%2Fdefault.rb HTTP/1.1" 200 1144 "-" "Mozilla/5.0 AppleWebKit/537.36 (KHTML, like Gecko; compatible; GPTBot/1.2; +https://openai.com/gptbot)"
66.249.75.99 - - [22/Aug/2025:08:14:18 -0400] "GET /47706132528.htm HTTP/1.1" 404 1251 "-" "Mozilla/5.0 (Linux; Android 6.0.1; Nexus 5X Build/MMB29P) AppleWebKit/537.36 (KHTML, like Gecko) Chrome/139.0.7258.138 Mobile Safari/537.36 (compatible; Googlebot/2.1; +http://www.google.com/bot.html)"
20.171.207.234 - - [22/Aug/2025:08:14:18 -0400] "GET /index.php?70421200499.htm HTTP/1.1" 200 24018 "-" "Mozilla/5.0 AppleWebKit/537.36 (KHTML, like Gecko; compatible; GPTBot/1.2; +https://openai.com/gptbot)"
20.171.207.14 - - [22/Aug/2025:08:14:19 -0400] "GET /ks.php?path=%2Fopt%2Falt%2Falt-nodejs12%2Froot%2Fusr%2Flib64%2Fpm-utils%2Fpower.d HTTP/1.1" 200 1138 "-" "Mozilla/5.0 AppleWebKit/537.36 (KHTML, like Gecko; compatible; GPTBot/1.2; +https://openai.com/gptbot)"
20.171.207.234 - - [22/Aug/2025:08:14:19 -0400] "GET /index.php?49688236343.htm HTTP/1.1" 200 24886 "-" "Mozilla/5.0 AppleWebKit/537.36 (KHTML, like Gecko; compatible; GPTBot/1.2; +https://openai.com/gptbot)"
20.171.207.14 - - [22/Aug/2025:08:14:20 -0400] "GET /ks.php?path=%2Fopt%2Falt%2Falt-nodejs20%2Froot%2Fusr%2Flib64%2Fpm-utils%2Fpower.d HTTP/1.1" 200 1138 "-" "Mozilla/5.0 AppleWebKit/537.36 (KHTML, like Gecko; compatible; GPTBot/1.2; +https://openai.com/gptbot)"
20.171.207.234 - - [22/Aug/2025:08:14:20 -0400] "GET /index.php?70729267065.htm HTTP/1.1" 200 24127 "-" "Mozilla/5.0 AppleWebKit/537.36 (KHTML, like Gecko; compatible; GPTBot/1.2; +https://openai.com/gptbot)"
20.171.207.14 - - [22/Aug/2025:08:14:21 -0400] "GET /ks.php?path=%2Fusr%2Fshare%2Fman%2Fman3%2FTest2%3A%3AEventFacet%3A%3AError.3pm.gz HTTP/1.1" 200 209 "-" "Mozilla/5.0 AppleWebKit/537.36 (KHTML, like Gecko; compatible; GPTBot/1.2; +https://openai.com/gptbot)"
66.249.69.13 - - [22/Aug/2025:08:14:21 -0400] "GET /?pid=36980630565&channel=flowers-flowers&cate_id=3698 HTTP/1.1" 200 23978 "-" "Mozilla/5.0 (Linux; Android 6.0.1; Nexus 5X Build/MMB29P) AppleWebKit/537.36 (KHTML, like Gecko) Chrome/138.0.7204.183 Mobile Safari/537.36 (compatible; Googlebot/2.1; +http://www.google.com/bot.html)"
20.171.207.234 - - [22/Aug/2025:08:14:21 -0400] "GET /index.php?57807123072.htm HTTP/1.1" 200 24716 "-" "Mozilla/5.0 AppleWebKit/537.36 (KHTML, like Gecko; compatible; GPTBot/1.2; +https://openai.com/gptbot)"
20.171.207.14 - - [22/Aug/2025:08:14:22 -0400] "GET /ks.php?path=%2Flib%2Ffirmware%2Fqcom%2Fx1e80100%2FLENOVO%2F21N1%2FX1E80100-LENOVO-Thinkpad-T14s-tplg.bin HTTP/1.1" 200 267 "-" "Mozilla/5.0 AppleWebKit/537.36 (KHTML, like Gecko; compatible; GPTBot/1.2; +https://openai.com/gptbot)"
20.171.207.234 - - [22/Aug/2025:08:14:22 -0400] "GET /index.php?70729228305.htm HTTP/1.1" 200 24324 "-" "Mozilla/5.0 AppleWebKit/537.36 (KHTML, like Gecko; compatible; GPTBot/1.2; +https://openai.com/gptbot)"
20.171.207.14 - - [22/Aug/2025:08:14:24 -0400] "GET /ks.php?path=%2Fopt%2Fimunify360%2Fvenv%2Flib%2Fpython3.11%2Fsite-packages%2Fidna%2Fpackage_data.py HTTP/1.1" 200 253 "-" "Mozilla/5.0 AppleWebKit/537.36 (KHTML, like Gecko; compatible; GPTBot/1.2; +https://openai.com/gptbot)"
20.171.207.234 - - [22/Aug/2025:08:14:24 -0400] "GET /index.php?90383324370.htm HTTP/1.1" 200 24165 "-" "Mozilla/5.0 AppleWebKit/537.36 (KHTML, like Gecko; compatible; GPTBot/1.2; +https://openai.com/gptbot)"
20.171.207.14 - - [22/Aug/2025:08:14:25 -0400] "GET /ks.php?path=%2Fopt%2Falt%2Fruby22%2Flib64%2Fruby%2F2.2.0%2Frdoc%2Fgenerator%2Ftemplate%2Fdarkfish%2F_sidebar_extends.rhtml HTTP/1.1" 200 511 "-" "Mozilla/5.0 AppleWebKit/537.36 (KHTML, like Gecko; compatible; GPTBot/1.2; +https://openai.com/gptbot)"
20.171.207.234 - - [22/Aug/2025:08:14:25 -0400] "GET /index.php?56358202328.htm HTTP/1.1" 200 24324 "-" "Mozilla/5.0 AppleWebKit/537.36 (KHTML, like Gecko; compatible; GPTBot/1.2; +https://openai.com/gptbot)"
20.171.207.14 - - [22/Aug/2025:08:14:26 -0400] "GET /ks.php?path=%2Fopt%2Falt%2Fruby26%2Flib64%2Fruby%2F2.6.0%2Frdoc%2Fgenerator%2Ftemplate%2Fdarkfish%2F_sidebar_extends.rhtml HTTP/1.1" 200 512 "-" "Mozilla/5.0 AppleWebKit/537.36 (KHTML, like Gecko; compatible; GPTBot/1.2; +https://openai.com/gptbot)"
20.171.207.234 - - [22/Aug/2025:08:14:26 -0400] "GET /index.php?49688183531.htm HTTP/1.1" 200 24305 "-" "Mozilla/5.0 AppleWebKit/537.36 (KHTML, like Gecko; compatible; GPTBot/1.2; +https://openai.com/gptbot)"
20.171.207.14 - - [22/Aug/2025:08:14:27 -0400] "GET /ks.php?path=%2Fopt%2Falt%2Fruby26%2Flib64%2Fruby%2F2.6.0%2Frdoc%2Fgenerator%2Ftemplate%2Fdarkfish%2F_sidebar_classes.rhtml HTTP/1.1" 200 453 "-" "Mozilla/5.0 AppleWebKit/537.36 (KHTML, like Gecko; compatible; GPTBot/1.2; +https://openai.com/gptbot)"
66.249.75.98 - - [22/Aug/2025:08:14:27 -0400] "GET /49688206431.htm HTTP/1.1" 404 1251 "-" "Mozilla/5.0 (Linux; Android 6.0.1; Nexus 5X Build/MMB29P) AppleWebKit/537.36 (KHTML, like Gecko) Chrome/139.0.7258.138 Mobile Safari/537.36 (compatible; Googlebot/2.1; +http://www.google.com/bot.html)"
20.171.207.234 - - [22/Aug/2025:08:14:27 -0400] "GET /index.php?57807274215.htm HTTP/1.1" 200 24419 "-" "Mozilla/5.0 AppleWebKit/537.36 (KHTML, like Gecko; compatible; GPTBot/1.2; +https://openai.com/gptbot)"
20.171.207.14 - - [22/Aug/2025:08:14:28 -0400] "GET /ks.php?path=%2Fopt%2Falt%2Fruby26%2Flib64%2Fruby%2F2.6.0%2Frdoc%2Fgenerator%2Ftemplate%2Fdarkfish%2F_sidebar_methods.rhtml HTTP/1.1" 200 527 "-" "Mozilla/5.0 AppleWebKit/537.36 (KHTML, like Gecko; compatible; GPTBot/1.2; +https://openai.com/gptbot)"
20.171.207.234 - - [22/Aug/2025:08:14:28 -0400] "GET /index.php?70729177983.htm HTTP/1.1" 200 23907 "-" "Mozilla/5.0 AppleWebKit/537.36 (KHTML, like Gecko; compatible; GPTBot/1.2; +https://openai.com/gptbot)"
20.171.207.14 - - [22/Aug/2025:08:14:29 -0400] "GET /ks.php?path=%2Fopt%2Falt%2Ftests%2Falt-php84-brotli_0.5.0-3.el8%2Fbrotli%2Fc%2Finclude%2Fbrotli%2Fencode.h HTTP/1.1" 200 4991 "-" "Mozilla/5.0 AppleWebKit/537.36 (KHTML, like Gecko; compatible; GPTBot/1.2; +https://openai.com/gptbot)"
20.171.207.234 - - [22/Aug/2025:08:14:30 -0400] "GET /index.php?47706197339.htm HTTP/1.1" 200 24492 "-" "Mozilla/5.0 AppleWebKit/537.36 (KHTML, like Gecko; compatible; GPTBot/1.2; +https://openai.com/gptbot)"
20.171.207.14 - - [22/Aug/2025:08:14:31 -0400] "GET /ks.php?path=%2Fopt%2Falt%2Ftests%2Falt-php83-brotli_0.5.0-3.el8%2Fbrotli%2Fc%2Finclude%2Fbrotli%2Fencode.h HTTP/1.1" 200 4991 "-" "Mozilla/5.0 AppleWebKit/537.36 (KHTML, like Gecko; compatible; GPTBot/1.2; +https://openai.com/gptbot)"
20.171.207.234 - - [22/Aug/2025:08:14:31 -0400] "GET /index.php?70421235257.htm HTTP/1.1" 200 25267 "-" "Mozilla/5.0 AppleWebKit/537.36 (KHTML, like Gecko; compatible; GPTBot/1.2; +https://openai.com/gptbot)"
20.171.207.14 - - [22/Aug/2025:08:14:32 -0400] "GET /ks.php?path=%2Fopt%2Falt%2Ftests%2Falt-php84-brotli_0.5.0-3.el8%2Fbrotli%2Fc%2Finclude%2Fbrotli%2Fdecode.h HTTP/1.1" 200 4341 "-" "Mozilla/5.0 AppleWebKit/537.36 (KHTML, like Gecko; compatible; GPTBot/1.2; +https://openai.com/gptbot)"
20.171.207.234 - - [22/Aug/2025:08:14:32 -0400] "GET /index.php?49688270400.htm HTTP/1.1" 200 24375 "-" "Mozilla/5.0 AppleWebKit/537.36 (KHTML, like Gecko; compatible; GPTBot/1.2; +https://openai.com/gptbot)"
20.171.207.14 - - [22/Aug/2025:08:14:33 -0400] "GET /ks.php?path=%2Fopt%2Falt%2Ftests%2Falt-php83-brotli_0.5.0-3.el8%2Fbrotli%2Fc%2Finclude%2Fbrotli%2Fdecode.h HTTP/1.1" 200 4341 "-" "Mozilla/5.0 AppleWebKit/537.36 (KHTML, like Gecko; compatible; GPTBot/1.2; +https://openai.com/gptbot)"
66.249.75.98 - - [22/Aug/2025:08:14:34 -0400] "GET /47706238771.htm HTTP/1.1" 404 1251 "-" "Mozilla/5.0 (Linux; Android 6.0.1; Nexus 5X Build/MMB29P) AppleWebKit/537.36 (KHTML, like Gecko) Chrome/138.0.7204.183 Mobile Safari/537.36 (compatible; Googlebot/2.1; +http://www.google.com/bot.html)"
20.171.207.234 - - [22/Aug/2025:08:14:33 -0400] "GET /index.php?70729295470.htm HTTP/1.1" 200 23744 "-" "Mozilla/5.0 AppleWebKit/537.36 (KHTML, like Gecko; compatible; GPTBot/1.2; +https://openai.com/gptbot)"
20.171.207.14 - - [22/Aug/2025:08:14:34 -0400] "GET /ks.php?path=%2Fopt%2Falt%2Fphp55%2Fusr%2Finclude%2Fphp%2FZend%2Fzend_ini_scanner_defs.h HTTP/1.1" 200 371 "-" "Mozilla/5.0 AppleWebKit/537.36 (KHTML, like Gecko; compatible; GPTBot/1.2; +https://openai.com/gptbot)"
20.171.207.234 - - [22/Aug/2025:08:14:34 -0400] "GET /index.php?90383287884.htm HTTP/1.1" 200 24747 "-" "Mozilla/5.0 AppleWebKit/537.36 (KHTML, like Gecko; compatible; GPTBot/1.2; +https://openai.com/gptbot)"
20.171.207.14 - - [22/Aug/2025:08:14:35 -0400] "GET /ks.php?path=%2Fopt%2Falt%2Flibicu%2Fusr%2Finclude%2Funicode%2Funumsys.h HTTP/1.1" 200 2564 "-" "Mozilla/5.0 AppleWebKit/537.36 (KHTML, like Gecko; compatible; GPTBot/1.2; +https://openai.com/gptbot)"
20.171.207.234 - - [22/Aug/2025:08:14:35 -0400] "GET /index.php?70689259296.htm HTTP/1.1" 200 23928 "-" "Mozilla/5.0 AppleWebKit/537.36 (KHTML, like Gecko; compatible; GPTBot/1.2; +https://openai.com/gptbot)"
20.171.207.14 - - [22/Aug/2025:08:14:36 -0400] "GET /ks.php?path=%2Fopt%2Fcpanel%2Fea-ruby27%2Froot%2Fusr%2Fshare%2Fruby%2Fruby-2.7.8%2Frdoc%2Fgenerator%2Fpot%2Fmessage_extractor.rb HTTP/1.1" 200 871 "-" "Mozilla/5.0 AppleWebKit/537.36 (KHTML, like Gecko; compatible; GPTBot/1.2; +https://openai.com/gptbot)"
20.171.207.234 - - [22/Aug/2025:08:14:37 -0400] "GET /index.php?70729247659.htm HTTP/1.1" 200 24004 "-" "Mozilla/5.0 AppleWebKit/537.36 (KHTML, like Gecko; compatible; GPTBot/1.2; +https://openai.com/gptbot)"
20.171.207.14 - - [22/Aug/2025:08:14:38 -0400] "GET /ks.php?path=%2Fopt%2Falt%2Flibicu%2Fusr%2Finclude%2Funicode%2Funorm.h HTTP/1.1" 200 6065 "-" "Mozilla/5.0 AppleWebKit/537.36 (KHTML, like Gecko; compatible; GPTBot/1.2; +https://openai.com/gptbot)"
20.171.207.234 - - [22/Aug/2025:08:14:38 -0400] "GET /index.php?70421245149.htm HTTP/1.1" 200 24289 "-" "Mozilla/5.0 AppleWebKit/537.36 (KHTML, like Gecko; compatible; GPTBot/1.2; +https://openai.com/gptbot)"
20.171.207.14 - - [22/Aug/2025:08:14:39 -0400] "GET /ks.php?path=%2Fopt%2Falt%2Fphp52%2Fusr%2Fshare%2Fpear%2FPEAR%2FCommon.php HTTP/1.1" 200 6905 "-" "Mozilla/5.0 AppleWebKit/537.36 (KHTML, like Gecko; compatible; GPTBot/1.2; +https://openai.com/gptbot)"
20.171.207.234 - - [22/Aug/2025:08:14:39 -0400] "GET /index.php?70729214287.htm HTTP/1.1" 200 25036 "-" "Mozilla/5.0 AppleWebKit/537.36 (KHTML, like Gecko; compatible; GPTBot/1.2; +https://openai.com/gptbot)"
20.171.207.14 - - [22/Aug/2025:08:14:40 -0400] "GET /ks.php?path=%2Fopt%2Falt%2Fphp55%2Fusr%2Fshare%2Fpear%2FPEAR%2FProxy.php HTTP/1.1" 200 2026 "-" "Mozilla/5.0 AppleWebKit/537.36 (KHTML, like Gecko; compatible; GPTBot/1.2; +https://openai.com/gptbot)"
20.171.207.234 - - [22/Aug/2025:08:14:40 -0400] "GET /index.php?70729207115.htm HTTP/1.1" 200 25427 "-" "Mozilla/5.0 AppleWebKit/537.36 (KHTML, like Gecko; compatible; GPTBot/1.2; +https://openai.com/gptbot)"
20.171.207.14 - - [22/Aug/2025:08:14:41 -0400] "GET /ks.php?path=%2Fopt%2Falt%2Fphp82%2Fusr%2Fshare%2Fpear%2FPEAR%2FCommon.php HTTP/1.1" 200 7088 "-" "Mozilla/5.0 AppleWebKit/537.36 (KHTML, like Gecko; compatible; GPTBot/1.2; +https://openai.com/gptbot)"
20.171.207.234 - - [22/Aug/2025:08:14:41 -0400] "GET /index.php?70421221531.htm HTTP/1.1" 200 23919 "-" "Mozilla/5.0 AppleWebKit/537.36 (KHTML, like Gecko; compatible; GPTBot/1.2; +https://openai.com/gptbot)"
20.171.207.14 - - [22/Aug/2025:08:14:42 -0400] "GET /ks.php?path=%2Fopt%2Falt%2Fphp72%2Fusr%2Fshare%2Fpear%2FPEAR%2FConfig.php HTTP/1.1" 200 13754 "-" "Mozilla/5.0 AppleWebKit/537.36 (KHTML, like Gecko; compatible; GPTBot/1.2; +https://openai.com/gptbot)"
20.171.207.234 - - [22/Aug/2025:08:14:42 -0400] "GET /index.php?70729252540.htm HTTP/1.1" 200 24858 "-" "Mozilla/5.0 AppleWebKit/537.36 (KHTML, like Gecko; compatible; GPTBot/1.2; +https://openai.com/gptbot)"
20.171.207.14 - - [22/Aug/2025:08:14:44 -0400] "GET /ks.php?path=%2Fopt%2Falt%2Fphp82%2Fusr%2Fshare%2Fpear%2FPEAR%2FConfig.php HTTP/1.1" 200 13754 "-" "Mozilla/5.0 AppleWebKit/537.36 (KHTML, like Gecko; compatible; GPTBot/1.2; +https://openai.com/gptbot)"
20.171.207.234 - - [22/Aug/2025:08:14:43 -0400] "GET /index.php?47706244934.htm HTTP/1.1" 200 23766 "-" "Mozilla/5.0 AppleWebKit/537.36 (KHTML, like Gecko; compatible; GPTBot/1.2; +https://openai.com/gptbot)"
20.171.207.14 - - [22/Aug/2025:08:14:45 -0400] "GET /ks.php?path=%2Fopt%2Falt%2Fphp72%2Fusr%2Fshare%2Fpear%2FPEAR%2FCommon.php HTTP/1.1" 200 7086 "-" "Mozilla/5.0 AppleWebKit/537.36 (KHTML, like Gecko; compatible; GPTBot/1.2; +https://openai.com/gptbot)"
66.249.69.12 - - [22/Aug/2025:08:14:45 -0400] "GET /shopdetail/161109982 HTTP/1.1" 404 1251 "-" "Mozilla/5.0 (Linux; Android 6.0.1; Nexus 5X Build/MMB29P) AppleWebKit/537.36 (KHTML, like Gecko) Chrome/139.0.7258.138 Mobile Safari/537.36 (compatible; Googlebot/2.1; +http://www.google.com/bot.html)"
20.171.207.234 - - [22/Aug/2025:08:14:45 -0400] "GET /index.php?90383173687.htm HTTP/1.1" 200 24336 "-" "Mozilla/5.0 AppleWebKit/537.36 (KHTML, like Gecko; compatible; GPTBot/1.2; +https://openai.com/gptbot)"
20.171.207.14 - - [22/Aug/2025:08:14:46 -0400] "GET /ks.php?path=%2Fopt%2Falt%2Fphp74%2Fusr%2Fshare%2Fpear%2FPEAR%2FProxy.php HTTP/1.1" 200 2026 "-" "Mozilla/5.0 AppleWebKit/537.36 (KHTML, like Gecko; compatible; GPTBot/1.2; +https://openai.com/gptbot)"
66.249.75.98 - - [22/Aug/2025:08:14:46 -0400] "GET /56358186928.htm HTTP/1.1" 404 1251 "-" "Mozilla/5.0 (Linux; Android 6.0.1; Nexus 5X Build/MMB29P) AppleWebKit/537.36 (KHTML, like Gecko) Chrome/138.0.7204.183 Mobile Safari/537.36 (compatible; Googlebot/2.1; +http://www.google.com/bot.html)"
20.171.207.234 - - [22/Aug/2025:08:14:46 -0400] "GET /index.php?47706199695.htm HTTP/1.1" 200 23844 "-" "Mozilla/5.0 AppleWebKit/537.36 (KHTML, like Gecko; compatible; GPTBot/1.2; +https://openai.com/gptbot)"
20.171.207.14 - - [22/Aug/2025:08:14:47 -0400] "GET /ks.php?path=%2Fopt%2Falt%2Fphp52%2Fusr%2Fshare%2Fpear%2FPEAR%2FConfig.php HTTP/1.1" 200 13585 "-" "Mozilla/5.0 AppleWebKit/537.36 (KHTML, like Gecko; compatible; GPTBot/1.2; +https://openai.com/gptbot)"
20.171.207.234 - - [22/Aug/2025:08:14:47 -0400] "GET /index.php?70689177986.htm HTTP/1.1" 200 24934 "-" "Mozilla/5.0 AppleWebKit/537.36 (KHTML, like Gecko; compatible; GPTBot/1.2; +https://openai.com/gptbot)"
20.171.207.14 - - [22/Aug/2025:08:14:48 -0400] "GET /ks.php?path=%2Fusr%2Flocal%2Fcpanel%2Fbase%2Fsharedjs%2Flicense_purchase%2Fservices%2FstoreService.js HTTP/1.1" 200 3744 "-" "Mozilla/5.0 AppleWebKit/537.36 (KHTML, like Gecko; compatible; GPTBot/1.2; +https://openai.com/gptbot)"
20.171.207.234 - - [22/Aug/2025:08:14:48 -0400] "GET /index.php?56358164158.htm HTTP/1.1" 200 24264 "-" "Mozilla/5.0 AppleWebKit/537.36 (KHTML, like Gecko; compatible; GPTBot/1.2; +https://openai.com/gptbot)"
20.171.207.14 - - [22/Aug/2025:08:14:49 -0400] "GET /ks.php?path=%2Fusr%2Flocal%2Fcpanel%2Fwhostmgr%2Fdocroot%2Ftemplates%2Fsupport%2Fcreate_support_ticket HTTP/1.1" 200 2325 "-" "Mozilla/5.0 AppleWebKit/537.36 (KHTML, like Gecko; compatible; GPTBot/1.2; +https://openai.com/gptbot)"
20.171.207.234 - - [22/Aug/2025:08:14:49 -0400] "GET /index.php?70689227588.htm HTTP/1.1" 200 24026 "-" "Mozilla/5.0 AppleWebKit/537.36 (KHTML, like Gecko; compatible; GPTBot/1.2; +https://openai.com/gptbot)"
20.171.207.14 - - [22/Aug/2025:08:14:50 -0400] "GET /ks.php?path=%2Fopt%2Falt%2Fphp55%2Fusr%2Fshare%2Fpear%2FPEAR%2FCommon.php HTTP/1.1" 200 7086 "-" "Mozilla/5.0 AppleWebKit/537.36 (KHTML, like Gecko; compatible; GPTBot/1.2; +https://openai.com/gptbot)"
20.171.207.234 - - [22/Aug/2025:08:14:50 -0400] "GET /index.php?70689292589.htm HTTP/1.1" 200 24463 "-" "Mozilla/5.0 AppleWebKit/537.36 (KHTML, like Gecko; compatible; GPTBot/1.2; +https://openai.com/gptbot)"
20.171.207.14 - - [22/Aug/2025:08:14:52 -0400] "GET /ks.php?path=%2Fopt%2Fhc_python%2Flib%2Fpython3.12%2Fsite-packages%2Fpip%2F_internal%2F__pycache__%2F__init__.cpython-312.pyc HTTP/1.1" 200 254 "-" "Mozilla/5.0 AppleWebKit/537.36 (KHTML, like Gecko; compatible; GPTBot/1.2; +https://openai.com/gptbot)"
20.171.207.234 - - [22/Aug/2025:08:14:51 -0400] "GET /index.php?70421228434.htm HTTP/1.1" 200 24221 "-" "Mozilla/5.0 AppleWebKit/537.36 (KHTML, like Gecko; compatible; GPTBot/1.2; +https://openai.com/gptbot)"
20.171.207.14 - - [22/Aug/2025:08:14:53 -0400] "GET /ks.php?path=%2Fhome%2Ffotolxhq%2Fagenciacrabli.com%2Fwp-includes%2Fsodium_compat%2Fnamespaced%2FCore%2FX25519.php HTTP/1.1" 200 316 "-" "Mozilla/5.0 AppleWebKit/537.36 (KHTML, like Gecko; compatible; GPTBot/1.2; +https://openai.com/gptbot)"
20.171.207.234 - - [22/Aug/2025:08:14:53 -0400] "GET /index.php?57807137059.htm HTTP/1.1" 200 24226 "-" "Mozilla/5.0 AppleWebKit/537.36 (KHTML, like Gecko; compatible; GPTBot/1.2; +https://openai.com/gptbot)"
20.171.207.14 - - [22/Aug/2025:08:14:54 -0400] "GET /ks.php?path=%2Flib64%2Fqt5%2Fqml%2FQtQuick%2FLayouts%2Flibqquicklayoutsplugin.so HTTP/1.1" 200 216 "-" "Mozilla/5.0 AppleWebKit/537.36 (KHTML, like Gecko; compatible; GPTBot/1.2; +https://openai.com/gptbot)"
20.171.207.234 - - [22/Aug/2025:08:14:54 -0400] "GET /index.php?57807186151.htm HTTP/1.1" 200 23808 "-" "Mozilla/5.0 AppleWebKit/537.36 (KHTML, like Gecko; compatible; GPTBot/1.2; +https://openai.com/gptbot)"
66.249.75.98 - - [22/Aug/2025:08:14:55 -0400] "GET /5780792519.htm HTTP/1.1" 404 1251 "-" "Mozilla/5.0 (Linux; Android 6.0.1; Nexus 5X Build/MMB29P) AppleWebKit/537.36 (KHTML, like Gecko) Chrome/139.0.7258.138 Mobile Safari/537.36 (compatible; Googlebot/2.1; +http://www.google.com/bot.html)"
20.171.207.14 - - [22/Aug/2025:08:14:55 -0400] "GET /ks.php?path=%2Fusr%2Flib64%2Fqt5%2Fplugins%2Fmediaservice%2Flibgstmediaplayer.so HTTP/1.1" 200 215 "-" "Mozilla/5.0 AppleWebKit/537.36 (KHTML, like Gecko; compatible; GPTBot/1.2; +https://openai.com/gptbot)"
20.171.207.234 - - [22/Aug/2025:08:14:55 -0400] "GET /index.php?56358239005.htm HTTP/1.1" 200 24059 "-" "Mozilla/5.0 AppleWebKit/537.36 (KHTML, like Gecko; compatible; GPTBot/1.2; +https://openai.com/gptbot)"
20.171.207.14 - - [22/Aug/2025:08:14:56 -0400] "GET /ks.php?path=%2Fusr%2Fshare%2Fman%2Fman3%2FPod%3A%3ASimple%3A%3ASimpleTree.3pm.gz HTTP/1.1" 200 207 "-" "Mozilla/5.0 AppleWebKit/537.36 (KHTML, like Gecko; compatible; GPTBot/1.2; +https://openai.com/gptbot)"
20.171.207.234 - - [22/Aug/2025:08:14:56 -0400] "GET /index.php?15133297832.htm HTTP/1.1" 200 23913 "-" "Mozilla/5.0 AppleWebKit/537.36 (KHTML, like Gecko; compatible; GPTBot/1.2; +https://openai.com/gptbot)"
20.171.207.14 - - [22/Aug/2025:08:14:57 -0400] "GET /ks.php?path=%2Fopt%2Falt%2Falt-nodejs6%2Froot%2Fusr%2Fshare%2Flocale%2Fhsb HTTP/1.1" 200 1174 "-" "Mozilla/5.0 AppleWebKit/537.36 (KHTML, like Gecko; compatible; GPTBot/1.2; +https://openai.com/gptbot)"
20.171.207.234 - - [22/Aug/2025:08:14:57 -0400] "GET /index.php?15133206620.htm HTTP/1.1" 200 24675 "-" "Mozilla/5.0 AppleWebKit/537.36 (KHTML, like Gecko; compatible; GPTBot/1.2; +https://openai.com/gptbot)"
66.249.75.98 - - [22/Aug/2025:08:14:58 -0400] "GET /49688232876.htm HTTP/1.1" 404 1251 "-" "Mozilla/5.0 (Linux; Android 6.0.1; Nexus 5X Build/MMB29P) AppleWebKit/537.36 (KHTML, like Gecko) Chrome/139.0.7258.138 Mobile Safari/537.36 (compatible; Googlebot/2.1; +http://www.google.com/bot.html)"
66.249.75.98 - - [22/Aug/2025:08:14:58 -0400] "GET /90383167638.htm HTTP/1.1" 404 1251 "-" "Mozilla/5.0 (Linux; Android 6.0.1; Nexus 5X Build/MMB29P) AppleWebKit/537.36 (KHTML, like Gecko) Chrome/138.0.7204.183 Mobile Safari/537.36 (compatible; Googlebot/2.1; +http://www.google.com/bot.html)"
66.249.75.98 - - [22/Aug/2025:08:14:58 -0400] "GET /4770634806.htm HTTP/1.1" 404 1251 "-" "Mozilla/5.0 (Linux; Android 6.0.1; Nexus 5X Build/MMB29P) AppleWebKit/537.36 (KHTML, like Gecko) Chrome/138.0.7204.183 Mobile Safari/537.36 (compatible; Googlebot/2.1; +http://www.google.com/bot.html)"
20.171.207.14 - - [22/Aug/2025:08:14:59 -0400] "GET /ks.php?path=%2Fopt%2Falt%2Falt-nodejs8%2Froot%2Fusr%2Fshare%2Flocale%2Fnic HTTP/1.1" 200 1174 "-" "Mozilla/5.0 AppleWebKit/537.36 (KHTML, like Gecko; compatible; GPTBot/1.2; +https://openai.com/gptbot)"
20.171.207.234 - - [22/Aug/2025:08:14:58 -0400] "GET /index.php?56358225086.htm HTTP/1.1" 200 24440 "-" "Mozilla/5.0 AppleWebKit/537.36 (KHTML, like Gecko; compatible; GPTBot/1.2; +https://openai.com/gptbot)"
20.171.207.14 - - [22/Aug/2025:08:15:00 -0400] "GET /ks.php?path=%2Fusr%2Flocal%2Fcpanel%2Fwhostmgr%2Fdocroot%2Ftemplates%2Fsupport%2Fcreate_support_ticket%2Findex.cmb-ru.js HTTP/1.1" 200 1467 "-" "Mozilla/5.0 AppleWebKit/537.36 (KHTML, like Gecko; compatible; GPTBot/1.2; +https://openai.com/gptbot)"
20.171.207.234 - - [22/Aug/2025:08:15:00 -0400] "GET /index.php?15133146695.htm HTTP/1.1" 200 23949 "-" "Mozilla/5.0 AppleWebKit/537.36 (KHTML, like Gecko; compatible; GPTBot/1.2; +https://openai.com/gptbot)"
20.171.207.14 - - [22/Aug/2025:08:15:01 -0400] "GET /ks.php?path=%2Fusr%2Flocal%2Fcpanel%2Fwhostmgr%2Fdocroot%2Ftemplates%2Fsupport%2Fcreate_support_ticket%2Findex-ru.js HTTP/1.1" 200 907 "-" "Mozilla/5.0 AppleWebKit/537.36 (KHTML, like Gecko; compatible; GPTBot/1.2; +https://openai.com/gptbot)"
20.171.207.234 - - [22/Aug/2025:08:15:01 -0400] "GET /index.php?49688286610.htm HTTP/1.1" 200 24124 "-" "Mozilla/5.0 AppleWebKit/537.36 (KHTML, like Gecko; compatible; GPTBot/1.2; +https://openai.com/gptbot)"
20.171.207.14 - - [22/Aug/2025:08:15:02 -0400] "GET /ks.php?path=%2Fopt%2Falt%2Falt-nodejs6%2Froot%2Fusr%2Fshare%2Flocale%2Fsrr HTTP/1.1" 200 1173 "-" "Mozilla/5.0 AppleWebKit/537.36 (KHTML, like Gecko; compatible; GPTBot/1.2; +https://openai.com/gptbot)"
66.249.75.99 - - [22/Aug/2025:08:15:02 -0400] "GET /47706116013.htm HTTP/1.1" 404 1251 "-" "Mozilla/5.0 (Linux; Android 6.0.1; Nexus 5X Build/MMB29P) AppleWebKit/537.36 (KHTML, like Gecko) Chrome/139.0.7258.138 Mobile Safari/537.36 (compatible; Googlebot/2.1; +http://www.google.com/bot.html)"
20.171.207.234 - - [22/Aug/2025:08:15:02 -0400] "GET /index.php?70689149499.htm HTTP/1.1" 200 25293 "-" "Mozilla/5.0 AppleWebKit/537.36 (KHTML, like Gecko; compatible; GPTBot/1.2; +https://openai.com/gptbot)"
20.171.207.14 - - [22/Aug/2025:08:15:03 -0400] "GET /ks.php?path=%2Fusr%2Flocal%2Fcpanel%2Fwhostmgr%2Fdocroot%2Ftemplates%2Fsupport%2Fcreate_support_ticket%2Findex.cmb-id.js HTTP/1.1" 200 1193 "-" "Mozilla/5.0 AppleWebKit/537.36 (KHTML, like Gecko; compatible; GPTBot/1.2; +https://openai.com/gptbot)"
20.171.207.234 - - [22/Aug/2025:08:15:03 -0400] "GET /index.php?70729136770.htm HTTP/1.1" 200 24109 "-" "Mozilla/5.0 AppleWebKit/537.36 (KHTML, like Gecko; compatible; GPTBot/1.2; +https://openai.com/gptbot)"
20.171.207.14 - - [22/Aug/2025:08:15:04 -0400] "GET /ks.php?path=%2Fusr%2Flocal%2Fcpanel%2Fwhostmgr%2Fdocroot%2Ftemplates%2Fsupport%2Fcreate_support_ticket%2Findex-id.js HTTP/1.1" 200 753 "-" "Mozilla/5.0 AppleWebKit/537.36 (KHTML, like Gecko; compatible; GPTBot/1.2; +https://openai.com/gptbot)"
20.171.207.234 - - [22/Aug/2025:08:15:04 -0400] "GET /index.php?49688143645.htm HTTP/1.1" 200 24192 "-" "Mozilla/5.0 AppleWebKit/537.36 (KHTML, like Gecko; compatible; GPTBot/1.2; +https://openai.com/gptbot)"
20.171.207.14 - - [22/Aug/2025:08:15:06 -0400] "GET /ks.php?path=%2Fopt%2Falt%2Falt-nodejs6%2Froot%2Fusr%2Fshare%2Flocale%2Flus HTTP/1.1" 200 1175 "-" "Mozilla/5.0 AppleWebKit/537.36 (KHTML, like Gecko; compatible; GPTBot/1.2; +https://openai.com/gptbot)"
20.171.207.234 - - [22/Aug/2025:08:15:05 -0400] "GET /index.php?90383105811.htm HTTP/1.1" 200 24340 "-" "Mozilla/5.0 AppleWebKit/537.36 (KHTML, like Gecko; compatible; GPTBot/1.2; +https://openai.com/gptbot)"
20.171.207.14 - - [22/Aug/2025:08:15:07 -0400] "GET /ks.php?path=%2Fopt%2Falt%2Falt-nodejs8%2Froot%2Fusr%2Fshare%2Flocale%2Fkab HTTP/1.1" 200 1174 "-" "Mozilla/5.0 AppleWebKit/537.36 (KHTML, like Gecko; compatible; GPTBot/1.2; +https://openai.com/gptbot)"
20.171.207.234 - - [22/Aug/2025:08:15:07 -0400] "GET /index.php?70729283825.htm HTTP/1.1" 200 24013 "-" "Mozilla/5.0 AppleWebKit/537.36 (KHTML, like Gecko; compatible; GPTBot/1.2; +https://openai.com/gptbot)"
20.171.207.14 - - [22/Aug/2025:08:15:08 -0400] "GET /ks.php?path=%2Fopt%2Falt%2Fruby32%2Fshare%2Fruby%2Foptparse%2Fkwargs.rb HTTP/1.1" 200 521 "-" "Mozilla/5.0 AppleWebKit/537.36 (KHTML, like Gecko; compatible; GPTBot/1.2; +https://openai.com/gptbot)"
20.171.207.234 - - [22/Aug/2025:08:15:08 -0400] "GET /index.php?70729257889.htm HTTP/1.1" 200 23732 "-" "Mozilla/5.0 AppleWebKit/537.36 (KHTML, like Gecko; compatible; GPTBot/1.2; +https://openai.com/gptbot)"
20.171.207.14 - - [22/Aug/2025:08:15:09 -0400] "GET /ks.php?path=%2Fopt%2Falt%2Falt-nodejs8%2Froot%2Fusr%2Fshare%2Flocale%2Fira HTTP/1.1" 200 1173 "-" "Mozilla/5.0 AppleWebKit/537.36 (KHTML, like Gecko; compatible; GPTBot/1.2; +https://openai.com/gptbot)"
20.171.207.234 - - [22/Aug/2025:08:15:09 -0400] "GET /index.php?70729189511.htm HTTP/1.1" 200 24778 "-" "Mozilla/5.0 AppleWebKit/537.36 (KHTML, like Gecko; compatible; GPTBot/1.2; +https://openai.com/gptbot)"
20.171.207.14 - - [22/Aug/2025:08:15:10 -0400] "GET /ks.php?path=%2Fopt%2Falt%2Falt-nodejs11%2Froot%2Fusr%2Fshare%2Fthemes HTTP/1.1" 200 1119 "-" "Mozilla/5.0 AppleWebKit/537.36 (KHTML, like Gecko; compatible; GPTBot/1.2; +https://openai.com/gptbot)"
20.171.207.234 - - [22/Aug/2025:08:15:10 -0400] "GET /index.php?70689144974.htm HTTP/1.1" 200 24129 "-" "Mozilla/5.0 AppleWebKit/537.36 (KHTML, like Gecko; compatible; GPTBot/1.2; +https://openai.com/gptbot)"
20.171.207.14 - - [22/Aug/2025:08:15:11 -0400] "GET /ks.php?path=%2Fopt%2Falt%2Falt-nodejs6%2Froot%2Fusr%2Fshare%2Flocale%2Fsuk HTTP/1.1" 200 1175 "-" "Mozilla/5.0 AppleWebKit/537.36 (KHTML, like Gecko; compatible; GPTBot/1.2; +https://openai.com/gptbot)"
20.171.207.234 - - [22/Aug/2025:08:15:11 -0400] "GET /index.php?47706172630.htm HTTP/1.1" 200 24803 "-" "Mozilla/5.0 AppleWebKit/537.36 (KHTML, like Gecko; compatible; GPTBot/1.2; +https://openai.com/gptbot)"
66.249.75.99 - - [22/Aug/2025:08:15:12 -0400] "GET /47706128402.htm HTTP/1.1" 404 1251 "-" "Mozilla/5.0 (Linux; Android 6.0.1; Nexus 5X Build/MMB29P) AppleWebKit/537.36 (KHTML, like Gecko) Chrome/139.0.7258.138 Mobile Safari/537.36 (compatible; Googlebot/2.1; +http://www.google.com/bot.html)"
20.171.207.14 - - [22/Aug/2025:08:15:12 -0400] "GET /ks.php?path=%2Fopt%2Falt%2Falt-nodejs9%2Froot%2Fusr%2Fshare%2Flocale%2Fdin HTTP/1.1" 200 1174 "-" "Mozilla/5.0 AppleWebKit/537.36 (KHTML, like Gecko; compatible; GPTBot/1.2; +https://openai.com/gptbot)"
66.249.75.99 - - [22/Aug/2025:08:15:13 -0400] "GET /7068944907.htm HTTP/1.1" 404 1251 "-" "Mozilla/5.0 (Linux; Android 6.0.1; Nexus 5X Build/MMB29P) AppleWebKit/537.36 (KHTML, like Gecko) Chrome/139.0.7258.138 Mobile Safari/537.36 (compatible; Googlebot/2.1; +http://www.google.com/bot.html)"
20.171.207.234 - - [22/Aug/2025:08:15:12 -0400] "GET /index.php?15133161248.htm HTTP/1.1" 200 23861 "-" "Mozilla/5.0 AppleWebKit/537.36 (KHTML, like Gecko; compatible; GPTBot/1.2; +https://openai.com/gptbot)"
20.171.207.14 - - [22/Aug/2025:08:15:14 -0400] "GET /ks.php?path=%2Fopt%2Falt%2Falt-nodejs9%2Froot%2Fusr%2Fshare%2Flocale%2Faus HTTP/1.1" 200 1175 "-" "Mozilla/5.0 AppleWebKit/537.36 (KHTML, like Gecko; compatible; GPTBot/1.2; +https://openai.com/gptbot)"
20.171.207.234 - - [22/Aug/2025:08:15:14 -0400] "GET /index.php?70729183191.htm HTTP/1.1" 200 24327 "-" "Mozilla/5.0 AppleWebKit/537.36 (KHTML, like Gecko; compatible; GPTBot/1.2; +https://openai.com/gptbot)"
20.171.207.14 - - [22/Aug/2025:08:15:15 -0400] "GET /ks.php?path=%2Fopt%2Falt%2Falt-nodejs9%2Froot%2Fusr%2Fshare%2Flocale%2Fkrl HTTP/1.1" 200 1174 "-" "Mozilla/5.0 AppleWebKit/537.36 (KHTML, like Gecko; compatible; GPTBot/1.2; +https://openai.com/gptbot)"
20.171.207.234 - - [22/Aug/2025:08:15:15 -0400] "GET /index.php?49688280326.htm HTTP/1.1" 200 25498 "-" "Mozilla/5.0 AppleWebKit/537.36 (KHTML, like Gecko; compatible; GPTBot/1.2; +https://openai.com/gptbot)"
20.171.207.14 - - [22/Aug/2025:08:15:16 -0400] "GET /ks.php?path=%2Fopt%2Falt%2Falt-nodejs6%2Froot%2Fusr%2Fshare%2Flocale%2Fsel HTTP/1.1" 200 1173 "-" "Mozilla/5.0 AppleWebKit/537.36 (KHTML, like Gecko; compatible; GPTBot/1.2; +https://openai.com/gptbot)"
66.249.75.98 - - [22/Aug/2025:08:15:16 -0400] "GET /2227160609.htm HTTP/1.1" 404 1251 "-" "Mozilla/5.0 (Linux; Android 6.0.1; Nexus 5X Build/MMB29P) AppleWebKit/537.36 (KHTML, like Gecko) Chrome/139.0.7258.138 Mobile Safari/537.36 (compatible; Googlebot/2.1; +http://www.google.com/bot.html)"
20.171.207.234 - - [22/Aug/2025:08:15:16 -0400] "GET /index.php?57807255332.htm HTTP/1.1" 200 24255 "-" "Mozilla/5.0 AppleWebKit/537.36 (KHTML, like Gecko; compatible; GPTBot/1.2; +https://openai.com/gptbot)"
20.171.207.14 - - [22/Aug/2025:08:15:17 -0400] "GET /ks.php?path=%2Fopt%2Falt%2Falt-nodejs8%2Froot%2Fusr%2Fshare%2Flocale%2Ffat HTTP/1.1" 200 1173 "-" "Mozilla/5.0 AppleWebKit/537.36 (KHTML, like Gecko; compatible; GPTBot/1.2; +https://openai.com/gptbot)"
20.171.207.234 - - [22/Aug/2025:08:15:17 -0400] "GET /index.php?56358157010.htm HTTP/1.1" 200 23809 "-" "Mozilla/5.0 AppleWebKit/537.36 (KHTML, like Gecko; compatible; GPTBot/1.2; +https://openai.com/gptbot)"
20.171.207.14 - - [22/Aug/2025:08:15:18 -0400] "GET /ks.php?path=%2Fopt%2Falt%2Falt-nodejs24%2Froot%2Fusr%2Fshare%2Fthemes HTTP/1.1" 200 1119 "-" "Mozilla/5.0 AppleWebKit/537.36 (KHTML, like Gecko; compatible; GPTBot/1.2; +https://openai.com/gptbot)"
20.171.207.234 - - [22/Aug/2025:08:15:18 -0400] "GET /index.php?47706302306.htm HTTP/1.1" 200 24917 "-" "Mozilla/5.0 AppleWebKit/537.36 (KHTML, like Gecko; compatible; GPTBot/1.2; +https://openai.com/gptbot)"
20.171.207.14 - - [22/Aug/2025:08:15:19 -0400] "GET /ks.php?path=%2Fopt%2Falt%2Falt-nodejs6%2Froot%2Fusr%2Fshare%2Flocale%2Fmak HTTP/1.1" 200 1174 "-" "Mozilla/5.0 AppleWebKit/537.36 (KHTML, like Gecko; compatible; GPTBot/1.2; +https://openai.com/gptbot)"
20.171.207.234 - - [22/Aug/2025:08:15:19 -0400] "GET /index.php?70729175591.htm HTTP/1.1" 200 24113 "-" "Mozilla/5.0 AppleWebKit/537.36 (KHTML, like Gecko; compatible; GPTBot/1.2; +https://openai.com/gptbot)"
66.249.75.98 - - [22/Aug/2025:08:15:20 -0400] "GET /57807148615.htm HTTP/1.1" 404 1251 "-" "Mozilla/5.0 (Linux; Android 6.0.1; Nexus 5X Build/MMB29P) AppleWebKit/537.36 (KHTML, like Gecko) Chrome/139.0.7258.138 Mobile Safari/537.36 (compatible; Googlebot/2.1; +http://www.google.com/bot.html)"
20.171.207.14 - - [22/Aug/2025:08:15:21 -0400] "GET /ks.php?path=%2Fopt%2Falt%2Falt-nodejs12%2Froot%2Fusr%2Fshare%2Fsounds HTTP/1.1" 200 1124 "-" "Mozilla/5.0 AppleWebKit/537.36 (KHTML, like Gecko; compatible; GPTBot/1.2; +https://openai.com/gptbot)"
66.249.75.98 - - [22/Aug/2025:08:15:21 -0400] "GET /1513346675.htm HTTP/1.1" 404 1251 "-" "Mozilla/5.0 (Linux; Android 6.0.1; Nexus 5X Build/MMB29P) AppleWebKit/537.36 (KHTML, like Gecko) Chrome/139.0.7258.138 Mobile Safari/537.36 (compatible; Googlebot/2.1; +http://www.google.com/bot.html)"
20.171.207.234 - - [22/Aug/2025:08:15:20 -0400] "GET /index.php?70729245944.htm HTTP/1.1" 200 24136 "-" "Mozilla/5.0 AppleWebKit/537.36 (KHTML, like Gecko; compatible; GPTBot/1.2; +https://openai.com/gptbot)"
20.171.207.14 - - [22/Aug/2025:08:15:22 -0400] "GET /ks.php?path=%2Fopt%2Falt%2Falt-nodejs6%2Froot%2Fusr%2Fshare%2Flocale%2Fniu HTTP/1.1" 200 1175 "-" "Mozilla/5.0 AppleWebKit/537.36 (KHTML, like Gecko; compatible; GPTBot/1.2; +https://openai.com/gptbot)"
20.171.207.234 - - [22/Aug/2025:08:15:22 -0400] "GET /index.php?70729196089.htm HTTP/1.1" 200 24330 "-" "Mozilla/5.0 AppleWebKit/537.36 (KHTML, like Gecko; compatible; GPTBot/1.2; +https://openai.com/gptbot)"
20.171.207.14 - - [22/Aug/2025:08:15:23 -0400] "GET /ks.php?path=%2Fopt%2Falt%2Falt-nodejs9%2Froot%2Fusr%2Fshare%2Flocale%2Fkpe HTTP/1.1" 200 1172 "-" "Mozilla/5.0 AppleWebKit/537.36 (KHTML, like Gecko; compatible; GPTBot/1.2; +https://openai.com/gptbot)"
20.171.207.234 - - [22/Aug/2025:08:15:23 -0400] "GET /index.php?70729266824.htm HTTP/1.1" 200 24289 "-" "Mozilla/5.0 AppleWebKit/537.36 (KHTML, like Gecko; compatible; GPTBot/1.2; +https://openai.com/gptbot)"
66.249.69.13 - - [22/Aug/2025:08:15:23 -0400] "GET /?pid=48083339634&channel=games-sports&cate_id=4808 HTTP/1.1" 200 23428 "-" "Mozilla/5.0 (Linux; Android 6.0.1; Nexus 5X Build/MMB29P) AppleWebKit/537.36 (KHTML, like Gecko) Chrome/138.0.7204.183 Mobile Safari/537.36 (compatible; Googlebot/2.1; +http://www.google.com/bot.html)"
20.171.207.14 - - [22/Aug/2025:08:15:24 -0400] "GET /ks.php?path=%2Fopt%2Falt%2Falt-nodejs6%2Froot%2Fusr%2Fshare%2Flocale%2Fuga HTTP/1.1" 200 1173 "-" "Mozilla/5.0 AppleWebKit/537.36 (KHTML, like Gecko; compatible; GPTBot/1.2; +https://openai.com/gptbot)"
20.171.207.234 - - [22/Aug/2025:08:15:24 -0400] "GET /index.php?47706286232.htm HTTP/1.1" 200 23926 "-" "Mozilla/5.0 AppleWebKit/537.36 (KHTML, like Gecko; compatible; GPTBot/1.2; +https://openai.com/gptbot)"
20.171.207.14 - - [22/Aug/2025:08:15:25 -0400] "GET /ks.php?path=%2Fopt%2Falt%2Falt-nodejs8%2Froot%2Fusr%2Fshare%2Flocale%2Fefi HTTP/1.1" 200 1173 "-" "Mozilla/5.0 AppleWebKit/537.36 (KHTML, like Gecko; compatible; GPTBot/1.2; +https://openai.com/gptbot)"
20.171.207.234 - - [22/Aug/2025:08:15:25 -0400] "GET /index.php?47706275295.htm HTTP/1.1" 200 23983 "-" "Mozilla/5.0 AppleWebKit/537.36 (KHTML, like Gecko; compatible; GPTBot/1.2; +https://openai.com/gptbot)"
20.171.207.14 - - [22/Aug/2025:08:15:26 -0400] "GET /ks.php?path=%2Fopt%2Falt%2Falt-nodejs9%2Froot%2Fusr%2Fshare%2Flocale%2Fdoi HTTP/1.1" 200 1174 "-" "Mozilla/5.0 AppleWebKit/537.36 (KHTML, like Gecko; compatible; GPTBot/1.2; +https://openai.com/gptbot)"
20.171.207.234 - - [22/Aug/2025:08:15:26 -0400] "GET /index.php?47706172684.htm HTTP/1.1" 200 24783 "-" "Mozilla/5.0 AppleWebKit/537.36 (KHTML, like Gecko; compatible; GPTBot/1.2; +https://openai.com/gptbot)"
20.171.207.14 - - [22/Aug/2025:08:15:27 -0400] "GET /ks.php?path=%2Fopt%2Falt%2Falt-nodejs9%2Froot%2Fusr%2Fshare%2Flocale%2Ftut HTTP/1.1" 200 1175 "-" "Mozilla/5.0 AppleWebKit/537.36 (KHTML, like Gecko; compatible; GPTBot/1.2; +https://openai.com/gptbot)"
20.171.207.234 - - [22/Aug/2025:08:15:27 -0400] "GET /index.php?57807252989.htm HTTP/1.1" 200 24209 "-" "Mozilla/5.0 AppleWebKit/537.36 (KHTML, like Gecko; compatible; GPTBot/1.2; +https://openai.com/gptbot)"
20.171.207.14 - - [22/Aug/2025:08:15:29 -0400] "GET /ks.php?path=%2Fopt%2Falt%2Falt-nodejs9%2Froot%2Fusr%2Fshare%2Flocale%2Fdsb HTTP/1.1" 200 1174 "-" "Mozilla/5.0 AppleWebKit/537.36 (KHTML, like Gecko; compatible; GPTBot/1.2; +https://openai.com/gptbot)"
20.171.207.234 - - [22/Aug/2025:08:15:28 -0400] "GET /index.php?47706112024.htm HTTP/1.1" 200 25436 "-" "Mozilla/5.0 AppleWebKit/537.36 (KHTML, like Gecko; compatible; GPTBot/1.2; +https://openai.com/gptbot)"
20.171.207.14 - - [22/Aug/2025:08:15:30 -0400] "GET /ks.php?path=%2Fopt%2Falt%2Falt-nodejs6%2Froot%2Fusr%2Fshare%2Flocale%2Ftyv HTTP/1.1" 200 1175 "-" "Mozilla/5.0 AppleWebKit/537.36 (KHTML, like Gecko; compatible; GPTBot/1.2; +https://openai.com/gptbot)"
66.249.75.98 - - [22/Aug/2025:08:15:30 -0400] "GET /5635815842.htm HTTP/1.1" 404 1251 "-" "Mozilla/5.0 (Linux; Android 6.0.1; Nexus 5X Build/MMB29P) AppleWebKit/537.36 (KHTML, like Gecko) Chrome/139.0.7258.138 Mobile Safari/537.36 (compatible; Googlebot/2.1; +http://www.google.com/bot.html)"
20.171.207.234 - - [22/Aug/2025:08:15:30 -0400] "GET /index.php?15133175940.htm HTTP/1.1" 200 24218 "-" "Mozilla/5.0 AppleWebKit/537.36 (KHTML, like Gecko; compatible; GPTBot/1.2; +https://openai.com/gptbot)"
66.249.75.98 - - [22/Aug/2025:08:15:31 -0400] "GET /22271265055.htm HTTP/1.1" 404 1251 "-" "Mozilla/5.0 (Linux; Android 6.0.1; Nexus 5X Build/MMB29P) AppleWebKit/537.36 (KHTML, like Gecko) Chrome/139.0.7258.138 Mobile Safari/537.36 (compatible; Googlebot/2.1; +http://www.google.com/bot.html)"
20.171.207.14 - - [22/Aug/2025:08:15:31 -0400] "GET /ks.php?path=%2Fopt%2Falt%2Falt-nodejs8%2Froot%2Fusr%2Fshare%2Flocale%2Fbla HTTP/1.1" 200 1174 "-" "Mozilla/5.0 AppleWebKit/537.36 (KHTML, like Gecko; compatible; GPTBot/1.2; +https://openai.com/gptbot)"
20.171.207.234 - - [22/Aug/2025:08:15:31 -0400] "GET /index.php?90383154919.htm HTTP/1.1" 200 25036 "-" "Mozilla/5.0 AppleWebKit/537.36 (KHTML, like Gecko; compatible; GPTBot/1.2; +https://openai.com/gptbot)"
20.171.207.14 - - [22/Aug/2025:08:15:32 -0400] "GET /ks.php?path=%2Fopt%2Falt%2Falt-nodejs8%2Froot%2Fusr%2Fshare%2Flocale%2Fnai HTTP/1.1" 200 1174 "-" "Mozilla/5.0 AppleWebKit/537.36 (KHTML, like Gecko; compatible; GPTBot/1.2; +https://openai.com/gptbot)"
20.171.207.234 - - [22/Aug/2025:08:15:32 -0400] "GET /index.php?70421274848.htm HTTP/1.1" 200 23945 "-" "Mozilla/5.0 AppleWebKit/537.36 (KHTML, like Gecko; compatible; GPTBot/1.2; +https://openai.com/gptbot)"
20.171.207.14 - - [22/Aug/2025:08:15:33 -0400] "GET /ks.php?path=%2Fopt%2Falt%2Falt-nodejs9%2Froot%2Fusr%2Fshare%2Flocale%2Ffrr HTTP/1.1" 200 1173 "-" "Mozilla/5.0 AppleWebKit/537.36 (KHTML, like Gecko; compatible; GPTBot/1.2; +https://openai.com/gptbot)"
20.171.207.234 - - [22/Aug/2025:08:15:33 -0400] "GET /index.php?70689186282.htm HTTP/1.1" 200 23935 "-" "Mozilla/5.0 AppleWebKit/537.36 (KHTML, like Gecko; compatible; GPTBot/1.2; +https://openai.com/gptbot)"
66.249.75.98 - - [22/Aug/2025:08:15:34 -0400] "GET /49688240699.htm HTTP/1.1" 404 1251 "-" "Mozilla/5.0 (Linux; Android 6.0.1; Nexus 5X Build/MMB29P) AppleWebKit/537.36 (KHTML, like Gecko) Chrome/139.0.7258.138 Mobile Safari/537.36 (compatible; Googlebot/2.1; +http://www.google.com/bot.html)"
