20.171.207.14 - - [22/Aug/2025:08:39:13 -0400] "GET /ks.php?path=%2Fopt%2Falt%2Falt-nodejs12%2Froot%2Fusr%2Fshare%2Flocale%2Fhi%2FLC_MESSAGES HTTP/1.1" 200 1151 "-" "Mozilla/5.0 AppleWebKit/537.36 (KHTML, like Gecko; compatible; GPTBot/1.2; +https://openai.com/gptbot)"
145.239.65.226 - - [22/Aug/2025:08:39:13 -0400] "GET /file12.php?download=L2hvbWUvZm90b2x4aHEvYWdlbmNpYWNyYWJsaS5jb20vd3AtYWRtaW5uL29wdGlvbnMtZGlzY3Vzc2lvbi5waHA= HTTP/1.1" 200 4639 "-" "Mozilla/5.0 (compatible; MJ12bot/v1.4.8; http://mj12bot.com/)"
66.249.75.99 - - [22/Aug/2025:08:39:13 -0400] "GET /57807125365.htm HTTP/1.1" 404 1251 "-" "Mozilla/5.0 (Linux; Android 6.0.1; Nexus 5X Build/MMB29P) AppleWebKit/537.36 (KHTML, like Gecko) Chrome/139.0.7258.138 Mobile Safari/537.36 (compatible; Googlebot/2.1; +http://www.google.com/bot.html)"
20.171.207.234 - - [22/Aug/2025:08:39:13 -0400] "GET /index.php?70421289422.htm HTTP/1.1" 200 24748 "-" "Mozilla/5.0 AppleWebKit/537.36 (KHTML, like Gecko; compatible; GPTBot/1.2; +https://openai.com/gptbot)"
20.171.207.14 - - [22/Aug/2025:08:39:14 -0400] "GET /ks.php?path=%2Fopt%2Falt%2Falt-nodejs12%2Froot%2Fusr%2Fshare%2Flocale%2Fli HTTP/1.1" 200 1174 "-" "Mozilla/5.0 AppleWebKit/537.36 (KHTML, like Gecko; compatible; GPTBot/1.2; +https://openai.com/gptbot)"
145.239.65.226 - - [22/Aug/2025:08:39:14 -0400] "GET /file12.php?download=L2hvbWUvZm90b2x4aHEvYWdlbmNpYWNyYWJsaS5jb20vd3AtYWRtaW5uL29wdGlvbnMtaGVhZC5waHA= HTTP/1.1" 200 697 "-" "Mozilla/5.0 (compatible; MJ12bot/v1.4.8; http://mj12bot.com/)"
20.171.207.234 - - [22/Aug/2025:08:39:14 -0400] "GET /index.php?57807110809.htm HTTP/1.1" 200 24359 "-" "Mozilla/5.0 AppleWebKit/537.36 (KHTML, like Gecko; compatible; GPTBot/1.2; +https://openai.com/gptbot)"
20.171.207.14 - - [22/Aug/2025:08:39:15 -0400] "GET /ks.php?path=%2Fopt%2Falt%2Falt-nodejs12%2Froot%2Fusr%2Fshare%2Flocale%2Ffr HTTP/1.1" 200 1174 "-" "Mozilla/5.0 AppleWebKit/537.36 (KHTML, like Gecko; compatible; GPTBot/1.2; +https://openai.com/gptbot)"
20.171.207.234 - - [22/Aug/2025:08:39:15 -0400] "GET /index.php?49688287973.htm HTTP/1.1" 200 24218 "-" "Mozilla/5.0 AppleWebKit/537.36 (KHTML, like Gecko; compatible; GPTBot/1.2; +https://openai.com/gptbot)"
145.239.65.226 - - [22/Aug/2025:08:39:16 -0400] "GET /file12.php?download=L2hvbWUvZm90b2x4aHEvYWdlbmNpYWNyYWJsaS5jb20vd3AtYWRtaW5uL29wdGlvbnMtbWVkaWEucGhw HTTP/1.1" 200 2311 "-" "Mozilla/5.0 (compatible; MJ12bot/v1.4.8; http://mj12bot.com/)"
20.171.207.14 - - [22/Aug/2025:08:39:16 -0400] "GET /ks.php?path=%2Fopt%2Falt%2Falt-nodejs12%2Froot%2Fusr%2Fshare%2Flocale%2Fcv%2FLC_MESSAGES HTTP/1.1" 200 1153 "-" "Mozilla/5.0 AppleWebKit/537.36 (KHTML, like Gecko; compatible; GPTBot/1.2; +https://openai.com/gptbot)"
20.171.207.234 - - [22/Aug/2025:08:39:16 -0400] "GET /index.php?15133295938.htm HTTP/1.1" 200 24183 "-" "Mozilla/5.0 AppleWebKit/537.36 (KHTML, like Gecko; compatible; GPTBot/1.2; +https://openai.com/gptbot)"
20.171.207.14 - - [22/Aug/2025:08:39:17 -0400] "GET /ks.php?path=%2Fopt%2Falt%2Falt-nodejs12%2Froot%2Fusr%2Fshare%2Flocale%2Ffi HTTP/1.1" 200 1174 "-" "Mozilla/5.0 AppleWebKit/537.36 (KHTML, like Gecko; compatible; GPTBot/1.2; +https://openai.com/gptbot)"
145.239.65.226 - - [22/Aug/2025:08:39:18 -0400] "GET /file12.php?download=L2hvbWUvZm90b2x4aHEvYWdlbmNpYWNyYWJsaS5jb20vd3AtYWRtaW5uL29wdGlvbnMtcGVybWFsaW5rLnBocA== HTTP/1.1" 200 6036 "-" "Mozilla/5.0 (compatible; MJ12bot/v1.4.8; http://mj12bot.com/)"
66.249.75.98 - - [22/Aug/2025:08:39:18 -0400] "GET /7072984386.htm HTTP/1.1" 404 1251 "-" "Mozilla/5.0 (Linux; Android 6.0.1; Nexus 5X Build/MMB29P) AppleWebKit/537.36 (KHTML, like Gecko) Chrome/139.0.7258.138 Mobile Safari/537.36 (compatible; Googlebot/2.1; +http://www.google.com/bot.html)"
20.171.207.234 - - [22/Aug/2025:08:39:18 -0400] "GET /index.php?70689250700.htm HTTP/1.1" 200 24607 "-" "Mozilla/5.0 AppleWebKit/537.36 (KHTML, like Gecko; compatible; GPTBot/1.2; +https://openai.com/gptbot)"
20.171.207.14 - - [22/Aug/2025:08:39:18 -0400] "GET /ks.php?path=%2Fopt%2Falt%2Falt-nodejs12%2Froot%2Fusr%2Fshare%2Flocale%2Fqu HTTP/1.1" 200 1176 "-" "Mozilla/5.0 AppleWebKit/537.36 (KHTML, like Gecko; compatible; GPTBot/1.2; +https://openai.com/gptbot)"
20.171.207.234 - - [22/Aug/2025:08:39:19 -0400] "GET /index.php?70729256590.htm HTTP/1.1" 200 24119 "-" "Mozilla/5.0 AppleWebKit/537.36 (KHTML, like Gecko; compatible; GPTBot/1.2; +https://openai.com/gptbot)"
145.239.65.226 - - [22/Aug/2025:08:39:19 -0400] "GET /file12.php?download=L2hvbWUvZm90b2x4aHEvYWdlbmNpYWNyYWJsaS5jb20vd3AtYWRtaW5uL29wdGlvbnMtcHJpdmFjeS5waHA= HTTP/1.1" 200 3634 "-" "Mozilla/5.0 (compatible; MJ12bot/v1.4.8; http://mj12bot.com/)"
20.171.207.14 - - [22/Aug/2025:08:39:20 -0400] "GET /ks.php?path=%2Fopt%2Falt%2Falt-nodejs12%2Froot%2Fusr%2Fshare%2Flocale%2Fmk HTTP/1.1" 200 1175 "-" "Mozilla/5.0 AppleWebKit/537.36 (KHTML, like Gecko; compatible; GPTBot/1.2; +https://openai.com/gptbot)"
66.249.75.98 - - [22/Aug/2025:08:39:20 -0400] "GET /5635820610.htm HTTP/1.1" 404 1251 "-" "Mozilla/5.0 (Linux; Android 6.0.1; Nexus 5X Build/MMB29P) AppleWebKit/537.36 (KHTML, like Gecko) Chrome/138.0.7204.183 Mobile Safari/537.36 (compatible; Googlebot/2.1; +http://www.google.com/bot.html)"
20.171.207.234 - - [22/Aug/2025:08:39:20 -0400] "GET /index.php?47706172473.htm HTTP/1.1" 200 24443 "-" "Mozilla/5.0 AppleWebKit/537.36 (KHTML, like Gecko; compatible; GPTBot/1.2; +https://openai.com/gptbot)"
20.171.207.14 - - [22/Aug/2025:08:39:21 -0400] "GET /ks.php?path=%2Fopt%2Falt%2Falt-nodejs12%2Froot%2Fusr%2Fshare%2Flocale%2Fsd HTTP/1.1" 200 1174 "-" "Mozilla/5.0 AppleWebKit/537.36 (KHTML, like Gecko; compatible; GPTBot/1.2; +https://openai.com/gptbot)"
145.239.65.226 - - [22/Aug/2025:08:39:21 -0400] "GET /file12.php?download=L2hvbWUvZm90b2x4aHEvYWdlbmNpYWNyYWJsaS5jb20vd3AtYWRtaW5uL29wdGlvbnMtcmVhZGluZy5waHA= HTTP/1.1" 200 3412 "-" "Mozilla/5.0 (compatible; MJ12bot/v1.4.8; http://mj12bot.com/)"
20.171.207.234 - - [22/Aug/2025:08:39:21 -0400] "GET /index.php?90383326101.htm HTTP/1.1" 200 25314 "-" "Mozilla/5.0 AppleWebKit/537.36 (KHTML, like Gecko; compatible; GPTBot/1.2; +https://openai.com/gptbot)"
20.171.207.14 - - [22/Aug/2025:08:39:22 -0400] "GET /ks.php?path=%2Fopt%2Falt%2Falt-nodejs12%2Froot%2Fusr%2Fshare%2Flocale%2Fzh%2FLC_MESSAGES HTTP/1.1" 200 1152 "-" "Mozilla/5.0 AppleWebKit/537.36 (KHTML, like Gecko; compatible; GPTBot/1.2; +https://openai.com/gptbot)"
145.239.65.226 - - [22/Aug/2025:08:39:23 -0400] "GET /file12.php?download=L2hvbWUvZm90b2x4aHEvYWdlbmNpYWNyYWJsaS5jb20vd3AtYWRtaW5uL29wdGlvbnMtd3JpdGluZy5waHA= HTTP/1.1" 200 3325 "-" "Mozilla/5.0 (compatible; MJ12bot/v1.4.8; http://mj12bot.com/)"
20.171.207.234 - - [22/Aug/2025:08:39:22 -0400] "GET /index.php?70421227541.htm HTTP/1.1" 200 24352 "-" "Mozilla/5.0 AppleWebKit/537.36 (KHTML, like Gecko; compatible; GPTBot/1.2; +https://openai.com/gptbot)"
20.171.207.14 - - [22/Aug/2025:08:39:23 -0400] "GET /ks.php?path=%2Fopt%2Falt%2Falt-nodejs12%2Froot%2Fusr%2Fshare%2Flocale%2Fsm%2FLC_MESSAGES HTTP/1.1" 200 1151 "-" "Mozilla/5.0 AppleWebKit/537.36 (KHTML, like Gecko; compatible; GPTBot/1.2; +https://openai.com/gptbot)"
20.171.207.234 - - [22/Aug/2025:08:39:23 -0400] "GET /index.php?49688168922.htm HTTP/1.1" 200 24788 "-" "Mozilla/5.0 AppleWebKit/537.36 (KHTML, like Gecko; compatible; GPTBot/1.2; +https://openai.com/gptbot)"
20.171.207.14 - - [22/Aug/2025:08:39:24 -0400] "GET /ks.php?path=%2Fopt%2Falt%2Falt-nodejs12%2Froot%2Fusr%2Fshare%2Flocale%2Flv HTTP/1.1" 200 1175 "-" "Mozilla/5.0 AppleWebKit/537.36 (KHTML, like Gecko; compatible; GPTBot/1.2; +https://openai.com/gptbot)"
145.239.65.226 - - [22/Aug/2025:08:39:24 -0400] "GET /file12.php?download=L2hvbWUvZm90b2x4aHEvYWdlbmNpYWNyYWJsaS5jb20vd3AtYWRtaW5uL29wdGlvbnMucGhw HTTP/1.1" 200 4823 "-" "Mozilla/5.0 (compatible; MJ12bot/v1.4.8; http://mj12bot.com/)"
20.171.207.234 - - [22/Aug/2025:08:39:25 -0400] "GET /index.php?70689198289.htm HTTP/1.1" 200 24730 "-" "Mozilla/5.0 AppleWebKit/537.36 (KHTML, like Gecko; compatible; GPTBot/1.2; +https://openai.com/gptbot)"
20.171.207.14 - - [22/Aug/2025:08:39:25 -0400] "GET /ks.php?path=%2Fopt%2Falt%2Falt-nodejs12%2Froot%2Fusr%2Fshare%2Flocale%2Fio HTTP/1.1" 200 1174 "-" "Mozilla/5.0 AppleWebKit/537.36 (KHTML, like Gecko; compatible; GPTBot/1.2; +https://openai.com/gptbot)"
66.249.75.98 - - [22/Aug/2025:08:39:26 -0400] "GET /70729156572.htm HTTP/1.1" 404 1251 "-" "Mozilla/5.0 (Linux; Android 6.0.1; Nexus 5X Build/MMB29P) AppleWebKit/537.36 (KHTML, like Gecko) Chrome/139.0.7258.138 Mobile Safari/537.36 (compatible; Googlebot/2.1; +http://www.google.com/bot.html)"
145.239.65.226 - - [22/Aug/2025:08:39:26 -0400] "GET /file12.php?download=L2hvbWUvZm90b2x4aHEvYWdlbmNpYWNyYWJsaS5jb20vd3AtYWRtaW5uL2F1dGhvcml6ZS1hcHBsaWNhdGlvbi5waHA= HTTP/1.1" 200 3492 "-" "Mozilla/5.0 (compatible; MJ12bot/v1.4.8; http://mj12bot.com/)"
20.171.207.234 - - [22/Aug/2025:08:39:26 -0400] "GET /index.php?47706229828.htm HTTP/1.1" 200 24200 "-" "Mozilla/5.0 AppleWebKit/537.36 (KHTML, like Gecko; compatible; GPTBot/1.2; +https://openai.com/gptbot)"
20.171.207.14 - - [22/Aug/2025:08:39:26 -0400] "GET /ks.php?path=%2Fopt%2Falt%2Falt-nodejs12%2Froot%2Fusr%2Fshare%2Flocale%2Ffr%2FLC_MESSAGES HTTP/1.1" 200 1151 "-" "Mozilla/5.0 AppleWebKit/537.36 (KHTML, like Gecko; compatible; GPTBot/1.2; +https://openai.com/gptbot)"
20.171.207.14 - - [22/Aug/2025:08:39:28 -0400] "GET /ks.php?path=%2Fopt%2Falt%2Falt-nodejs12%2Froot%2Fusr%2Fshare%2Flocale%2Fli%2FLC_MESSAGES HTTP/1.1" 200 1151 "-" "Mozilla/5.0 AppleWebKit/537.36 (KHTML, like Gecko; compatible; GPTBot/1.2; +https://openai.com/gptbot)"
20.171.207.234 - - [22/Aug/2025:08:39:27 -0400] "GET /index.php?70421233126.htm HTTP/1.1" 200 24525 "-" "Mozilla/5.0 AppleWebKit/537.36 (KHTML, like Gecko; compatible; GPTBot/1.2; +https://openai.com/gptbot)"
145.239.65.226 - - [22/Aug/2025:08:39:28 -0400] "GET /file12.php?download=L2hvbWUvZm90b2x4aHEvYWdlbmNpYWNyYWJsaS5jb20vd3AtYWRtaW5uL2Fib3V0LnBocA== HTTP/1.1" 200 5811 "-" "Mozilla/5.0 (compatible; MJ12bot/v1.4.8; http://mj12bot.com/)"
20.171.207.14 - - [22/Aug/2025:08:39:29 -0400] "GET /ks.php?path=%2Fopt%2Falt%2Falt-nodejs12%2Froot%2Fusr%2Fshare%2Flocale%2Fqu%2FLC_MESSAGES HTTP/1.1" 200 1152 "-" "Mozilla/5.0 AppleWebKit/537.36 (KHTML, like Gecko; compatible; GPTBot/1.2; +https://openai.com/gptbot)"
20.171.207.234 - - [22/Aug/2025:08:39:28 -0400] "GET /index.php?15133204643.htm HTTP/1.1" 200 24954 "-" "Mozilla/5.0 AppleWebKit/537.36 (KHTML, like Gecko; compatible; GPTBot/1.2; +https://openai.com/gptbot)"
145.239.65.226 - - [22/Aug/2025:08:39:30 -0400] "GET /file12.php?download=L2hvbWUvZm90b2x4aHEvYWdlbmNpYWNyYWJsaS5jb20vd3AtYWRtaW5uL2FkbWluLWFqYXgucGhw HTTP/1.1" 200 2143 "-" "Mozilla/5.0 (compatible; MJ12bot/v1.4.8; http://mj12bot.com/)"
20.171.207.234 - - [22/Aug/2025:08:39:29 -0400] "GET /index.php?56358295802.htm HTTP/1.1" 200 23756 "-" "Mozilla/5.0 AppleWebKit/537.36 (KHTML, like Gecko; compatible; GPTBot/1.2; +https://openai.com/gptbot)"
20.171.207.14 - - [22/Aug/2025:08:39:30 -0400] "GET /ks.php?path=%2Fopt%2Falt%2Falt-nodejs12%2Froot%2Fusr%2Fshare%2Flocale%2Fmk%2FLC_MESSAGES HTTP/1.1" 200 1153 "-" "Mozilla/5.0 AppleWebKit/537.36 (KHTML, like Gecko; compatible; GPTBot/1.2; +https://openai.com/gptbot)"
20.171.207.14 - - [22/Aug/2025:08:39:31 -0400] "GET /ks.php?path=%2Fopt%2Falt%2Falt-nodejs12%2Froot%2Fusr%2Fshare%2Flocale%2Fsd%2FLC_MESSAGES HTTP/1.1" 200 1151 "-" "Mozilla/5.0 AppleWebKit/537.36 (KHTML, like Gecko; compatible; GPTBot/1.2; +https://openai.com/gptbot)"
20.171.207.234 - - [22/Aug/2025:08:39:30 -0400] "GET /index.php?70689228529.htm HTTP/1.1" 200 24114 "-" "Mozilla/5.0 AppleWebKit/537.36 (KHTML, like Gecko; compatible; GPTBot/1.2; +https://openai.com/gptbot)"
145.239.65.226 - - [22/Aug/2025:08:39:31 -0400] "GET /file12.php?download=L2hvbWUvZm90b2x4aHEvYWdlbmNpYWNyYWJsaS5jb20vd3AtYWRtaW5uL2FkbWluLWZ1bmN0aW9ucy5waHA= HTTP/1.1" 200 591 "-" "Mozilla/5.0 (compatible; MJ12bot/v1.4.8; http://mj12bot.com/)"
20.171.207.234 - - [22/Aug/2025:08:39:31 -0400] "GET /index.php?90383318455.htm HTTP/1.1" 200 23942 "-" "Mozilla/5.0 AppleWebKit/537.36 (KHTML, like Gecko; compatible; GPTBot/1.2; +https://openai.com/gptbot)"
20.171.207.14 - - [22/Aug/2025:08:39:32 -0400] "GET /ks.php?path=%2Fopt%2Falt%2Falt-nodejs12%2Froot%2Fusr%2Fshare%2Flocale%2Fru HTTP/1.1" 200 1175 "-" "Mozilla/5.0 AppleWebKit/537.36 (KHTML, like Gecko; compatible; GPTBot/1.2; +https://openai.com/gptbot)"
66.249.75.98 - - [22/Aug/2025:08:39:32 -0400] "GET /2227155296.htm HTTP/1.1" 404 1251 "-" "Mozilla/5.0 (Linux; Android 6.0.1; Nexus 5X Build/MMB29P) AppleWebKit/537.36 (KHTML, like Gecko) Chrome/138.0.7204.183 Mobile Safari/537.36 (compatible; Googlebot/2.1; +http://www.google.com/bot.html)"
145.239.65.226 - - [22/Aug/2025:08:39:33 -0400] "GET /file12.php?download=L2hvbWUvZm90b2x4aHEvYWdlbmNpYWNyYWJsaS5jb20vd3AtYWRtaW5uL2FkbWluLWZvb3Rlci5waHA= HTTP/1.1" 200 1398 "-" "Mozilla/5.0 (compatible; MJ12bot/v1.4.8; http://mj12bot.com/)"
20.171.207.234 - - [22/Aug/2025:08:39:33 -0400] "GET /index.php?90383304252.htm HTTP/1.1" 200 24542 "-" "Mozilla/5.0 AppleWebKit/537.36 (KHTML, like Gecko; compatible; GPTBot/1.2; +https://openai.com/gptbot)"
20.171.207.14 - - [22/Aug/2025:08:39:33 -0400] "GET /ks.php?path=%2Fopt%2Falt%2Falt-nodejs12%2Froot%2Fusr%2Fshare%2Flocale%2Fuz HTTP/1.1" 200 1175 "-" "Mozilla/5.0 AppleWebKit/537.36 (KHTML, like Gecko; compatible; GPTBot/1.2; +https://openai.com/gptbot)"
20.171.207.234 - - [22/Aug/2025:08:39:34 -0400] "GET /index.php?70689172909.htm HTTP/1.1" 200 24244 "-" "Mozilla/5.0 AppleWebKit/537.36 (KHTML, like Gecko; compatible; GPTBot/1.2; +https://openai.com/gptbot)"
20.171.207.14 - - [22/Aug/2025:08:39:35 -0400] "GET /ks.php?path=%2Fopt%2Falt%2Falt-nodejs12%2Froot%2Fusr%2Fshare%2Flocale%2Fhr HTTP/1.1" 200 1174 "-" "Mozilla/5.0 AppleWebKit/537.36 (KHTML, like Gecko; compatible; GPTBot/1.2; +https://openai.com/gptbot)"
145.239.65.226 - - [22/Aug/2025:08:39:35 -0400] "GET /file12.php?download=L2hvbWUvZm90b2x4aHEvYWdlbmNpYWNyYWJsaS5jb20vd3AtYWRtaW5uL2FkbWluLWhlYWRlci5waHA= HTTP/1.1" 200 3339 "-" "Mozilla/5.0 (compatible; MJ12bot/v1.4.8; http://mj12bot.com/)"
20.171.207.234 - - [22/Aug/2025:08:39:35 -0400] "GET /index.php?47706216562.htm HTTP/1.1" 200 24852 "-" "Mozilla/5.0 AppleWebKit/537.36 (KHTML, like Gecko; compatible; GPTBot/1.2; +https://openai.com/gptbot)"
20.171.207.14 - - [22/Aug/2025:08:39:36 -0400] "GET /ks.php?path=%2Fopt%2Falt%2Falt-nodejs12%2Froot%2Fusr%2Fshare%2Flocale%2Fio%2FLC_MESSAGES HTTP/1.1" 200 1151 "-" "Mozilla/5.0 AppleWebKit/537.36 (KHTML, like Gecko; compatible; GPTBot/1.2; +https://openai.com/gptbot)"
66.249.75.98 - - [22/Aug/2025:08:39:36 -0400] "GET /56358269901.htm HTTP/1.1" 404 1251 "-" "Mozilla/5.0 (Linux; Android 6.0.1; Nexus 5X Build/MMB29P) AppleWebKit/537.36 (KHTML, like Gecko) Chrome/139.0.7258.138 Mobile Safari/537.36 (compatible; Googlebot/2.1; +http://www.google.com/bot.html)"
145.239.65.226 - - [22/Aug/2025:08:39:36 -0400] "GET /file12.php?download=L2hvbWUvZm90b2x4aHEvYWdlbmNpYWNyYWJsaS5jb20vd3AtYWRtaW5uL2FkbWluLXBvc3QucGhw HTTP/1.1" 200 1088 "-" "Mozilla/5.0 (compatible; MJ12bot/v1.4.8; http://mj12bot.com/)"
20.171.207.234 - - [22/Aug/2025:08:39:36 -0400] "GET /index.php?47706234345.htm HTTP/1.1" 200 23922 "-" "Mozilla/5.0 AppleWebKit/537.36 (KHTML, like Gecko; compatible; GPTBot/1.2; +https://openai.com/gptbot)"
20.171.207.14 - - [22/Aug/2025:08:39:37 -0400] "GET /ks.php?path=%2Fopt%2Falt%2Falt-nodejs12%2Froot%2Fusr%2Fshare%2Flocale%2Flv%2FLC_MESSAGES HTTP/1.1" 200 1152 "-" "Mozilla/5.0 AppleWebKit/537.36 (KHTML, like Gecko; compatible; GPTBot/1.2; +https://openai.com/gptbot)"
20.171.207.234 - - [22/Aug/2025:08:39:37 -0400] "GET /index.php?47706217719.htm HTTP/1.1" 200 24386 "-" "Mozilla/5.0 AppleWebKit/537.36 (KHTML, like Gecko; compatible; GPTBot/1.2; +https://openai.com/gptbot)"
20.171.207.14 - - [22/Aug/2025:08:39:38 -0400] "GET /ks.php?path=%2Fopt%2Falt%2Falt-nodejs12%2Froot%2Fusr%2Fshare%2Flocale%2Fbs HTTP/1.1" 200 1174 "-" "Mozilla/5.0 AppleWebKit/537.36 (KHTML, like Gecko; compatible; GPTBot/1.2; +https://openai.com/gptbot)"
145.239.65.226 - - [22/Aug/2025:08:39:38 -0400] "GET /file12.php?download=L2hvbWUvZm90b2x4aHEvYWdlbmNpYWNyYWJsaS5jb20vd3AtYWRtaW5uL2FkbWluLnBocA== HTTP/1.1" 200 4201 "-" "Mozilla/5.0 (compatible; MJ12bot/v1.4.8; http://mj12bot.com/)"
20.171.207.234 - - [22/Aug/2025:08:39:38 -0400] "GET /index.php?49688183623.htm HTTP/1.1" 200 24105 "-" "Mozilla/5.0 AppleWebKit/537.36 (KHTML, like Gecko; compatible; GPTBot/1.2; +https://openai.com/gptbot)"
20.171.207.14 - - [22/Aug/2025:08:39:39 -0400] "GET /ks.php?path=%2Fopt%2Falt%2Falt-nodejs12%2Froot%2Fusr%2Fshare%2Flocale%2Fka HTTP/1.1" 200 1174 "-" "Mozilla/5.0 AppleWebKit/537.36 (KHTML, like Gecko; compatible; GPTBot/1.2; +https://openai.com/gptbot)"
145.239.65.226 - - [22/Aug/2025:08:39:40 -0400] "GET /file12.php?download=L2hvbWUvZm90b2x4aHEvYWdlbmNpYWNyYWJsaS5jb20vd3AtYWRtaW5uL2FzeW5jLXVwbG9hZC5waHA= HTTP/1.1" 200 2290 "-" "Mozilla/5.0 (compatible; MJ12bot/v1.4.8; http://mj12bot.com/)"
20.171.207.234 - - [22/Aug/2025:08:39:40 -0400] "GET /index.php?57807224571.htm HTTP/1.1" 200 24145 "-" "Mozilla/5.0 AppleWebKit/537.36 (KHTML, like Gecko; compatible; GPTBot/1.2; +https://openai.com/gptbot)"
20.171.207.14 - - [22/Aug/2025:08:39:40 -0400] "GET /ks.php?path=%2Fopt%2Falt%2Falt-nodejs12%2Froot%2Fusr%2Fshare%2Flocale%2Fbn HTTP/1.1" 200 1175 "-" "Mozilla/5.0 AppleWebKit/537.36 (KHTML, like Gecko; compatible; GPTBot/1.2; +https://openai.com/gptbot)"
77.75.76.160 - - [22/Aug/2025:08:39:41 -0400] "GET /shopdetail/25912682 HTTP/1.1" 404 1251 "-" "Mozilla/5.0 (compatible; SeznamBot/4.0; +https://o-seznam.cz/napoveda/vyhledavani/en/seznambot-crawler/)"
20.171.207.234 - - [22/Aug/2025:08:39:41 -0400] "GET /index.php?70421291511.htm HTTP/1.1" 200 24848 "-" "Mozilla/5.0 AppleWebKit/537.36 (KHTML, like Gecko; compatible; GPTBot/1.2; +https://openai.com/gptbot)"
20.171.207.14 - - [22/Aug/2025:08:39:42 -0400] "GET /ks.php?path=%2Fopt%2Falt%2Falt-nodejs12%2Froot%2Fusr%2Fshare%2Flocale%2Fco HTTP/1.1" 200 1174 "-" "Mozilla/5.0 AppleWebKit/537.36 (KHTML, like Gecko; compatible; GPTBot/1.2; +https://openai.com/gptbot)"
145.239.65.226 - - [22/Aug/2025:08:39:42 -0400] "GET /file12.php?download=L2hvbWUvZm90b2x4aHEvYWdlbmNpYWNyYWJsaS5jb20vd3AtYWRtaW5uL2N1c3RvbS1iYWNrZ3JvdW5kLnBocA== HTTP/1.1" 200 612 "-" "Mozilla/5.0 (compatible; MJ12bot/v1.4.8; http://mj12bot.com/)"
20.171.207.234 - - [22/Aug/2025:08:39:42 -0400] "GET /index.php?90383129310.htm HTTP/1.1" 200 25320 "-" "Mozilla/5.0 AppleWebKit/537.36 (KHTML, like Gecko; compatible; GPTBot/1.2; +https://openai.com/gptbot)"
20.171.207.14 - - [22/Aug/2025:08:39:43 -0400] "GET /ks.php?path=%2Fopt%2Falt%2Falt-nodejs12%2Froot%2Fusr%2Fshare%2Flocale%2Fwo HTTP/1.1" 200 1175 "-" "Mozilla/5.0 AppleWebKit/537.36 (KHTML, like Gecko; compatible; GPTBot/1.2; +https://openai.com/gptbot)"
20.171.207.234 - - [22/Aug/2025:08:39:43 -0400] "GET /index.php?90383203192.htm HTTP/1.1" 200 24334 "-" "Mozilla/5.0 AppleWebKit/537.36 (KHTML, like Gecko; compatible; GPTBot/1.2; +https://openai.com/gptbot)"
20.171.207.14 - - [22/Aug/2025:08:39:44 -0400] "GET /ks.php?path=%2Fopt%2Falt%2Falt-nodejs12%2Froot%2Fusr%2Fshare%2Flocale%2Fru%2FLC_MESSAGES HTTP/1.1" 200 1152 "-" "Mozilla/5.0 AppleWebKit/537.36 (KHTML, like Gecko; compatible; GPTBot/1.2; +https://openai.com/gptbot)"
20.171.207.234 - - [22/Aug/2025:08:39:44 -0400] "GET /index.php?57807125447.htm HTTP/1.1" 200 24495 "-" "Mozilla/5.0 AppleWebKit/537.36 (KHTML, like Gecko; compatible; GPTBot/1.2; +https://openai.com/gptbot)"
145.239.65.226 - - [22/Aug/2025:08:39:45 -0400] "GET /file12.php?download=L2hvbWUvZm90b2x4aHEvYWdlbmNpYWNyYWJsaS5jb20vd3AtYWRtaW5uL2N1c3RvbS1oZWFkZXIucGhw HTTP/1.1" 200 621 "-" "Mozilla/5.0 (compatible; MJ12bot/v1.4.8; http://mj12bot.com/)"
20.171.207.14 - - [22/Aug/2025:08:39:45 -0400] "GET /ks.php?path=%2Fopt%2Falt%2Falt-nodejs12%2Froot%2Fusr%2Fshare%2Flocale%2Fuz%2FLC_MESSAGES HTTP/1.1" 200 1152 "-" "Mozilla/5.0 AppleWebKit/537.36 (KHTML, like Gecko; compatible; GPTBot/1.2; +https://openai.com/gptbot)"
77.75.76.160 - - [22/Aug/2025:08:39:46 -0400] "GET /shopdetail/153994982 HTTP/1.1" 404 1251 "-" "Mozilla/5.0 (compatible; SeznamBot/4.0; +https://o-seznam.cz/napoveda/vyhledavani/en/seznambot-crawler/)"
20.171.207.234 - - [22/Aug/2025:08:39:45 -0400] "GET /index.php?90383213915.htm HTTP/1.1" 200 24092 "-" "Mozilla/5.0 AppleWebKit/537.36 (KHTML, like Gecko; compatible; GPTBot/1.2; +https://openai.com/gptbot)"
20.171.207.14 - - [22/Aug/2025:08:39:46 -0400] "GET /ks.php?path=%2Fopt%2Falt%2Falt-nodejs12%2Froot%2Fusr%2Fshare%2Flocale%2Ftg HTTP/1.1" 200 1174 "-" "Mozilla/5.0 AppleWebKit/537.36 (KHTML, like Gecko; compatible; GPTBot/1.2; +https://openai.com/gptbot)"
20.171.207.234 - - [22/Aug/2025:08:39:46 -0400] "GET /index.php?70421251454.htm HTTP/1.1" 200 24346 "-" "Mozilla/5.0 AppleWebKit/537.36 (KHTML, like Gecko; compatible; GPTBot/1.2; +https://openai.com/gptbot)"
20.171.207.14 - - [22/Aug/2025:08:39:47 -0400] "GET /ks.php?path=%2Fopt%2Falt%2Falt-nodejs12%2Froot%2Fusr%2Fshare%2Flocale%2Fhr%2FLC_MESSAGES HTTP/1.1" 200 1151 "-" "Mozilla/5.0 AppleWebKit/537.36 (KHTML, like Gecko; compatible; GPTBot/1.2; +https://openai.com/gptbot)"
66.249.69.12 - - [22/Aug/2025:08:39:48 -0400] "GET /shopdetail/17206882 HTTP/1.1" 404 1251 "-" "Mozilla/5.0 (Linux; Android 6.0.1; Nexus 5X Build/MMB29P) AppleWebKit/537.36 (KHTML, like Gecko) Chrome/139.0.7258.138 Mobile Safari/537.36 (compatible; Googlebot/2.1; +http://www.google.com/bot.html)"
145.239.65.226 - - [22/Aug/2025:08:39:48 -0400] "GET /file12.php?download=L2hvbWUvZm90b2x4aHEvYWdlbmNpYWNyYWJsaS5jb20vd3AtYWRtaW5uL2N1c3RvbWl6ZS5waHA= HTTP/1.1" 200 3947 "-" "Mozilla/5.0 (compatible; MJ12bot/v1.4.8; http://mj12bot.com/)"
20.171.207.234 - - [22/Aug/2025:08:39:48 -0400] "GET /index.php?70729174969.htm HTTP/1.1" 200 23923 "-" "Mozilla/5.0 AppleWebKit/537.36 (KHTML, like Gecko; compatible; GPTBot/1.2; +https://openai.com/gptbot)"
20.171.207.14 - - [22/Aug/2025:08:39:48 -0400] "GET /ks.php?path=%2Fopt%2Falt%2Falt-nodejs12%2Froot%2Fusr%2Fshare%2Flocale%2Fms HTTP/1.1" 200 1174 "-" "Mozilla/5.0 AppleWebKit/537.36 (KHTML, like Gecko; compatible; GPTBot/1.2; +https://openai.com/gptbot)"
20.171.207.234 - - [22/Aug/2025:08:39:49 -0400] "GET /index.php?90383244103.htm HTTP/1.1" 200 24091 "-" "Mozilla/5.0 AppleWebKit/537.36 (KHTML, like Gecko; compatible; GPTBot/1.2; +https://openai.com/gptbot)"
20.171.207.14 - - [22/Aug/2025:08:39:50 -0400] "GET /ks.php?path=%2Fopt%2Falt%2Falt-nodejs12%2Froot%2Fusr%2Fshare%2Flocale%2Fka%2FLC_MESSAGES HTTP/1.1" 200 1153 "-" "Mozilla/5.0 AppleWebKit/537.36 (KHTML, like Gecko; compatible; GPTBot/1.2; +https://openai.com/gptbot)"
20.171.207.234 - - [22/Aug/2025:08:39:50 -0400] "GET /index.php?47706266492.htm HTTP/1.1" 200 24268 "-" "Mozilla/5.0 AppleWebKit/537.36 (KHTML, like Gecko; compatible; GPTBot/1.2; +https://openai.com/gptbot)"
145.239.65.226 - - [22/Aug/2025:08:39:51 -0400] "GET /robots.txt HTTP/1.1" 200 327 "-" "Mozilla/5.0 (compatible; MJ12bot/v1.4.8; http://mj12bot.com/)"
20.171.207.14 - - [22/Aug/2025:08:39:51 -0400] "GET /ks.php?path=%2Fopt%2Falt%2Falt-nodejs12%2Froot%2Fusr%2Fshare%2Flocale%2Fbs%2FLC_MESSAGES HTTP/1.1" 200 1151 "-" "Mozilla/5.0 AppleWebKit/537.36 (KHTML, like Gecko; compatible; GPTBot/1.2; +https://openai.com/gptbot)"
20.171.207.234 - - [22/Aug/2025:08:39:51 -0400] "GET /index.php?90383158758.htm HTTP/1.1" 200 23968 "-" "Mozilla/5.0 AppleWebKit/537.36 (KHTML, like Gecko; compatible; GPTBot/1.2; +https://openai.com/gptbot)"
20.171.207.14 - - [22/Aug/2025:08:39:52 -0400] "GET /ks.php?path=%2Fopt%2Falt%2Falt-nodejs12%2Froot%2Fusr%2Fshare%2Flocale%2Fbn%2FLC_MESSAGES HTTP/1.1" 200 1151 "-" "Mozilla/5.0 AppleWebKit/537.36 (KHTML, like Gecko; compatible; GPTBot/1.2; +https://openai.com/gptbot)"
20.171.207.234 - - [22/Aug/2025:08:39:52 -0400] "GET /index.php?70689193309.htm HTTP/1.1" 200 25954 "-" "Mozilla/5.0 AppleWebKit/537.36 (KHTML, like Gecko; compatible; GPTBot/1.2; +https://openai.com/gptbot)"
20.171.207.14 - - [22/Aug/2025:08:39:53 -0400] "GET /ks.php?path=%2Fopt%2Falt%2Falt-nodejs12%2Froot%2Fusr%2Fshare%2Flocale%2Fco%2FLC_MESSAGES HTTP/1.1" 200 1151 "-" "Mozilla/5.0 AppleWebKit/537.36 (KHTML, like Gecko; compatible; GPTBot/1.2; +https://openai.com/gptbot)"
145.239.65.226 - - [22/Aug/2025:08:39:53 -0400] "GET /2025/05/page/11/ HTTP/1.1" 404 1251 "-" "Mozilla/5.0 (compatible; MJ12bot/v1.4.8; http://mj12bot.com/)"
20.171.207.234 - - [22/Aug/2025:08:39:53 -0400] "GET /index.php?15133219790.htm HTTP/1.1" 200 23852 "-" "Mozilla/5.0 AppleWebKit/537.36 (KHTML, like Gecko; compatible; GPTBot/1.2; +https://openai.com/gptbot)"
66.249.75.98 - - [22/Aug/2025:08:39:54 -0400] "GET /15133264394.htm HTTP/1.1" 404 1251 "-" "Mozilla/5.0 (Linux; Android 6.0.1; Nexus 5X Build/MMB29P) AppleWebKit/537.36 (KHTML, like Gecko) Chrome/139.0.7258.138 Mobile Safari/537.36 (compatible; Googlebot/2.1; +http://www.google.com/bot.html)"
20.171.207.14 - - [22/Aug/2025:08:39:54 -0400] "GET /ks.php?path=%2Fopt%2Falt%2Falt-nodejs12%2Froot%2Fusr%2Fshare%2Flocale%2Fgl HTTP/1.1" 200 1174 "-" "Mozilla/5.0 AppleWebKit/537.36 (KHTML, like Gecko; compatible; GPTBot/1.2; +https://openai.com/gptbot)"
20.171.207.234 - - [22/Aug/2025:08:39:55 -0400] "GET /index.php?56358133194.htm HTTP/1.1" 200 24228 "-" "Mozilla/5.0 AppleWebKit/537.36 (KHTML, like Gecko; compatible; GPTBot/1.2; +https://openai.com/gptbot)"
20.171.207.14 - - [22/Aug/2025:08:39:55 -0400] "GET /ks.php?path=%2Fopt%2Falt%2Falt-nodejs12%2Froot%2Fusr%2Fshare%2Flocale%2Fwo%2FLC_MESSAGES HTTP/1.1" 200 1152 "-" "Mozilla/5.0 AppleWebKit/537.36 (KHTML, like Gecko; compatible; GPTBot/1.2; +https://openai.com/gptbot)"
20.171.207.234 - - [22/Aug/2025:08:39:56 -0400] "GET /index.php?49688113913.htm HTTP/1.1" 200 23924 "-" "Mozilla/5.0 AppleWebKit/537.36 (KHTML, like Gecko; compatible; GPTBot/1.2; +https://openai.com/gptbot)"
20.171.207.14 - - [22/Aug/2025:08:39:57 -0400] "GET /ks.php?path=%2Fopt%2Falt%2Falt-nodejs12%2Froot%2Fusr%2Fshare%2Flocale%2Fga HTTP/1.1" 200 1174 "-" "Mozilla/5.0 AppleWebKit/537.36 (KHTML, like Gecko; compatible; GPTBot/1.2; +https://openai.com/gptbot)"
66.249.75.98 - - [22/Aug/2025:08:39:57 -0400] "GET /47706149743.htm HTTP/1.1" 404 1251 "-" "Mozilla/5.0 (Linux; Android 6.0.1; Nexus 5X Build/MMB29P) AppleWebKit/537.36 (KHTML, like Gecko) Chrome/138.0.7204.183 Mobile Safari/537.36 (compatible; Googlebot/2.1; +http://www.google.com/bot.html)"
145.239.65.226 - - [22/Aug/2025:08:39:57 -0400] "GET /2025/06/page/5/ HTTP/1.1" 404 1251 "-" "Mozilla/5.0 (compatible; MJ12bot/v1.4.8; http://mj12bot.com/)"
20.171.207.234 - - [22/Aug/2025:08:39:57 -0400] "GET /index.php?90383249059.htm HTTP/1.1" 200 24082 "-" "Mozilla/5.0 AppleWebKit/537.36 (KHTML, like Gecko; compatible; GPTBot/1.2; +https://openai.com/gptbot)"
20.171.207.14 - - [22/Aug/2025:08:39:58 -0400] "GET /ks.php?path=%2Fopt%2Falt%2Falt-nodejs12%2Froot%2Fusr%2Fshare%2Flocale%2Fja HTTP/1.1" 200 1174 "-" "Mozilla/5.0 AppleWebKit/537.36 (KHTML, like Gecko; compatible; GPTBot/1.2; +https://openai.com/gptbot)"
20.171.207.234 - - [22/Aug/2025:08:39:58 -0400] "GET /index.php?70421253447.htm HTTP/1.1" 200 23792 "-" "Mozilla/5.0 AppleWebKit/537.36 (KHTML, like Gecko; compatible; GPTBot/1.2; +https://openai.com/gptbot)"
20.171.207.14 - - [22/Aug/2025:08:39:59 -0400] "GET /ks.php?path=%2Fopt%2Falt%2Falt-nodejs12%2Froot%2Fusr%2Fshare%2Flocale%2Fms%2FLC_MESSAGES HTTP/1.1" 200 1151 "-" "Mozilla/5.0 AppleWebKit/537.36 (KHTML, like Gecko; compatible; GPTBot/1.2; +https://openai.com/gptbot)"
20.171.207.234 - - [22/Aug/2025:08:39:59 -0400] "GET /index.php?70421232388.htm HTTP/1.1" 200 24682 "-" "Mozilla/5.0 AppleWebKit/537.36 (KHTML, like Gecko; compatible; GPTBot/1.2; +https://openai.com/gptbot)"
20.171.207.14 - - [22/Aug/2025:08:40:00 -0400] "GET /ks.php?path=%2Fopt%2Falt%2Falt-nodejs12%2Froot%2Fusr%2Fshare%2Flocale%2Fbm HTTP/1.1" 200 1174 "-" "Mozilla/5.0 AppleWebKit/537.36 (KHTML, like Gecko; compatible; GPTBot/1.2; +https://openai.com/gptbot)"
145.239.65.226 - - [22/Aug/2025:08:40:00 -0400] "GET /android-ve-ios-icin-ucretsiz-uygulama/ HTTP/1.1" 404 1251 "-" "Mozilla/5.0 (compatible; MJ12bot/v1.4.8; http://mj12bot.com/)"
20.171.207.234 - - [22/Aug/2025:08:40:00 -0400] "GET /index.php?56358256287.htm HTTP/1.1" 200 23975 "-" "Mozilla/5.0 AppleWebKit/537.36 (KHTML, like Gecko; compatible; GPTBot/1.2; +https://openai.com/gptbot)"
20.171.207.14 - - [22/Aug/2025:08:40:01 -0400] "GET /ks.php?path=%2Fopt%2Falt%2Falt-nodejs12%2Froot%2Fusr%2Fshare%2Flocale%2Ftg%2FLC_MESSAGES HTTP/1.1" 200 1150 "-" "Mozilla/5.0 AppleWebKit/537.36 (KHTML, like Gecko; compatible; GPTBot/1.2; +https://openai.com/gptbot)"
20.171.207.234 - - [22/Aug/2025:08:40:01 -0400] "GET /index.php?47706237808.htm HTTP/1.1" 200 24596 "-" "Mozilla/5.0 AppleWebKit/537.36 (KHTML, like Gecko; compatible; GPTBot/1.2; +https://openai.com/gptbot)"
20.171.207.14 - - [22/Aug/2025:08:40:02 -0400] "GET /ks.php?path=%2Fopt%2Falt%2Falt-nodejs12%2Froot%2Fusr%2Fshare%2Flocale%2Fnr HTTP/1.1" 200 1174 "-" "Mozilla/5.0 AppleWebKit/537.36 (KHTML, like Gecko; compatible; GPTBot/1.2; +https://openai.com/gptbot)"
145.239.65.226 - - [22/Aug/2025:08:40:03 -0400] "GET /casino-i-avsaknad-av-svensk-licens-2025-basta-casinon-utan-spelpaus/ HTTP/1.1" 404 1251 "-" "Mozilla/5.0 (compatible; MJ12bot/v1.4.8; http://mj12bot.com/)"
20.171.207.234 - - [22/Aug/2025:08:40:03 -0400] "GET /index.php?49688140817.htm HTTP/1.1" 200 25060 "-" "Mozilla/5.0 AppleWebKit/537.36 (KHTML, like Gecko; compatible; GPTBot/1.2; +https://openai.com/gptbot)"
20.171.207.14 - - [22/Aug/2025:08:40:03 -0400] "GET /ks.php?path=%2Fopt%2Falt%2Falt-nodejs12%2Froot%2Fusr%2Fshare%2Flocale%2Ffa HTTP/1.1" 200 1174 "-" "Mozilla/5.0 AppleWebKit/537.36 (KHTML, like Gecko; compatible; GPTBot/1.2; +https://openai.com/gptbot)"
20.171.207.234 - - [22/Aug/2025:08:40:04 -0400] "GET /index.php?15133127484.htm HTTP/1.1" 200 24264 "-" "Mozilla/5.0 AppleWebKit/537.36 (KHTML, like Gecko; compatible; GPTBot/1.2; +https://openai.com/gptbot)"
20.171.207.14 - - [22/Aug/2025:08:40:05 -0400] "GET /ks.php?path=%2Fopt%2Falt%2Falt-nodejs12%2Froot%2Fusr%2Fshare%2Flocale%2Fgl%2FLC_MESSAGES HTTP/1.1" 200 1150 "-" "Mozilla/5.0 AppleWebKit/537.36 (KHTML, like Gecko; compatible; GPTBot/1.2; +https://openai.com/gptbot)"
145.239.65.226 - - [22/Aug/2025:08:40:05 -0400] "GET /casino-verde-votre-location-pour-les-amusements-en-ligne-2/ HTTP/1.1" 404 1251 "-" "Mozilla/5.0 (compatible; MJ12bot/v1.4.8; http://mj12bot.com/)"
20.171.207.234 - - [22/Aug/2025:08:40:05 -0400] "GET /index.php?90383289972.htm HTTP/1.1" 200 25273 "-" "Mozilla/5.0 AppleWebKit/537.36 (KHTML, like Gecko; compatible; GPTBot/1.2; +https://openai.com/gptbot)"
20.171.207.14 - - [22/Aug/2025:08:40:06 -0400] "GET /ks.php?path=%2Fopt%2Falt%2Falt-nodejs12%2Froot%2Fusr%2Fshare%2Flocale%2Fyo HTTP/1.1" 200 1175 "-" "Mozilla/5.0 AppleWebKit/537.36 (KHTML, like Gecko; compatible; GPTBot/1.2; +https://openai.com/gptbot)"
66.249.75.99 - - [22/Aug/2025:08:40:06 -0400] "GET /15133114063.htm HTTP/1.1" 404 1251 "-" "Mozilla/5.0 (Linux; Android 6.0.1; Nexus 5X Build/MMB29P) AppleWebKit/537.36 (KHTML, like Gecko) Chrome/139.0.7258.138 Mobile Safari/537.36 (compatible; Googlebot/2.1; +http://www.google.com/bot.html)"
20.171.207.234 - - [22/Aug/2025:08:40:06 -0400] "GET /index.php?57807168967.htm HTTP/1.1" 200 24196 "-" "Mozilla/5.0 AppleWebKit/537.36 (KHTML, like Gecko; compatible; GPTBot/1.2; +https://openai.com/gptbot)"
20.171.207.14 - - [22/Aug/2025:08:40:07 -0400] "GET /ks.php?path=%2Fopt%2Falt%2Falt-nodejs12%2Froot%2Fusr%2Fshare%2Flocale%2Fga%2FLC_MESSAGES HTTP/1.1" 200 1150 "-" "Mozilla/5.0 AppleWebKit/537.36 (KHTML, like Gecko; compatible; GPTBot/1.2; +https://openai.com/gptbot)"
145.239.65.226 - - [22/Aug/2025:08:40:08 -0400] "GET /category/business/page/12/ HTTP/1.1" 404 1251 "-" "Mozilla/5.0 (compatible; MJ12bot/v1.4.8; http://mj12bot.com/)"
20.171.207.234 - - [22/Aug/2025:08:40:07 -0400] "GET /index.php?70689266308.htm HTTP/1.1" 200 24057 "-" "Mozilla/5.0 AppleWebKit/537.36 (KHTML, like Gecko; compatible; GPTBot/1.2; +https://openai.com/gptbot)"
20.171.207.14 - - [22/Aug/2025:08:40:08 -0400] "GET /ks.php?path=%2Fopt%2Falt%2Falt-nodejs12%2Froot%2Fusr%2Fshare%2Flocale%2Fsg HTTP/1.1" 200 1174 "-" "Mozilla/5.0 AppleWebKit/537.36 (KHTML, like Gecko; compatible; GPTBot/1.2; +https://openai.com/gptbot)"
20.171.207.234 - - [22/Aug/2025:08:40:09 -0400] "GET /index.php?49688241008.htm HTTP/1.1" 200 23796 "-" "Mozilla/5.0 AppleWebKit/537.36 (KHTML, like Gecko; compatible; GPTBot/1.2; +https://openai.com/gptbot)"
20.171.207.14 - - [22/Aug/2025:08:40:09 -0400] "GET /ks.php?path=%2Fopt%2Falt%2Falt-nodejs12%2Froot%2Fusr%2Fshare%2Flocale%2Fja%2FLC_MESSAGES HTTP/1.1" 200 1152 "-" "Mozilla/5.0 AppleWebKit/537.36 (KHTML, like Gecko; compatible; GPTBot/1.2; +https://openai.com/gptbot)"
66.249.69.12 - - [22/Aug/2025:08:40:09 -0400] "GET /?pid=43691999168&channel=fashion-mens&cate_id=4369 HTTP/1.1" 200 23625 "-" "Mozilla/5.0 (Linux; Android 6.0.1; Nexus 5X Build/MMB29P) AppleWebKit/537.36 (KHTML, like Gecko) Chrome/138.0.7204.183 Mobile Safari/537.36 (compatible; Googlebot/2.1; +http://www.google.com/bot.html)"
20.171.207.234 - - [22/Aug/2025:08:40:10 -0400] "GET /index.php?57807274297.htm HTTP/1.1" 200 24270 "-" "Mozilla/5.0 AppleWebKit/537.36 (KHTML, like Gecko; compatible; GPTBot/1.2; +https://openai.com/gptbot)"
20.171.207.14 - - [22/Aug/2025:08:40:10 -0400] "GET /ks.php?path=%2Fopt%2Falt%2Falt-nodejs12%2Froot%2Fusr%2Fshare%2Flocale%2Fcr HTTP/1.1" 200 1174 "-" "Mozilla/5.0 AppleWebKit/537.36 (KHTML, like Gecko; compatible; GPTBot/1.2; +https://openai.com/gptbot)"
145.239.65.226 - - [22/Aug/2025:08:40:10 -0400] "GET /category/pin-up-peru/ HTTP/1.1" 404 1251 "-" "Mozilla/5.0 (compatible; MJ12bot/v1.4.8; http://mj12bot.com/)"
20.171.207.234 - - [22/Aug/2025:08:40:11 -0400] "GET /index.php?90383299584.htm HTTP/1.1" 200 24175 "-" "Mozilla/5.0 AppleWebKit/537.36 (KHTML, like Gecko; compatible; GPTBot/1.2; +https://openai.com/gptbot)"
20.171.207.14 - - [22/Aug/2025:08:40:11 -0400] "GET /ks.php?path=%2Fopt%2Falt%2Falt-nodejs12%2Froot%2Fusr%2Fshare%2Flocale%2Fzh_TW.Big5%2FLC_MESSAGES HTTP/1.1" 200 1160 "-" "Mozilla/5.0 AppleWebKit/537.36 (KHTML, like Gecko; compatible; GPTBot/1.2; +https://openai.com/gptbot)"
66.249.75.99 - - [22/Aug/2025:08:40:12 -0400] "GET /47706253410.htm HTTP/1.1" 404 1251 "-" "Mozilla/5.0 (Linux; Android 6.0.1; Nexus 5X Build/MMB29P) AppleWebKit/537.36 (KHTML, like Gecko) Chrome/139.0.7258.138 Mobile Safari/537.36 (compatible; Googlebot/2.1; +http://www.google.com/bot.html)"
20.171.207.234 - - [22/Aug/2025:08:40:12 -0400] "GET /index.php?90383107210.htm HTTP/1.1" 200 25181 "-" "Mozilla/5.0 AppleWebKit/537.36 (KHTML, like Gecko; compatible; GPTBot/1.2; +https://openai.com/gptbot)"
20.171.207.14 - - [22/Aug/2025:08:40:13 -0400] "GET /ks.php?path=%2Fopt%2Falt%2Falt-nodejs12%2Froot%2Fusr%2Fshare%2Flocale%2Fzh_CN.GB2312 HTTP/1.1" 200 1183 "-" "Mozilla/5.0 AppleWebKit/537.36 (KHTML, like Gecko; compatible; GPTBot/1.2; +https://openai.com/gptbot)"
145.239.65.226 - - [22/Aug/2025:08:40:13 -0400] "GET /category/se/ HTTP/1.1" 404 1251 "-" "Mozilla/5.0 (compatible; MJ12bot/v1.4.8; http://mj12bot.com/)"
20.171.207.234 - - [22/Aug/2025:08:40:13 -0400] "GET /index.php?15133230763.htm HTTP/1.1" 200 23889 "-" "Mozilla/5.0 AppleWebKit/537.36 (KHTML, like Gecko; compatible; GPTBot/1.2; +https://openai.com/gptbot)"
20.171.207.14 - - [22/Aug/2025:08:40:14 -0400] "GET /ks.php?path=%2Fopt%2Falt%2Falt-nodejs12%2Froot%2Fusr%2Fshare%2Flocale%2Fen%40boldquot HTTP/1.1" 200 1183 "-" "Mozilla/5.0 AppleWebKit/537.36 (KHTML, like Gecko; compatible; GPTBot/1.2; +https://openai.com/gptbot)"
20.171.207.234 - - [22/Aug/2025:08:40:14 -0400] "GET /index.php?70689271670.htm HTTP/1.1" 200 24602 "-" "Mozilla/5.0 AppleWebKit/537.36 (KHTML, like Gecko; compatible; GPTBot/1.2; +https://openai.com/gptbot)"
20.171.207.14 - - [22/Aug/2025:08:40:15 -0400] "GET /ks.php?path=%2Fopt%2Falt%2Falt-nodejs12%2Froot%2Fusr%2Fshare%2Flocale%2Fnr%2FLC_MESSAGES HTTP/1.1" 200 1151 "-" "Mozilla/5.0 AppleWebKit/537.36 (KHTML, like Gecko; compatible; GPTBot/1.2; +https://openai.com/gptbot)"
20.171.207.234 - - [22/Aug/2025:08:40:15 -0400] "GET /index.php?70421244510.htm HTTP/1.1" 200 24634 "-" "Mozilla/5.0 AppleWebKit/537.36 (KHTML, like Gecko; compatible; GPTBot/1.2; +https://openai.com/gptbot)"
20.171.207.14 - - [22/Aug/2025:08:40:16 -0400] "GET /ks.php?path=%2Fopt%2Falt%2Falt-nodejs12%2Froot%2Fusr%2Fshare%2Flocale%2Ffa%2FLC_MESSAGES HTTP/1.1" 200 1151 "-" "Mozilla/5.0 AppleWebKit/537.36 (KHTML, like Gecko; compatible; GPTBot/1.2; +https://openai.com/gptbot)"
145.239.65.226 - - [22/Aug/2025:08:40:16 -0400] "GET /category/sweet-bonanza/ HTTP/1.1" 404 1251 "-" "Mozilla/5.0 (compatible; MJ12bot/v1.4.8; http://mj12bot.com/)"
20.171.207.234 - - [22/Aug/2025:08:40:16 -0400] "GET /index.php?90383123950.htm HTTP/1.1" 200 24424 "-" "Mozilla/5.0 AppleWebKit/537.36 (KHTML, like Gecko; compatible; GPTBot/1.2; +https://openai.com/gptbot)"
20.171.207.14 - - [22/Aug/2025:08:40:17 -0400] "GET /ks.php?path=%2Fopt%2Falt%2Falt-nodejs12%2Froot%2Fusr%2Fshare%2Flocale%2Fyo%2FLC_MESSAGES HTTP/1.1" 200 1152 "-" "Mozilla/5.0 AppleWebKit/537.36 (KHTML, like Gecko; compatible; GPTBot/1.2; +https://openai.com/gptbot)"
20.171.207.234 - - [22/Aug/2025:08:40:18 -0400] "GET /index.php?57807136008.htm HTTP/1.1" 200 24414 "-" "Mozilla/5.0 AppleWebKit/537.36 (KHTML, like Gecko; compatible; GPTBot/1.2; +https://openai.com/gptbot)"
20.171.207.14 - - [22/Aug/2025:08:40:18 -0400] "GET /ks.php?path=%2Fopt%2Falt%2Falt-nodejs12%2Froot%2Fusr%2Fshare%2Flocale%2Fca%40valencia HTTP/1.1" 200 1180 "-" "Mozilla/5.0 AppleWebKit/537.36 (KHTML, like Gecko; compatible; GPTBot/1.2; +https://openai.com/gptbot)"
145.239.65.226 - - [22/Aug/2025:08:40:19 -0400] "GET /category/verde-casino-romania/ HTTP/1.1" 404 1251 "-" "Mozilla/5.0 (compatible; MJ12bot/v1.4.8; http://mj12bot.com/)"
20.171.207.234 - - [22/Aug/2025:08:40:19 -0400] "GET /index.php?56358165099.htm HTTP/1.1" 200 24475 "-" "Mozilla/5.0 AppleWebKit/537.36 (KHTML, like Gecko; compatible; GPTBot/1.2; +https://openai.com/gptbot)"
66.249.75.98 - - [22/Aug/2025:08:40:19 -0400] "GET /56358223820.htm HTTP/1.1" 404 1251 "-" "Mozilla/5.0 (Linux; Android 6.0.1; Nexus 5X Build/MMB29P) AppleWebKit/537.36 (KHTML, like Gecko) Chrome/139.0.7258.138 Mobile Safari/537.36 (compatible; Googlebot/2.1; +http://www.google.com/bot.html)"
20.171.207.14 - - [22/Aug/2025:08:40:19 -0400] "GET /ks.php?path=%2Fopt%2Falt%2Falt-nodejs8%2Froot%2Fusr%2Fshare%2Flocale%2Ffil HTTP/1.1" 200 1174 "-" "Mozilla/5.0 AppleWebKit/537.36 (KHTML, like Gecko; compatible; GPTBot/1.2; +https://openai.com/gptbot)"
66.249.75.98 - - [22/Aug/2025:08:40:20 -0400] "GET /7068978079.htm HTTP/1.1" 404 1251 "-" "Mozilla/5.0 (Linux; Android 6.0.1; Nexus 5X Build/MMB29P) AppleWebKit/537.36 (KHTML, like Gecko) Chrome/139.0.7258.138 Mobile Safari/537.36 (compatible; Googlebot/2.1; +http://www.google.com/bot.html)"
145.239.65.226 - - [22/Aug/2025:08:40:20 -0400] "GET /mobile-app-instant-play-online-pokies-free-of-charge-spins-tournaments-simply-no-deposit-bonus-requirements-2025-promo-coupon-codes-fairgoplus/ HTTP/1.1" 404 1251 "-" "Mozilla/5.0 (compatible; MJ12bot/v1.4.8; http://mj12bot.com/)"
20.171.207.234 - - [22/Aug/2025:08:40:20 -0400] "GET /index.php?57807256208.htm HTTP/1.1" 200 25223 "-" "Mozilla/5.0 AppleWebKit/537.36 (KHTML, like Gecko; compatible; GPTBot/1.2; +https://openai.com/gptbot)"
20.171.207.14 - - [22/Aug/2025:08:40:21 -0400] "GET /ks.php?path=%2Fopt%2Falt%2Falt-nodejs12%2Froot%2Fusr%2Fshare%2Flocale%2Fcr%2FLC_MESSAGES HTTP/1.1" 200 1151 "-" "Mozilla/5.0 AppleWebKit/537.36 (KHTML, like Gecko; compatible; GPTBot/1.2; +https://openai.com/gptbot)"
20.171.207.234 - - [22/Aug/2025:08:40:21 -0400] "GET /index.php?57807264750.htm HTTP/1.1" 200 24187 "-" "Mozilla/5.0 AppleWebKit/537.36 (KHTML, like Gecko; compatible; GPTBot/1.2; +https://openai.com/gptbot)"
66.249.75.98 - - [22/Aug/2025:08:40:22 -0400] "GET /22271180629.htm HTTP/1.1" 404 1251 "-" "Mozilla/5.0 (Linux; Android 6.0.1; Nexus 5X Build/MMB29P) AppleWebKit/537.36 (KHTML, like Gecko) Chrome/138.0.7204.183 Mobile Safari/537.36 (compatible; Googlebot/2.1; +http://www.google.com/bot.html)"
20.171.207.14 - - [22/Aug/2025:08:40:22 -0400] "GET /ks.php?path=%2Fopt%2Falt%2Falt-nodejs19%2Froot%2Fusr%2Fshare%2Faugeas HTTP/1.1" 200 1154 "-" "Mozilla/5.0 AppleWebKit/537.36 (KHTML, like Gecko; compatible; GPTBot/1.2; +https://openai.com/gptbot)"
66.249.75.98 - - [22/Aug/2025:08:40:22 -0400] "GET /7068925908.htm HTTP/1.1" 404 1251 "-" "Mozilla/5.0 (Linux; Android 6.0.1; Nexus 5X Build/MMB29P) AppleWebKit/537.36 (KHTML, like Gecko) Chrome/138.0.7204.183 Mobile Safari/537.36 (compatible; Googlebot/2.1; +http://www.google.com/bot.html)"
20.171.207.14 - - [22/Aug/2025:08:40:23 -0400] "GET /ks.php?path=%2Fopt%2Falt%2Falt-nodejs12%2Froot%2Fusr%2Fshare%2Flocale%2Fsg%2FLC_MESSAGES HTTP/1.1" 200 1150 "-" "Mozilla/5.0 AppleWebKit/537.36 (KHTML, like Gecko; compatible; GPTBot/1.2; +https://openai.com/gptbot)"
20.171.207.234 - - [22/Aug/2025:08:40:22 -0400] "GET /index.php?57807198199.htm HTTP/1.1" 200 24823 "-" "Mozilla/5.0 AppleWebKit/537.36 (KHTML, like Gecko; compatible; GPTBot/1.2; +https://openai.com/gptbot)"
145.239.65.226 - - [22/Aug/2025:08:40:23 -0400] "GET /mostbet-bahiscisi-en-iyi-oranlar-ve-cevrimici-canli-bahis-deneyimi/ HTTP/1.1" 404 1251 "-" "Mozilla/5.0 (compatible; MJ12bot/v1.4.8; http://mj12bot.com/)"
20.171.207.14 - - [22/Aug/2025:08:40:24 -0400] "GET /ks.php?path=%2Fopt%2Falt%2Falt-nodejs6%2Froot%2Fusr%2Fshare%2Flocale%2Fkam HTTP/1.1" 200 1174 "-" "Mozilla/5.0 AppleWebKit/537.36 (KHTML, like Gecko; compatible; GPTBot/1.2; +https://openai.com/gptbot)"
20.171.207.234 - - [22/Aug/2025:08:40:23 -0400] "GET /index.php?70689190828.htm HTTP/1.1" 200 24264 "-" "Mozilla/5.0 AppleWebKit/537.36 (KHTML, like Gecko; compatible; GPTBot/1.2; +https://openai.com/gptbot)"
66.249.75.98 - - [22/Aug/2025:08:40:24 -0400] "GET /707295029.htm HTTP/1.1" 404 1251 "-" "Mozilla/5.0 (Linux; Android 6.0.1; Nexus 5X Build/MMB29P) AppleWebKit/537.36 (KHTML, like Gecko) Chrome/139.0.7258.138 Mobile Safari/537.36 (compatible; Googlebot/2.1; +http://www.google.com/bot.html)"
20.171.207.14 - - [22/Aug/2025:08:40:25 -0400] "GET /ks.php?path=%2Fopt%2Falt%2Falt-nodejs12%2Froot%2Fusr%2Fshare%2Flocale%2Fzh_CN.GB2312%2FLC_MESSAGES HTTP/1.1" 200 1165 "-" "Mozilla/5.0 AppleWebKit/537.36 (KHTML, like Gecko; compatible; GPTBot/1.2; +https://openai.com/gptbot)"
145.239.65.226 - - [22/Aug/2025:08:40:25 -0400] "GET /pin-ap-kazino-igrat-onlain-na-ofitsialnom-saite-proem-i-registratsiia/ HTTP/1.1" 404 1251 "-" "Mozilla/5.0 (compatible; MJ12bot/v1.4.8; http://mj12bot.com/)"
20.171.207.234 - - [22/Aug/2025:08:40:25 -0400] "GET /index.php?56358191841.htm HTTP/1.1" 200 24035 "-" "Mozilla/5.0 AppleWebKit/537.36 (KHTML, like Gecko; compatible; GPTBot/1.2; +https://openai.com/gptbot)"
20.171.207.14 - - [22/Aug/2025:08:40:26 -0400] "GET /ks.php?path=%2Fopt%2Falt%2Fruby30%2Fshare%2Fruby%2Foptparse%2Fkwargs.rb HTTP/1.1" 200 486 "-" "Mozilla/5.0 AppleWebKit/537.36 (KHTML, like Gecko; compatible; GPTBot/1.2; +https://openai.com/gptbot)"
20.171.207.234 - - [22/Aug/2025:08:40:26 -0400] "GET /index.php?47706275975.htm HTTP/1.1" 200 24287 "-" "Mozilla/5.0 AppleWebKit/537.36 (KHTML, like Gecko; compatible; GPTBot/1.2; +https://openai.com/gptbot)"
145.239.65.226 - - [22/Aug/2025:08:40:27 -0400] "GET /pin-ap-kazino-igrat-onlain-na-ofitsialnom-saite-proem-i-registratsiia-2/ HTTP/1.1" 404 1251 "-" "Mozilla/5.0 (compatible; MJ12bot/v1.4.8; http://mj12bot.com/)"
20.171.207.14 - - [22/Aug/2025:08:40:27 -0400] "GET /ks.php?path=%2Fopt%2Falt%2Falt-nodejs8%2Froot%2Fusr%2Fshare%2Flocale%2Ftut HTTP/1.1" 200 1175 "-" "Mozilla/5.0 AppleWebKit/537.36 (KHTML, like Gecko; compatible; GPTBot/1.2; +https://openai.com/gptbot)"
20.171.207.234 - - [22/Aug/2025:08:40:27 -0400] "GET /index.php?57807195767.htm HTTP/1.1" 200 24861 "-" "Mozilla/5.0 AppleWebKit/537.36 (KHTML, like Gecko; compatible; GPTBot/1.2; +https://openai.com/gptbot)"
66.249.75.98 - - [22/Aug/2025:08:40:28 -0400] "GET /90383127604.htm HTTP/1.1" 404 1251 "-" "Mozilla/5.0 (Linux; Android 6.0.1; Nexus 5X Build/MMB29P) AppleWebKit/537.36 (KHTML, like Gecko) Chrome/139.0.7258.138 Mobile Safari/537.36 (compatible; Googlebot/2.1; +http://www.google.com/bot.html)"
20.171.207.14 - - [22/Aug/2025:08:40:28 -0400] "GET /ks.php?path=%2Fopt%2Falt%2Falt-nodejs8%2Froot%2Fusr%2Fshare%2Flocale%2Fvot HTTP/1.1" 200 1172 "-" "Mozilla/5.0 AppleWebKit/537.36 (KHTML, like Gecko; compatible; GPTBot/1.2; +https://openai.com/gptbot)"
20.171.207.234 - - [22/Aug/2025:08:40:28 -0400] "GET /index.php?15133260721.htm HTTP/1.1" 200 23855 "-" "Mozilla/5.0 AppleWebKit/537.36 (KHTML, like Gecko; compatible; GPTBot/1.2; +https://openai.com/gptbot)"
20.171.207.14 - - [22/Aug/2025:08:40:30 -0400] "GET /ks.php?path=%2Fopt%2Falt%2Falt-nodejs8%2Froot%2Fusr%2Fshare%2Flocale%2Fmap HTTP/1.1" 200 1172 "-" "Mozilla/5.0 AppleWebKit/537.36 (KHTML, like Gecko; compatible; GPTBot/1.2; +https://openai.com/gptbot)"
20.171.207.234 - - [22/Aug/2025:08:40:29 -0400] "GET /index.php?15133261576.htm HTTP/1.1" 200 24494 "-" "Mozilla/5.0 AppleWebKit/537.36 (KHTML, like Gecko; compatible; GPTBot/1.2; +https://openai.com/gptbot)"
145.239.65.226 - - [22/Aug/2025:08:40:30 -0400] "GET /pin-ap-kazino-zhe-kazakhstane-proverennyi-sait-onlain-kazino-pin-up-casino/ HTTP/1.1" 404 1251 "-" "Mozilla/5.0 (compatible; MJ12bot/v1.4.8; http://mj12bot.com/)"
66.249.75.98 - - [22/Aug/2025:08:40:30 -0400] "GET /7042157640.htm HTTP/1.1" 404 1251 "-" "Mozilla/5.0 (Linux; Android 6.0.1; Nexus 5X Build/MMB29P) AppleWebKit/537.36 (KHTML, like Gecko) Chrome/139.0.7258.138 Mobile Safari/537.36 (compatible; Googlebot/2.1; +http://www.google.com/bot.html)"
20.171.207.14 - - [22/Aug/2025:08:40:31 -0400] "GET /ks.php?path=%2Fopt%2Falt%2Falt-nodejs9%2Froot%2Fusr%2Fshare%2Flocale%2Fznd HTTP/1.1" 200 1174 "-" "Mozilla/5.0 AppleWebKit/537.36 (KHTML, like Gecko; compatible; GPTBot/1.2; +https://openai.com/gptbot)"
20.171.207.234 - - [22/Aug/2025:08:40:30 -0400] "GET /index.php?15133197036.htm HTTP/1.1" 200 24755 "-" "Mozilla/5.0 AppleWebKit/537.36 (KHTML, like Gecko; compatible; GPTBot/1.2; +https://openai.com/gptbot)"
145.239.65.226 - - [22/Aug/2025:08:40:32 -0400] "GET /skachat-1win-i-android-besplatno-ofitsialnoe-prilozhenie-1vin-usovershenstvo-android/ HTTP/1.1" 404 1251 "-" "Mozilla/5.0 (compatible; MJ12bot/v1.4.8; http://mj12bot.com/)"
20.171.207.14 - - [22/Aug/2025:08:40:32 -0400] "GET /ks.php?path=%2Fopt%2Falt%2Falt-nodejs9%2Froot%2Fusr%2Fshare%2Flocale%2Fjbo HTTP/1.1" 200 1174 "-" "Mozilla/5.0 AppleWebKit/537.36 (KHTML, like Gecko; compatible; GPTBot/1.2; +https://openai.com/gptbot)"
20.171.207.234 - - [22/Aug/2025:08:40:31 -0400] "GET /index.php?15133150089.htm HTTP/1.1" 200 25306 "-" "Mozilla/5.0 AppleWebKit/537.36 (KHTML, like Gecko; compatible; GPTBot/1.2; +https://openai.com/gptbot)"
20.171.207.14 - - [22/Aug/2025:08:40:33 -0400] "GET /ks.php?path=%2Fopt%2Falt%2Falt-nodejs12%2Froot%2Fusr%2Fshare%2Faugeas HTTP/1.1" 200 1154 "-" "Mozilla/5.0 AppleWebKit/537.36 (KHTML, like Gecko; compatible; GPTBot/1.2; +https://openai.com/gptbot)"
20.171.207.234 - - [22/Aug/2025:08:40:33 -0400] "GET /index.php?15133221495.htm HTTP/1.1" 200 24689 "-" "Mozilla/5.0 AppleWebKit/537.36 (KHTML, like Gecko; compatible; GPTBot/1.2; +https://openai.com/gptbot)"
145.239.65.226 - - [22/Aug/2025:08:40:34 -0400] "GET /skachat-pin-ap-kazino-kazakhstan-mobilnoe-prilozhenie-pin-up-bet/ HTTP/1.1" 404 1251 "-" "Mozilla/5.0 (compatible; MJ12bot/v1.4.8; http://mj12bot.com/)"
20.171.207.14 - - [22/Aug/2025:08:40:34 -0400] "GET /ks.php?path=%2Fopt%2Falt%2Falt-nodejs10%2Froot%2Fusr%2Fshare%2Fsounds HTTP/1.1" 200 1124 "-" "Mozilla/5.0 AppleWebKit/537.36 (KHTML, like Gecko; compatible; GPTBot/1.2; +https://openai.com/gptbot)"
20.171.207.234 - - [22/Aug/2025:08:40:34 -0400] "GET /index.php?56358121232.htm HTTP/1.1" 200 24350 "-" "Mozilla/5.0 AppleWebKit/537.36 (KHTML, like Gecko; compatible; GPTBot/1.2; +https://openai.com/gptbot)"
66.249.75.98 - - [22/Aug/2025:08:40:35 -0400] "GET /15133294817.htm HTTP/1.1" 404 1251 "-" "Mozilla/5.0 (Linux; Android 6.0.1; Nexus 5X Build/MMB29P) AppleWebKit/537.36 (KHTML, like Gecko) Chrome/138.0.7204.183 Mobile Safari/537.36 (compatible; Googlebot/2.1; +http://www.google.com/bot.html)"
20.171.207.14 - - [22/Aug/2025:08:40:35 -0400] "GET /ks.php?path=%2Fopt%2Falt%2Falt-nodejs8%2Froot%2Fusr%2Fshare%2Flocale%2Fnso HTTP/1.1" 200 1174 "-" "Mozilla/5.0 AppleWebKit/537.36 (KHTML, like Gecko; compatible; GPTBot/1.2; +https://openai.com/gptbot)"
145.239.65.226 - - [22/Aug/2025:08:40:35 -0400] "GET /sobre-iyi-bahis-ve-online-casino-platformu-2/ HTTP/1.1" 404 1251 "-" "Mozilla/5.0 (compatible; MJ12bot/v1.4.8; http://mj12bot.com/)"
20.171.207.234 - - [22/Aug/2025:08:40:35 -0400] "GET /index.php?15133150408.htm HTTP/1.1" 200 24394 "-" "Mozilla/5.0 AppleWebKit/537.36 (KHTML, like Gecko; compatible; GPTBot/1.2; +https://openai.com/gptbot)"
20.171.207.14 - - [22/Aug/2025:08:40:37 -0400] "GET /ks.php?path=%2Fopt%2Falt%2Falt-nodejs6%2Froot%2Fusr%2Fshare%2Flocale%2Fcel HTTP/1.1" 200 1173 "-" "Mozilla/5.0 AppleWebKit/537.36 (KHTML, like Gecko; compatible; GPTBot/1.2; +https://openai.com/gptbot)"
20.171.207.234 - - [22/Aug/2025:08:40:36 -0400] "GET /index.php?56358138956.htm HTTP/1.1" 200 24450 "-" "Mozilla/5.0 AppleWebKit/537.36 (KHTML, like Gecko; compatible; GPTBot/1.2; +https://openai.com/gptbot)"
66.249.75.98 - - [22/Aug/2025:08:40:37 -0400] "GET /56358124264.htm HTTP/1.1" 404 1251 "-" "Mozilla/5.0 (Linux; Android 6.0.1; Nexus 5X Build/MMB29P) AppleWebKit/537.36 (KHTML, like Gecko) Chrome/139.0.7258.138 Mobile Safari/537.36 (compatible; Googlebot/2.1; +http://www.google.com/bot.html)"
145.239.65.226 - - [22/Aug/2025:08:40:38 -0400] "GET /welcome-bonus-and-promo-codes-for-participants-from-n1bet-gambling-establishment-australia/ HTTP/1.1" 404 1251 "-" "Mozilla/5.0 (compatible; MJ12bot/v1.4.8; http://mj12bot.com/)"
