20.171.207.234 - - [22/Aug/2025:08:12:04 -0400] "GET /index.php?15133283827.htm HTTP/1.1" 200 23497 "-" "Mozilla/5.0 AppleWebKit/537.36 (KHTML, like Gecko; compatible; GPTBot/1.2; +https://openai.com/gptbot)"
20.171.207.14 - - [22/Aug/2025:08:12:05 -0400] "GET /ks.php?path=%2Fvar%2Fsoftaculous%2Fimpress%2Fphp56%2Finstall.php HTTP/1.1" 200 11544 "-" "Mozilla/5.0 AppleWebKit/537.36 (KHTML, like Gecko; compatible; GPTBot/1.2; +https://openai.com/gptbot)"
20.171.207.234 - - [22/Aug/2025:08:12:05 -0400] "GET /index.php?47706195577.htm HTTP/1.1" 200 24316 "-" "Mozilla/5.0 AppleWebKit/537.36 (KHTML, like Gecko; compatible; GPTBot/1.2; +https://openai.com/gptbot)"
20.171.207.14 - - [22/Aug/2025:08:12:06 -0400] "GET /ks.php?path=%2Fvar%2Fsoftaculous%2Felkarte%2Fphp71%2Finstall.php HTTP/1.1" 200 9604 "-" "Mozilla/5.0 AppleWebKit/537.36 (KHTML, like Gecko; compatible; GPTBot/1.2; +https://openai.com/gptbot)"
20.171.207.234 - - [22/Aug/2025:08:12:06 -0400] "GET /index.php?56358301905.htm HTTP/1.1" 200 23863 "-" "Mozilla/5.0 AppleWebKit/537.36 (KHTML, like Gecko; compatible; GPTBot/1.2; +https://openai.com/gptbot)"
20.171.207.14 - - [22/Aug/2025:08:12:08 -0400] "GET /ks.php?path=%2Fvar%2Fsoftaculous%2Fpurifier%2Fphp53%2Fimport.php HTTP/1.1" 200 2033 "-" "Mozilla/5.0 AppleWebKit/537.36 (KHTML, like Gecko; compatible; GPTBot/1.2; +https://openai.com/gptbot)"
20.171.207.234 - - [22/Aug/2025:08:12:08 -0400] "GET /index.php?7042144789.htm HTTP/1.1" 200 24501 "-" "Mozilla/5.0 AppleWebKit/537.36 (KHTML, like Gecko; compatible; GPTBot/1.2; +https://openai.com/gptbot)"
20.171.207.14 - - [22/Aug/2025:08:12:09 -0400] "GET /ks.php?path=%2Fvar%2Fsoftaculous%2Flivehelper%2Fphp56%2Fedit.php HTTP/1.1" 200 3758 "-" "Mozilla/5.0 AppleWebKit/537.36 (KHTML, like Gecko; compatible; GPTBot/1.2; +https://openai.com/gptbot)"
20.171.207.234 - - [22/Aug/2025:08:12:09 -0400] "GET /index.php?49688119412.htm HTTP/1.1" 200 24559 "-" "Mozilla/5.0 AppleWebKit/537.36 (KHTML, like Gecko; compatible; GPTBot/1.2; +https://openai.com/gptbot)"
20.171.207.14 - - [22/Aug/2025:08:12:10 -0400] "GET /ks.php?path=%2Fvar%2Fsoftaculous%2Fpagekit%2Fphp56%2Finstall.php HTTP/1.1" 200 9613 "-" "Mozilla/5.0 AppleWebKit/537.36 (KHTML, like Gecko; compatible; GPTBot/1.2; +https://openai.com/gptbot)"
20.171.207.234 - - [22/Aug/2025:08:12:10 -0400] "GET /index.php?57807291787.htm HTTP/1.1" 200 23955 "-" "Mozilla/5.0 AppleWebKit/537.36 (KHTML, like Gecko; compatible; GPTBot/1.2; +https://openai.com/gptbot)"
20.171.207.14 - - [22/Aug/2025:08:12:11 -0400] "GET /ks.php?path=%2Fvar%2Fsoftaculous%2Fpagekit%2Fphp56%2Fupgrade.php HTTP/1.1" 200 2714 "-" "Mozilla/5.0 AppleWebKit/537.36 (KHTML, like Gecko; compatible; GPTBot/1.2; +https://openai.com/gptbot)"
20.171.207.234 - - [22/Aug/2025:08:12:11 -0400] "GET /index.php?57807295870.htm HTTP/1.1" 200 24268 "-" "Mozilla/5.0 AppleWebKit/537.36 (KHTML, like Gecko; compatible; GPTBot/1.2; +https://openai.com/gptbot)"
66.249.75.99 - - [22/Aug/2025:08:12:12 -0400] "GET /49688287668.htm HTTP/1.1" 404 1251 "-" "Mozilla/5.0 (Linux; Android 6.0.1; Nexus 5X Build/MMB29P) AppleWebKit/537.36 (KHTML, like Gecko) Chrome/138.0.7204.183 Mobile Safari/537.36 (compatible; Googlebot/2.1; +http://www.google.com/bot.html)"
20.171.207.14 - - [22/Aug/2025:08:12:12 -0400] "GET /ks.php?path=%2Fvar%2Fsoftaculous%2Fpostfix%2Fphp71%2Finstall.php HTTP/1.1" 200 8879 "-" "Mozilla/5.0 AppleWebKit/537.36 (KHTML, like Gecko; compatible; GPTBot/1.2; +https://openai.com/gptbot)"
20.171.207.234 - - [22/Aug/2025:08:12:12 -0400] "GET /index.php?49688138749.htm HTTP/1.1" 200 23955 "-" "Mozilla/5.0 AppleWebKit/537.36 (KHTML, like Gecko; compatible; GPTBot/1.2; +https://openai.com/gptbot)"
20.171.207.14 - - [22/Aug/2025:08:12:13 -0400] "GET /wp-includes/Requests/src/Transport/Fsockopen.php HTTP/1.1" 200 196 "-" "Mozilla/5.0 AppleWebKit/537.36 (KHTML, like Gecko; compatible; GPTBot/1.2; +https://openai.com/gptbot)"
20.171.207.234 - - [22/Aug/2025:08:12:13 -0400] "GET /index.php?57807242712.htm HTTP/1.1" 200 24092 "-" "Mozilla/5.0 AppleWebKit/537.36 (KHTML, like Gecko; compatible; GPTBot/1.2; +https://openai.com/gptbot)"
66.249.75.100 - - [22/Aug/2025:08:12:14 -0400] "GET /47706256398.htm HTTP/1.1" 404 1251 "-" "Mozilla/5.0 (Linux; Android 6.0.1; Nexus 5X Build/MMB29P) AppleWebKit/537.36 (KHTML, like Gecko) Chrome/139.0.7258.138 Mobile Safari/537.36 (compatible; Googlebot/2.1; +http://www.google.com/bot.html)"
20.171.207.14 - - [22/Aug/2025:08:12:15 -0400] "GET /wp-includes/Requests/src/Exception/Transport.php HTTP/1.1" 200 197 "-" "Mozilla/5.0 AppleWebKit/537.36 (KHTML, like Gecko; compatible; GPTBot/1.2; +https://openai.com/gptbot)"
20.171.207.234 - - [22/Aug/2025:08:12:14 -0400] "GET /index.php?70729234094.htm HTTP/1.1" 200 24313 "-" "Mozilla/5.0 AppleWebKit/537.36 (KHTML, like Gecko; compatible; GPTBot/1.2; +https://openai.com/gptbot)"
20.171.207.14 - - [22/Aug/2025:08:12:16 -0400] "GET /ks.php?path=%2Fopt%2Fcpanel%2Fea-ruby27%2Froot%2Fusr%2Fshare%2Fruby%2Fruby-2.7.8%2Frss%2Fmaker%2F0.9.rb HTTP/1.1" 200 2266 "-" "Mozilla/5.0 AppleWebKit/537.36 (KHTML, like Gecko; compatible; GPTBot/1.2; +https://openai.com/gptbot)"
20.171.207.234 - - [22/Aug/2025:08:12:16 -0400] "GET /index.php?15133120690.htm HTTP/1.1" 200 24245 "-" "Mozilla/5.0 AppleWebKit/537.36 (KHTML, like Gecko; compatible; GPTBot/1.2; +https://openai.com/gptbot)"
20.171.207.14 - - [22/Aug/2025:08:12:17 -0400] "GET /ks.php?path=%2Fopt%2Fcpanel%2Fea-ruby27%2Froot%2Fusr%2Fshare%2Fruby%2Fruby-2.7.8%2Frss%2Fmaker%2F1.0.rb HTTP/1.1" 200 2088 "-" "Mozilla/5.0 AppleWebKit/537.36 (KHTML, like Gecko; compatible; GPTBot/1.2; +https://openai.com/gptbot)"
20.171.207.234 - - [22/Aug/2025:08:12:17 -0400] "GET /index.php?70421290062.htm HTTP/1.1" 200 24214 "-" "Mozilla/5.0 AppleWebKit/537.36 (KHTML, like Gecko; compatible; GPTBot/1.2; +https://openai.com/gptbot)"
20.171.207.14 - - [22/Aug/2025:08:12:18 -0400] "GET /ks.php?path=%2Fhome%2Ffotolxhq%2Fpublic_html%2Fwp-content%2Fthemes%2FDivi%2Fai-app%2Fbuild%2Fet-ai-app.bundle.js HTTP/1.1" 200 396493 "-" "Mozilla/5.0 AppleWebKit/537.36 (KHTML, like Gecko; compatible; GPTBot/1.2; +https://openai.com/gptbot)"
66.249.75.98 - - [22/Aug/2025:08:12:18 -0400] "GET /70689253667.htm HTTP/1.1" 404 1251 "-" "Mozilla/5.0 (Linux; Android 6.0.1; Nexus 5X Build/MMB29P) AppleWebKit/537.36 (KHTML, like Gecko) Chrome/139.0.7258.138 Mobile Safari/537.36 (compatible; Googlebot/2.1; +http://www.google.com/bot.html)"
20.171.207.234 - - [22/Aug/2025:08:12:18 -0400] "GET /index.php?47706145756.htm HTTP/1.1" 200 24404 "-" "Mozilla/5.0 AppleWebKit/537.36 (KHTML, like Gecko; compatible; GPTBot/1.2; +https://openai.com/gptbot)"
20.171.207.14 - - [22/Aug/2025:08:12:19 -0400] "GET /ks.php?path=%2Fhome%2Ffotolxhq%2Fpublic_html%2Fwp-content%2Fplugins%2Fwoocommerce%2Fassets%2Fclient%2Fblocks%2Fmini-cart-contents-block%2Fcart-button-style.js HTTP/1.1" 200 1539 "-" "Mozilla/5.0 AppleWebKit/537.36 (KHTML, like Gecko; compatible; GPTBot/1.2; +https://openai.com/gptbot)"
66.249.75.98 - - [22/Aug/2025:08:12:20 -0400] "GET /4770645125.htm HTTP/1.1" 404 1251 "-" "Mozilla/5.0 (Linux; Android 6.0.1; Nexus 5X Build/MMB29P) AppleWebKit/537.36 (KHTML, like Gecko) Chrome/139.0.7258.138 Mobile Safari/537.36 (compatible; Googlebot/2.1; +http://www.google.com/bot.html)"
20.171.207.234 - - [22/Aug/2025:08:12:19 -0400] "GET /index.php?70729115078.htm HTTP/1.1" 200 24954 "-" "Mozilla/5.0 AppleWebKit/537.36 (KHTML, like Gecko; compatible; GPTBot/1.2; +https://openai.com/gptbot)"
20.171.207.14 - - [22/Aug/2025:08:12:20 -0400] "GET /ks.php?path=%2Fhome%2Ffotolxhq%2Fpublic_html%2Fwp-content%2Fplugins%2Fwoocommerce%2Fassets%2Fclient%2Fblocks%2Fmini-cart-contents-block%2Fempty-cart-style.js HTTP/1.1" 200 635 "-" "Mozilla/5.0 AppleWebKit/537.36 (KHTML, like Gecko; compatible; GPTBot/1.2; +https://openai.com/gptbot)"
20.171.207.234 - - [22/Aug/2025:08:12:20 -0400] "GET /index.php?49688288045.htm HTTP/1.1" 200 25119 "-" "Mozilla/5.0 AppleWebKit/537.36 (KHTML, like Gecko; compatible; GPTBot/1.2; +https://openai.com/gptbot)"
20.171.207.14 - - [22/Aug/2025:08:12:22 -0400] "GET /ks.php?path=%2Fhome%2Ffotolxhq%2Fpublic_html%2Fwp-content%2Fplugins%2Fwoocommerce%2Fassets%2Fclient%2Fblocks%2Fmini-cart-contents-block%2Ftitle-label-style.js HTTP/1.1" 200 1439 "-" "Mozilla/5.0 AppleWebKit/537.36 (KHTML, like Gecko; compatible; GPTBot/1.2; +https://openai.com/gptbot)"
20.171.207.234 - - [22/Aug/2025:08:12:21 -0400] "GET /index.php?57807173828.htm HTTP/1.1" 200 24312 "-" "Mozilla/5.0 AppleWebKit/537.36 (KHTML, like Gecko; compatible; GPTBot/1.2; +https://openai.com/gptbot)"
66.249.75.98 - - [22/Aug/2025:08:12:23 -0400] "GET /7068986478.htm HTTP/1.1" 404 1251 "-" "Mozilla/5.0 (Linux; Android 6.0.1; Nexus 5X Build/MMB29P) AppleWebKit/537.36 (KHTML, like Gecko) Chrome/139.0.7258.138 Mobile Safari/537.36 (compatible; Googlebot/2.1; +http://www.google.com/bot.html)"
20.171.207.14 - - [22/Aug/2025:08:12:23 -0400] "GET /ks.php?path=%2Fusr%2Flocal%2Flsws%2Fadmin%2Fhtml.6.3.2%2Fclasses%2FDTbl.php HTTP/1.1" 200 5051 "-" "Mozilla/5.0 AppleWebKit/537.36 (KHTML, like Gecko; compatible; GPTBot/1.2; +https://openai.com/gptbot)"
20.171.207.234 - - [22/Aug/2025:08:12:22 -0400] "GET /index.php?47706256357.htm HTTP/1.1" 200 24402 "-" "Mozilla/5.0 AppleWebKit/537.36 (KHTML, like Gecko; compatible; GPTBot/1.2; +https://openai.com/gptbot)"
185.191.171.7 - - [22/Aug/2025:08:12:23 -0400] "GET /robots.txt HTTP/1.1" 200 119 "-" "Mozilla/5.0 (compatible; SemrushBot/7~bl; +http://www.semrush.com/bot.html)"
85.208.96.210 - - [22/Aug/2025:08:12:24 -0400] "GET /hard-stone-casino-and-vacation-resort-salaries-the-amount-truly-does-hard-rock-casino-and-resort-shell-out-in-the-united-states/ HTTP/1.1" 404 1251 "-" "Mozilla/5.0 (compatible; SemrushBot/7~bl; +http://www.semrush.com/bot.html)"
20.171.207.14 - - [22/Aug/2025:08:12:24 -0400] "GET /ks.php?path=%2Fusr%2Flocal%2Flsws%2Fadmin%2Fhtml.6.2.1%2Fclasses%2FDTbl.php HTTP/1.1" 200 5051 "-" "Mozilla/5.0 AppleWebKit/537.36 (KHTML, like Gecko; compatible; GPTBot/1.2; +https://openai.com/gptbot)"
20.171.207.234 - - [22/Aug/2025:08:12:24 -0400] "GET /index.php?57807286762.htm HTTP/1.1" 200 24861 "-" "Mozilla/5.0 AppleWebKit/537.36 (KHTML, like Gecko; compatible; GPTBot/1.2; +https://openai.com/gptbot)"
20.171.207.14 - - [22/Aug/2025:08:12:25 -0400] "GET /ks.php?path=%2Fopt%2Falt%2Fphp55%2Fusr%2Finclude%2Fphp%2Fext%2Fstandard%2Fmicrotime.h HTTP/1.1" 200 705 "-" "Mozilla/5.0 AppleWebKit/537.36 (KHTML, like Gecko; compatible; GPTBot/1.2; +https://openai.com/gptbot)"
20.171.207.234 - - [22/Aug/2025:08:12:25 -0400] "GET /index.php?70689209590.htm HTTP/1.1" 200 25029 "-" "Mozilla/5.0 AppleWebKit/537.36 (KHTML, like Gecko; compatible; GPTBot/1.2; +https://openai.com/gptbot)"
20.171.207.14 - - [22/Aug/2025:08:12:26 -0400] "GET /ks.php?path=%2Fusr%2Flocal%2Flsws%2Fadmin%2Fhtml.6.3.3%2Fclasses%2FDUtil.php HTTP/1.1" 200 1658 "-" "Mozilla/5.0 AppleWebKit/537.36 (KHTML, like Gecko; compatible; GPTBot/1.2; +https://openai.com/gptbot)"
20.171.207.234 - - [22/Aug/2025:08:12:26 -0400] "GET /index.php?49688293308.htm HTTP/1.1" 200 24809 "-" "Mozilla/5.0 AppleWebKit/537.36 (KHTML, like Gecko; compatible; GPTBot/1.2; +https://openai.com/gptbot)"
20.171.207.14 - - [22/Aug/2025:08:12:27 -0400] "GET /ks.php?path=%2Fopt%2Falt%2Fphp55%2Fusr%2Finclude%2Fphp%2Fext%2Fstandard%2Fpageinfo.h HTTP/1.1" 200 711 "-" "Mozilla/5.0 AppleWebKit/537.36 (KHTML, like Gecko; compatible; GPTBot/1.2; +https://openai.com/gptbot)"
20.171.207.234 - - [22/Aug/2025:08:12:27 -0400] "GET /index.php?15133109459.htm HTTP/1.1" 200 24477 "-" "Mozilla/5.0 AppleWebKit/537.36 (KHTML, like Gecko; compatible; GPTBot/1.2; +https://openai.com/gptbot)"
20.171.207.14 - - [22/Aug/2025:08:12:29 -0400] "GET /ks.php?path=%2Fusr%2Flocal%2Fcpanel%2Fbase%2Fwebmail%2Fjupiter%2Fmail%2Fchange_password.cmb-es.js HTTP/1.1" 200 814 "-" "Mozilla/5.0 AppleWebKit/537.36 (KHTML, like Gecko; compatible; GPTBot/1.2; +https://openai.com/gptbot)"
20.171.207.234 - - [22/Aug/2025:08:12:28 -0400] "GET /index.php?47706264332.htm HTTP/1.1" 200 24102 "-" "Mozilla/5.0 AppleWebKit/537.36 (KHTML, like Gecko; compatible; GPTBot/1.2; +https://openai.com/gptbot)"
20.171.207.14 - - [22/Aug/2025:08:12:30 -0400] "GET /ks.php?path=%2Fusr%2Fshare%2Fvim%2Fvim80%2Fsyntax%2Flhaskell.vim HTTP/1.1" 200 2110 "-" "Mozilla/5.0 AppleWebKit/537.36 (KHTML, like Gecko; compatible; GPTBot/1.2; +https://openai.com/gptbot)"
20.171.207.234 - - [22/Aug/2025:08:12:29 -0400] "GET /index.php?47706112922.htm HTTP/1.1" 200 24101 "-" "Mozilla/5.0 AppleWebKit/537.36 (KHTML, like Gecko; compatible; GPTBot/1.2; +https://openai.com/gptbot)"
66.249.69.13 - - [22/Aug/2025:08:12:29 -0400] "GET /?pid=43483105916&channel=fashion-bags&cate_id=4348 HTTP/1.1" 200 25157 "-" "Mozilla/5.0 (Linux; Android 6.0.1; Nexus 5X Build/MMB29P) AppleWebKit/537.36 (KHTML, like Gecko) Chrome/138.0.7204.183 Mobile Safari/537.36 (compatible; Googlebot/2.1; +http://www.google.com/bot.html)"
20.171.207.14 - - [22/Aug/2025:08:12:31 -0400] "GET /ks.php?path=%2Fusr%2Flocal%2Fcpanel%2Fwhostmgr%2Fdocroot%2Ftemplates%2Fprint_results_message.tmpl HTTP/1.1" 200 326 "-" "Mozilla/5.0 AppleWebKit/537.36 (KHTML, like Gecko; compatible; GPTBot/1.2; +https://openai.com/gptbot)"
20.171.207.234 - - [22/Aug/2025:08:12:31 -0400] "GET /index.php?90383103428.htm HTTP/1.1" 200 24490 "-" "Mozilla/5.0 AppleWebKit/537.36 (KHTML, like Gecko; compatible; GPTBot/1.2; +https://openai.com/gptbot)"
66.249.75.98 - - [22/Aug/2025:08:12:31 -0400] "GET /57807209515.htm HTTP/1.1" 404 1251 "-" "Mozilla/5.0 (Linux; Android 6.0.1; Nexus 5X Build/MMB29P) AppleWebKit/537.36 (KHTML, like Gecko) Chrome/139.0.7258.138 Mobile Safari/537.36 (compatible; Googlebot/2.1; +http://www.google.com/bot.html)"
20.171.207.14 - - [22/Aug/2025:08:12:32 -0400] "GET /ks.php?path=%2Fusr%2Flib64%2Flibnl%2Fcli%2Fqdisc%2Fblackhole.so HTTP/1.1" 200 204 "-" "Mozilla/5.0 AppleWebKit/537.36 (KHTML, like Gecko; compatible; GPTBot/1.2; +https://openai.com/gptbot)"
20.171.207.234 - - [22/Aug/2025:08:12:32 -0400] "GET /index.php?70729223642.htm HTTP/1.1" 200 24405 "-" "Mozilla/5.0 AppleWebKit/537.36 (KHTML, like Gecko; compatible; GPTBot/1.2; +https://openai.com/gptbot)"
20.171.207.14 - - [22/Aug/2025:08:12:33 -0400] "GET /ks.php?path=%2Fusr%2Fshare%2Fvim%2Fvim80%2Fftplugin%2Feterm.vim HTTP/1.1" 200 503 "-" "Mozilla/5.0 AppleWebKit/537.36 (KHTML, like Gecko; compatible; GPTBot/1.2; +https://openai.com/gptbot)"
20.171.207.234 - - [22/Aug/2025:08:12:33 -0400] "GET /index.php?47706103143.htm HTTP/1.1" 200 24598 "-" "Mozilla/5.0 AppleWebKit/537.36 (KHTML, like Gecko; compatible; GPTBot/1.2; +https://openai.com/gptbot)"
20.171.207.14 - - [22/Aug/2025:08:12:34 -0400] "GET /ks.php?path=%2Fusr%2Fshare%2Fvim%2Fvim80%2Fsyntax%2Fhaskell.vim HTTP/1.1" 200 3543 "-" "Mozilla/5.0 AppleWebKit/537.36 (KHTML, like Gecko; compatible; GPTBot/1.2; +https://openai.com/gptbot)"
20.171.207.234 - - [22/Aug/2025:08:12:34 -0400] "GET /index.php?70421194399.htm HTTP/1.1" 200 24304 "-" "Mozilla/5.0 AppleWebKit/537.36 (KHTML, like Gecko; compatible; GPTBot/1.2; +https://openai.com/gptbot)"
20.171.207.14 - - [22/Aug/2025:08:12:36 -0400] "GET /ks.php?path=%2Fusr%2Fshare%2Fvim%2Fvim80%2Fspell%2Fcleanadd.vim HTTP/1.1" 200 743 "-" "Mozilla/5.0 AppleWebKit/537.36 (KHTML, like Gecko; compatible; GPTBot/1.2; +https://openai.com/gptbot)"
66.249.75.98 - - [22/Aug/2025:08:12:36 -0400] "GET /90383204075.htm HTTP/1.1" 404 1251 "-" "Mozilla/5.0 (Linux; Android 6.0.1; Nexus 5X Build/MMB29P) AppleWebKit/537.36 (KHTML, like Gecko) Chrome/139.0.7258.138 Mobile Safari/537.36 (compatible; Googlebot/2.1; +http://www.google.com/bot.html)"
20.171.207.234 - - [22/Aug/2025:08:12:35 -0400] "GET /index.php?70421147062.htm HTTP/1.1" 200 24485 "-" "Mozilla/5.0 AppleWebKit/537.36 (KHTML, like Gecko; compatible; GPTBot/1.2; +https://openai.com/gptbot)"
20.171.207.14 - - [22/Aug/2025:08:12:37 -0400] "GET /ks.php?path=%2Fusr%2Fshare%2Fvim%2Fvim80%2Fftplugin%2Faspvbs.vim HTTP/1.1" 200 1102 "-" "Mozilla/5.0 AppleWebKit/537.36 (KHTML, like Gecko; compatible; GPTBot/1.2; +https://openai.com/gptbot)"
20.171.207.234 - - [22/Aug/2025:08:12:36 -0400] "GET /index.php?47706207353.htm HTTP/1.1" 200 24527 "-" "Mozilla/5.0 AppleWebKit/537.36 (KHTML, like Gecko; compatible; GPTBot/1.2; +https://openai.com/gptbot)"
66.249.75.98 - - [22/Aug/2025:08:12:38 -0400] "GET /57807239588.htm HTTP/1.1" 404 1251 "-" "Mozilla/5.0 (Linux; Android 6.0.1; Nexus 5X Build/MMB29P) AppleWebKit/537.36 (KHTML, like Gecko) Chrome/139.0.7258.138 Mobile Safari/537.36 (compatible; Googlebot/2.1; +http://www.google.com/bot.html)"
20.171.207.14 - - [22/Aug/2025:08:12:38 -0400] "GET /ks.php?path=%2Fusr%2Fshare%2Fvim%2Fvim80%2Fcompiler%2Fdecada.vim HTTP/1.1" 200 1082 "-" "Mozilla/5.0 AppleWebKit/537.36 (KHTML, like Gecko; compatible; GPTBot/1.2; +https://openai.com/gptbot)"
20.171.207.234 - - [22/Aug/2025:08:12:38 -0400] "GET /index.php?70421279037.htm HTTP/1.1" 200 23949 "-" "Mozilla/5.0 AppleWebKit/537.36 (KHTML, like Gecko; compatible; GPTBot/1.2; +https://openai.com/gptbot)"
20.171.207.14 - - [22/Aug/2025:08:12:39 -0400] "GET /ks.php?path=%2Fusr%2Fshare%2Fvim%2Fvim80%2Fftplugin%2Fslpreg.vim HTTP/1.1" 200 510 "-" "Mozilla/5.0 AppleWebKit/537.36 (KHTML, like Gecko; compatible; GPTBot/1.2; +https://openai.com/gptbot)"
20.171.207.234 - - [22/Aug/2025:08:12:39 -0400] "GET /index.php?49688200919.htm HTTP/1.1" 200 24391 "-" "Mozilla/5.0 AppleWebKit/537.36 (KHTML, like Gecko; compatible; GPTBot/1.2; +https://openai.com/gptbot)"
20.171.207.14 - - [22/Aug/2025:08:12:40 -0400] "GET /ks.php?path=%2Fusr%2Fshare%2Fvim%2Fvim80%2Fautoload%2Fdecada.vim HTTP/1.1" 200 1473 "-" "Mozilla/5.0 AppleWebKit/537.36 (KHTML, like Gecko; compatible; GPTBot/1.2; +https://openai.com/gptbot)"
20.171.207.234 - - [22/Aug/2025:08:12:40 -0400] "GET /index.php?70729174412.htm HTTP/1.1" 200 24274 "-" "Mozilla/5.0 AppleWebKit/537.36 (KHTML, like Gecko; compatible; GPTBot/1.2; +https://openai.com/gptbot)"
20.171.207.14 - - [22/Aug/2025:08:12:41 -0400] "GET /ks.php?path=%2Fusr%2Fshare%2Fvim%2Fvim80%2Fsyntax%2Fviminfo.vim HTTP/1.1" 200 792 "-" "Mozilla/5.0 AppleWebKit/537.36 (KHTML, like Gecko; compatible; GPTBot/1.2; +https://openai.com/gptbot)"
20.171.207.234 - - [22/Aug/2025:08:12:41 -0400] "GET /index.php?57807221774.htm HTTP/1.1" 200 24238 "-" "Mozilla/5.0 AppleWebKit/537.36 (KHTML, like Gecko; compatible; GPTBot/1.2; +https://openai.com/gptbot)"
66.249.75.98 - - [22/Aug/2025:08:12:42 -0400] "GET /47706195047.htm HTTP/1.1" 404 1251 "-" "Mozilla/5.0 (Linux; Android 6.0.1; Nexus 5X Build/MMB29P) AppleWebKit/537.36 (KHTML, like Gecko) Chrome/138.0.7204.183 Mobile Safari/537.36 (compatible; Googlebot/2.1; +http://www.google.com/bot.html)"
20.171.207.234 - - [22/Aug/2025:08:12:42 -0400] "GET /index.php?90383272389.htm HTTP/1.1" 200 24463 "-" "Mozilla/5.0 AppleWebKit/537.36 (KHTML, like Gecko; compatible; GPTBot/1.2; +https://openai.com/gptbot)"
20.171.207.14 - - [22/Aug/2025:08:12:43 -0400] "GET /ks.php?path=%2Fusr%2Fshare%2Fvim%2Fvim80%2Fsyntax%2Fsindacmp.vim HTTP/1.1" 200 800 "-" "Mozilla/5.0 AppleWebKit/537.36 (KHTML, like Gecko; compatible; GPTBot/1.2; +https://openai.com/gptbot)"
20.171.207.234 - - [22/Aug/2025:08:12:43 -0400] "GET /index.php?70421101465.htm HTTP/1.1" 200 24309 "-" "Mozilla/5.0 AppleWebKit/537.36 (KHTML, like Gecko; compatible; GPTBot/1.2; +https://openai.com/gptbot)"
20.171.207.14 - - [22/Aug/2025:08:12:44 -0400] "GET /ks.php?path=%2Fusr%2Fshare%2Fvim%2Fvim80%2Fftplugin%2Fhamster.vim HTTP/1.1" 200 1185 "-" "Mozilla/5.0 AppleWebKit/537.36 (KHTML, like Gecko; compatible; GPTBot/1.2; +https://openai.com/gptbot)"
66.249.69.12 - - [22/Aug/2025:08:12:45 -0400] "GET /shopdetail/107855382 HTTP/1.1" 404 1251 "-" "Mozilla/5.0 (Linux; Android 6.0.1; Nexus 5X Build/MMB29P) AppleWebKit/537.36 (KHTML, like Gecko) Chrome/139.0.7258.138 Mobile Safari/537.36 (compatible; Googlebot/2.1; +http://www.google.com/bot.html)"
20.171.207.234 - - [22/Aug/2025:08:12:44 -0400] "GET /index.php?70421291761.htm HTTP/1.1" 200 23996 "-" "Mozilla/5.0 AppleWebKit/537.36 (KHTML, like Gecko; compatible; GPTBot/1.2; +https://openai.com/gptbot)"
20.171.207.14 - - [22/Aug/2025:08:12:45 -0400] "GET /ks.php?path=%2Fusr%2Fshare%2Fvim%2Fvim80%2Fautoload%2Frustfmt.vim HTTP/1.1" 200 1463 "-" "Mozilla/5.0 AppleWebKit/537.36 (KHTML, like Gecko; compatible; GPTBot/1.2; +https://openai.com/gptbot)"
20.171.207.234 - - [22/Aug/2025:08:12:45 -0400] "GET /index.php?57807137548.htm HTTP/1.1" 200 23884 "-" "Mozilla/5.0 AppleWebKit/537.36 (KHTML, like Gecko; compatible; GPTBot/1.2; +https://openai.com/gptbot)"
20.171.207.14 - - [22/Aug/2025:08:12:46 -0400] "GET /ks.php?path=%2Fusr%2Fshare%2Fvim%2Fvim80%2Findent%2Ffortran.vim HTTP/1.1" 200 2831 "-" "Mozilla/5.0 AppleWebKit/537.36 (KHTML, like Gecko; compatible; GPTBot/1.2; +https://openai.com/gptbot)"
20.171.207.234 - - [22/Aug/2025:08:12:47 -0400] "GET /index.php?70689262210.htm HTTP/1.1" 200 24049 "-" "Mozilla/5.0 AppleWebKit/537.36 (KHTML, like Gecko; compatible; GPTBot/1.2; +https://openai.com/gptbot)"
20.171.207.14 - - [22/Aug/2025:08:12:47 -0400] "GET /ks.php?path=%2Fusr%2Fshare%2Fvim%2Fvim80%2Fcompiler%2Fneato.vim HTTP/1.1" 200 461 "-" "Mozilla/5.0 AppleWebKit/537.36 (KHTML, like Gecko; compatible; GPTBot/1.2; +https://openai.com/gptbot)"
20.171.207.234 - - [22/Aug/2025:08:12:48 -0400] "GET /index.php?47706140537.htm HTTP/1.1" 200 24783 "-" "Mozilla/5.0 AppleWebKit/537.36 (KHTML, like Gecko; compatible; GPTBot/1.2; +https://openai.com/gptbot)"
20.171.207.14 - - [22/Aug/2025:08:12:49 -0400] "GET /ks.php?path=%2Fusr%2Fshare%2Fvim%2Fvim80%2Fftplugin%2Frhelp.vim HTTP/1.1" 200 677 "-" "Mozilla/5.0 AppleWebKit/537.36 (KHTML, like Gecko; compatible; GPTBot/1.2; +https://openai.com/gptbot)"
66.249.75.98 - - [22/Aug/2025:08:12:49 -0400] "GET /47706173052.htm HTTP/1.1" 404 1251 "-" "Mozilla/5.0 (Linux; Android 6.0.1; Nexus 5X Build/MMB29P) AppleWebKit/537.36 (KHTML, like Gecko) Chrome/139.0.7258.138 Mobile Safari/537.36 (compatible; Googlebot/2.1; +http://www.google.com/bot.html)"
20.171.207.234 - - [22/Aug/2025:08:12:49 -0400] "GET /index.php?90383299180.htm HTTP/1.1" 200 23980 "-" "Mozilla/5.0 AppleWebKit/537.36 (KHTML, like Gecko; compatible; GPTBot/1.2; +https://openai.com/gptbot)"
20.171.207.14 - - [22/Aug/2025:08:12:50 -0400] "GET /ks.php?path=%2Fusr%2Fshare%2Fman%2Fru%2Fman5%2Fsssd-files.5.gz HTTP/1.1" 200 204 "-" "Mozilla/5.0 AppleWebKit/537.36 (KHTML, like Gecko; compatible; GPTBot/1.2; +https://openai.com/gptbot)"
20.171.207.234 - - [22/Aug/2025:08:12:50 -0400] "GET /index.php?57807217925.htm HTTP/1.1" 200 24229 "-" "Mozilla/5.0 AppleWebKit/537.36 (KHTML, like Gecko; compatible; GPTBot/1.2; +https://openai.com/gptbot)"
20.171.207.14 - - [22/Aug/2025:08:12:51 -0400] "GET /ks.php?path=%2Fusr%2Fshare%2Fman%2Fsv%2Fman5%2Fsssd-files.5.gz HTTP/1.1" 200 204 "-" "Mozilla/5.0 AppleWebKit/537.36 (KHTML, like Gecko; compatible; GPTBot/1.2; +https://openai.com/gptbot)"
77.75.78.160 - - [22/Aug/2025:08:12:51 -0400] "GET /shopdetail/25465482 HTTP/1.1" 404 1251 "-" "Mozilla/5.0 (compatible; SeznamBot/4.0; +https://o-seznam.cz/napoveda/vyhledavani/en/seznambot-crawler/)"
20.171.207.234 - - [22/Aug/2025:08:12:51 -0400] "GET /index.php?70689174161.htm HTTP/1.1" 200 25058 "-" "Mozilla/5.0 AppleWebKit/537.36 (KHTML, like Gecko; compatible; GPTBot/1.2; +https://openai.com/gptbot)"
77.75.78.160 - - [22/Aug/2025:08:12:52 -0400] "GET /shopdetail/18067782 HTTP/1.1" 404 1251 "-" "Mozilla/5.0 (compatible; SeznamBot/4.0; +https://o-seznam.cz/napoveda/vyhledavani/en/seznambot-crawler/)"
20.171.207.14 - - [22/Aug/2025:08:12:52 -0400] "GET /ks.php?path=%2Fusr%2Fshare%2Fgit-core%2Fcontrib%2Fcompletion%2Fgit-prompt.sh HTTP/1.1" 200 7045 "-" "Mozilla/5.0 AppleWebKit/537.36 (KHTML, like Gecko; compatible; GPTBot/1.2; +https://openai.com/gptbot)"
20.171.207.234 - - [22/Aug/2025:08:12:52 -0400] "GET /index.php?70729179466.htm HTTP/1.1" 200 23783 "-" "Mozilla/5.0 AppleWebKit/537.36 (KHTML, like Gecko; compatible; GPTBot/1.2; +https://openai.com/gptbot)"
20.171.207.14 - - [22/Aug/2025:08:12:53 -0400] "GET /ks.php?path=%2Fopt%2Fhc_python%2Flib%2Fpython3.12%2Fsite-packages%2Fpip%2F_internal%2Findex%2F__pycache__ HTTP/1.1" 200 1282 "-" "Mozilla/5.0 AppleWebKit/537.36 (KHTML, like Gecko; compatible; GPTBot/1.2; +https://openai.com/gptbot)"
20.171.207.234 - - [22/Aug/2025:08:12:54 -0400] "GET /index.php?56358190506.htm HTTP/1.1" 200 25027 "-" "Mozilla/5.0 AppleWebKit/537.36 (KHTML, like Gecko; compatible; GPTBot/1.2; +https://openai.com/gptbot)"
20.171.207.14 - - [22/Aug/2025:08:12:54 -0400] "GET /ks.php?path=%2Fusr%2Flocal%2Fcpanel%2Fbase%2Ffrontend%2Fjupiter%2Femail_accounts%2Fviews%2FmanageDefault-el.js HTTP/1.1" 200 769 "-" "Mozilla/5.0 AppleWebKit/537.36 (KHTML, like Gecko; compatible; GPTBot/1.2; +https://openai.com/gptbot)"
20.171.207.234 - - [22/Aug/2025:08:12:55 -0400] "GET /index.php?15133211698.htm HTTP/1.1" 200 25544 "-" "Mozilla/5.0 AppleWebKit/537.36 (KHTML, like Gecko; compatible; GPTBot/1.2; +https://openai.com/gptbot)"
20.171.207.14 - - [22/Aug/2025:08:12:56 -0400] "GET /ks.php?path=%2Fopt%2Falt%2Fruby18%2Flib64%2Fruby%2F1.8%2Frexml HTTP/1.1" 200 1781 "-" "Mozilla/5.0 AppleWebKit/537.36 (KHTML, like Gecko; compatible; GPTBot/1.2; +https://openai.com/gptbot)"
20.171.207.234 - - [22/Aug/2025:08:12:56 -0400] "GET /index.php?70421143002.htm HTTP/1.1" 200 24128 "-" "Mozilla/5.0 AppleWebKit/537.36 (KHTML, like Gecko; compatible; GPTBot/1.2; +https://openai.com/gptbot)"
20.171.207.14 - - [22/Aug/2025:08:12:57 -0400] "GET /ks.php?path=%2Fusr%2Flocal%2Fcpanel%2Fbase%2Ffrontend%2Fjupiter%2Fapi_tokens%2Fdirectives%2FtableShowing-el.js HTTP/1.1" 200 670 "-" "Mozilla/5.0 AppleWebKit/537.36 (KHTML, like Gecko; compatible; GPTBot/1.2; +https://openai.com/gptbot)"
20.171.207.234 - - [22/Aug/2025:08:12:57 -0400] "GET /index.php?90383189643.htm HTTP/1.1" 200 25347 "-" "Mozilla/5.0 AppleWebKit/537.36 (KHTML, like Gecko; compatible; GPTBot/1.2; +https://openai.com/gptbot)"
20.171.207.14 - - [22/Aug/2025:08:12:58 -0400] "GET /ks.php?path=%2Flib64%2Flibpanel.so.5.9 HTTP/1.1" 200 172 "-" "Mozilla/5.0 AppleWebKit/537.36 (KHTML, like Gecko; compatible; GPTBot/1.2; +https://openai.com/gptbot)"
20.171.207.234 - - [22/Aug/2025:08:12:58 -0400] "GET /index.php?57807275296.htm HTTP/1.1" 200 23900 "-" "Mozilla/5.0 AppleWebKit/537.36 (KHTML, like Gecko; compatible; GPTBot/1.2; +https://openai.com/gptbot)"
20.171.207.14 - - [22/Aug/2025:08:12:59 -0400] "GET /ks.php?path=%2Flib64%2Flibtinfo.so.6.1 HTTP/1.1" 200 172 "-" "Mozilla/5.0 AppleWebKit/537.36 (KHTML, like Gecko; compatible; GPTBot/1.2; +https://openai.com/gptbot)"
20.171.207.234 - - [22/Aug/2025:08:12:59 -0400] "GET /index.php?70729259374.htm HTTP/1.1" 200 24026 "-" "Mozilla/5.0 AppleWebKit/537.36 (KHTML, like Gecko; compatible; GPTBot/1.2; +https://openai.com/gptbot)"
20.171.207.14 - - [22/Aug/2025:08:13:00 -0400] "GET /ks.php?path=%2Fhome%2Ffotolxhq%2Fagenciacrabli.com%2Fwp-includes%2Fjs%2Fdist%2Fhooks.js HTTP/1.1" 200 7745 "-" "Mozilla/5.0 AppleWebKit/537.36 (KHTML, like Gecko; compatible; GPTBot/1.2; +https://openai.com/gptbot)"
20.171.207.234 - - [22/Aug/2025:08:13:01 -0400] "GET /index.php?70689265566.htm HTTP/1.1" 200 25234 "-" "Mozilla/5.0 AppleWebKit/537.36 (KHTML, like Gecko; compatible; GPTBot/1.2; +https://openai.com/gptbot)"
66.249.75.100 - - [22/Aug/2025:08:13:01 -0400] "GET /22271293043.htm HTTP/1.1" 404 1251 "-" "Mozilla/5.0 (Linux; Android 6.0.1; Nexus 5X Build/MMB29P) AppleWebKit/537.36 (KHTML, like Gecko) Chrome/139.0.7258.138 Mobile Safari/537.36 (compatible; Googlebot/2.1; +http://www.google.com/bot.html)"
20.171.207.14 - - [22/Aug/2025:08:13:01 -0400] "GET /ks.php?path=%2Fopt%2Falt%2Fphp55%2Fusr%2Fshare%2Fpear%2Ftest%2FFile_MARC%2Ftests%2Fexample.mrc HTTP/1.1" 200 243 "-" "Mozilla/5.0 AppleWebKit/537.36 (KHTML, like Gecko; compatible; GPTBot/1.2; +https://openai.com/gptbot)"
20.171.207.234 - - [22/Aug/2025:08:13:02 -0400] "GET /index.php?56358239597.htm HTTP/1.1" 200 24055 "-" "Mozilla/5.0 AppleWebKit/537.36 (KHTML, like Gecko; compatible; GPTBot/1.2; +https://openai.com/gptbot)"
20.171.207.14 - - [22/Aug/2025:08:13:02 -0400] "GET /ks.php?path=%2Fusr%2Flib64%2Fgtk-2.0%2F2.10.0%2Fprintbackends%2Flibprintbackend-lpr.so HTTP/1.1" 200 216 "-" "Mozilla/5.0 AppleWebKit/537.36 (KHTML, like Gecko; compatible; GPTBot/1.2; +https://openai.com/gptbot)"
20.171.207.234 - - [22/Aug/2025:08:13:03 -0400] "GET /index.php?49688131946.htm HTTP/1.1" 200 24817 "-" "Mozilla/5.0 AppleWebKit/537.36 (KHTML, like Gecko; compatible; GPTBot/1.2; +https://openai.com/gptbot)"
20.171.207.14 - - [22/Aug/2025:08:13:04 -0400] "GET /ks.php?path=%2Fopt%2Falt%2Fphp72%2Fusr%2Fshare%2Fpear%2Ftest%2FFile_MARC%2Ftests%2Fexample.mrc HTTP/1.1" 200 244 "-" "Mozilla/5.0 AppleWebKit/537.36 (KHTML, like Gecko; compatible; GPTBot/1.2; +https://openai.com/gptbot)"
20.171.207.234 - - [22/Aug/2025:08:13:04 -0400] "GET /index.php?15133267726.htm HTTP/1.1" 200 24465 "-" "Mozilla/5.0 AppleWebKit/537.36 (KHTML, like Gecko; compatible; GPTBot/1.2; +https://openai.com/gptbot)"
20.171.207.14 - - [22/Aug/2025:08:13:05 -0400] "GET /ks.php?path=%2Fopt%2Falt%2Fphp82%2Fusr%2Fshare%2Fpear%2Ftest%2FFile_MARC%2Ftests%2Fexample.mrc HTTP/1.1" 200 244 "-" "Mozilla/5.0 AppleWebKit/537.36 (KHTML, like Gecko; compatible; GPTBot/1.2; +https://openai.com/gptbot)"
20.171.207.234 - - [22/Aug/2025:08:13:05 -0400] "GET /index.php?90383306921.htm HTTP/1.1" 200 24969 "-" "Mozilla/5.0 AppleWebKit/537.36 (KHTML, like Gecko; compatible; GPTBot/1.2; +https://openai.com/gptbot)"
20.171.207.14 - - [22/Aug/2025:08:13:06 -0400] "GET /ks.php?path=%2Fopt%2Falt%2Fruby18%2Flib64%2Fruby%2F1.8%2Frexml%2Fxpath_parser.rb HTTP/1.1" 200 6507 "-" "Mozilla/5.0 AppleWebKit/537.36 (KHTML, like Gecko; compatible; GPTBot/1.2; +https://openai.com/gptbot)"
66.249.75.99 - - [22/Aug/2025:08:13:07 -0400] "GET /15133122024.htm HTTP/1.1" 404 1251 "-" "Mozilla/5.0 (Linux; Android 6.0.1; Nexus 5X Build/MMB29P) AppleWebKit/537.36 (KHTML, like Gecko) Chrome/138.0.7204.183 Mobile Safari/537.36 (compatible; Googlebot/2.1; +http://www.google.com/bot.html)"
20.171.207.234 - - [22/Aug/2025:08:13:06 -0400] "GET /index.php?70729180093.htm HTTP/1.1" 200 24233 "-" "Mozilla/5.0 AppleWebKit/537.36 (KHTML, like Gecko; compatible; GPTBot/1.2; +https://openai.com/gptbot)"
20.171.207.14 - - [22/Aug/2025:08:13:07 -0400] "GET /ks.php?path=%2Fopt%2Falt%2Fruby18%2Flib64%2Fruby%2F1.8%2Frexml%2Fxmldecl.rb HTTP/1.1" 200 1293 "-" "Mozilla/5.0 AppleWebKit/537.36 (KHTML, like Gecko; compatible; GPTBot/1.2; +https://openai.com/gptbot)"
66.249.75.98 - - [22/Aug/2025:08:13:07 -0400] "GET /4968883181.htm HTTP/1.1" 404 1251 "-" "Mozilla/5.0 (Linux; Android 6.0.1; Nexus 5X Build/MMB29P) AppleWebKit/537.36 (KHTML, like Gecko) Chrome/139.0.7258.138 Mobile Safari/537.36 (compatible; Googlebot/2.1; +http://www.google.com/bot.html)"
20.171.207.234 - - [22/Aug/2025:08:13:07 -0400] "GET /index.php?56358209035.htm HTTP/1.1" 200 23986 "-" "Mozilla/5.0 AppleWebKit/537.36 (KHTML, like Gecko; compatible; GPTBot/1.2; +https://openai.com/gptbot)"
20.171.207.14 - - [22/Aug/2025:08:13:08 -0400] "GET /ks.php?path=%2Fopt%2Fhc_python%2Flib%2Fpython3.12%2Fsite-packages%2Fpip%2F_internal%2Findex%2F__pycache__%2Fcollector.cpython-312.pyc HTTP/1.1" 200 264 "-" "Mozilla/5.0 AppleWebKit/537.36 (KHTML, like Gecko; compatible; GPTBot/1.2; +https://openai.com/gptbot)"
20.171.207.234 - - [22/Aug/2025:08:13:09 -0400] "GET /index.php?90383228845.htm HTTP/1.1" 200 24056 "-" "Mozilla/5.0 AppleWebKit/537.36 (KHTML, like Gecko; compatible; GPTBot/1.2; +https://openai.com/gptbot)"
20.171.207.14 - - [22/Aug/2025:08:13:09 -0400] "GET /ks.php?path=%2Fopt%2Fhc_python%2Flib%2Fpython3.12%2Fsite-packages%2Fpip%2F_internal%2Findex%2F__pycache__%2Fsources.cpython-312.pyc HTTP/1.1" 200 263 "-" "Mozilla/5.0 AppleWebKit/537.36 (KHTML, like Gecko; compatible; GPTBot/1.2; +https://openai.com/gptbot)"
20.171.207.234 - - [22/Aug/2025:08:13:10 -0400] "GET /index.php?70729300248.htm HTTP/1.1" 200 23888 "-" "Mozilla/5.0 AppleWebKit/537.36 (KHTML, like Gecko; compatible; GPTBot/1.2; +https://openai.com/gptbot)"
20.171.207.14 - - [22/Aug/2025:08:13:11 -0400] "GET /ks.php?path=%2Fopt%2Falt%2Fruby18%2Flib64%2Fruby%2F1.8%2Frexml%2Finstruction.rb HTTP/1.1" 200 1105 "-" "Mozilla/5.0 AppleWebKit/537.36 (KHTML, like Gecko; compatible; GPTBot/1.2; +https://openai.com/gptbot)"
20.171.207.234 - - [22/Aug/2025:08:13:11 -0400] "GET /index.php?15133243840.htm HTTP/1.1" 200 24516 "-" "Mozilla/5.0 AppleWebKit/537.36 (KHTML, like Gecko; compatible; GPTBot/1.2; +https://openai.com/gptbot)"
20.171.207.14 - - [22/Aug/2025:08:13:12 -0400] "GET /ks.php?path=%2Fopt%2Falt%2Fruby18%2Flib64%2Fruby%2F1.8%2Frexml%2Fnamespace.rb HTTP/1.1" 200 726 "-" "Mozilla/5.0 AppleWebKit/537.36 (KHTML, like Gecko; compatible; GPTBot/1.2; +https://openai.com/gptbot)"
20.171.207.234 - - [22/Aug/2025:08:13:12 -0400] "GET /index.php?49688197647.htm HTTP/1.1" 200 24078 "-" "Mozilla/5.0 AppleWebKit/537.36 (KHTML, like Gecko; compatible; GPTBot/1.2; +https://openai.com/gptbot)"
20.171.207.14 - - [22/Aug/2025:08:13:13 -0400] "GET /ks.php?path=%2Fopt%2Falt%2Fruby18%2Flib64%2Fruby%2F1.8%2Frexml%2Fcomment.rb HTTP/1.1" 200 1159 "-" "Mozilla/5.0 AppleWebKit/537.36 (KHTML, like Gecko; compatible; GPTBot/1.2; +https://openai.com/gptbot)"
20.171.207.234 - - [22/Aug/2025:08:13:13 -0400] "GET /index.php?90383273847.htm HTTP/1.1" 200 24520 "-" "Mozilla/5.0 AppleWebKit/537.36 (KHTML, like Gecko; compatible; GPTBot/1.2; +https://openai.com/gptbot)"
20.171.207.14 - - [22/Aug/2025:08:13:14 -0400] "GET /ks.php?path=%2Fopt%2Falt%2Fruby18%2Flib64%2Fruby%2F1.8%2Frexml%2Fquickpath.rb HTTP/1.1" 200 2685 "-" "Mozilla/5.0 AppleWebKit/537.36 (KHTML, like Gecko; compatible; GPTBot/1.2; +https://openai.com/gptbot)"
20.171.207.234 - - [22/Aug/2025:08:13:14 -0400] "GET /index.php?70421199160.htm HTTP/1.1" 200 24888 "-" "Mozilla/5.0 AppleWebKit/537.36 (KHTML, like Gecko; compatible; GPTBot/1.2; +https://openai.com/gptbot)"
20.171.207.14 - - [22/Aug/2025:08:13:15 -0400] "GET /ks.php?path=%2Fusr%2Flib64%2Fgtk-2.0%2F2.10.0%2Fprintbackends HTTP/1.1" 200 1206 "-" "Mozilla/5.0 AppleWebKit/537.36 (KHTML, like Gecko; compatible; GPTBot/1.2; +https://openai.com/gptbot)"
20.171.207.234 - - [22/Aug/2025:08:13:16 -0400] "GET /index.php?90383243354.htm HTTP/1.1" 200 23873 "-" "Mozilla/5.0 AppleWebKit/537.36 (KHTML, like Gecko; compatible; GPTBot/1.2; +https://openai.com/gptbot)"
20.171.207.14 - - [22/Aug/2025:08:13:16 -0400] "GET /ks.php?path=%2Fopt%2Falt%2Fruby18%2Flib64%2Fruby%2F1.8%2Frexml%2Fxmltokens.rb HTTP/1.1" 200 532 "-" "Mozilla/5.0 AppleWebKit/537.36 (KHTML, like Gecko; compatible; GPTBot/1.2; +https://openai.com/gptbot)"
20.171.207.234 - - [22/Aug/2025:08:13:17 -0400] "GET /index.php?90383168661.htm HTTP/1.1" 200 24659 "-" "Mozilla/5.0 AppleWebKit/537.36 (KHTML, like Gecko; compatible; GPTBot/1.2; +https://openai.com/gptbot)"
20.171.207.14 - - [22/Aug/2025:08:13:18 -0400] "GET /ks.php?path=%2Fopt%2Falt%2Fruby18%2Flib64%2Fruby%2F1.8%2Frexml%2Fparseexception.rb HTTP/1.1" 200 698 "-" "Mozilla/5.0 AppleWebKit/537.36 (KHTML, like Gecko; compatible; GPTBot/1.2; +https://openai.com/gptbot)"
20.171.207.234 - - [22/Aug/2025:08:13:18 -0400] "GET /index.php?90383288760.htm HTTP/1.1" 200 24280 "-" "Mozilla/5.0 AppleWebKit/537.36 (KHTML, like Gecko; compatible; GPTBot/1.2; +https://openai.com/gptbot)"
20.171.207.14 - - [22/Aug/2025:08:13:19 -0400] "GET /ks.php?path=%2Fopt%2Falt%2Fruby18%2Flib64%2Fruby%2F1.8%2Frexml%2Fdocument.rb HTTP/1.1" 200 3040 "-" "Mozilla/5.0 AppleWebKit/537.36 (KHTML, like Gecko; compatible; GPTBot/1.2; +https://openai.com/gptbot)"
66.249.75.98 - - [22/Aug/2025:08:13:19 -0400] "GET /2227121220.htm HTTP/1.1" 404 1251 "-" "Mozilla/5.0 (Linux; Android 6.0.1; Nexus 5X Build/MMB29P) AppleWebKit/537.36 (KHTML, like Gecko) Chrome/138.0.7204.183 Mobile Safari/537.36 (compatible; Googlebot/2.1; +http://www.google.com/bot.html)"
66.249.75.98 - - [22/Aug/2025:08:13:19 -0400] "GET /1513349759.htm HTTP/1.1" 404 1251 "-" "Mozilla/5.0 (Linux; Android 6.0.1; Nexus 5X Build/MMB29P) AppleWebKit/537.36 (KHTML, like Gecko) Chrome/139.0.7258.138 Mobile Safari/537.36 (compatible; Googlebot/2.1; +http://www.google.com/bot.html)"
20.171.207.234 - - [22/Aug/2025:08:13:19 -0400] "GET /index.php?70689282168.htm HTTP/1.1" 200 24319 "-" "Mozilla/5.0 AppleWebKit/537.36 (KHTML, like Gecko; compatible; GPTBot/1.2; +https://openai.com/gptbot)"
20.171.207.14 - - [22/Aug/2025:08:13:20 -0400] "GET /ks.php?path=%2Fopt%2Falt%2Fruby18%2Flib64%2Fruby%2F1.8%2Frexml%2Ffunctions.rb HTTP/1.1" 200 3628 "-" "Mozilla/5.0 AppleWebKit/537.36 (KHTML, like Gecko; compatible; GPTBot/1.2; +https://openai.com/gptbot)"
216.73.216.43 - - [22/Aug/2025:08:13:21 -0400] "GET /robots.txt HTTP/1.1" 200 98 "-" "Mozilla/5.0 AppleWebKit/537.36 (KHTML, like Gecko; compatible; ClaudeBot/1.0; +claudebot@anthropic.com)"
20.171.207.234 - - [22/Aug/2025:08:13:20 -0400] "GET /index.php?57807147091.htm HTTP/1.1" 200 24451 "-" "Mozilla/5.0 AppleWebKit/537.36 (KHTML, like Gecko; compatible; GPTBot/1.2; +https://openai.com/gptbot)"
20.171.207.14 - - [22/Aug/2025:08:13:21 -0400] "GET /ks.php?path=%2Fopt%2Falt%2Fruby18%2Flib64%2Fruby%2F1.8%2Frexml%2Fparent.rb HTTP/1.1" 200 1565 "-" "Mozilla/5.0 AppleWebKit/537.36 (KHTML, like Gecko; compatible; GPTBot/1.2; +https://openai.com/gptbot)"
216.73.216.43 - - [22/Aug/2025:08:13:21 -0400] "GET /index.php HTTP/1.1" 200 170 "-" "Mozilla/5.0 AppleWebKit/537.36 (KHTML, like Gecko; compatible; ClaudeBot/1.0; +claudebot@anthropic.com)"
20.171.207.234 - - [22/Aug/2025:08:13:21 -0400] "GET /index.php?56358211254.htm HTTP/1.1" 200 25864 "-" "Mozilla/5.0 AppleWebKit/537.36 (KHTML, like Gecko; compatible; GPTBot/1.2; +https://openai.com/gptbot)"
20.171.207.14 - - [22/Aug/2025:08:13:22 -0400] "GET /ks.php?path=%2Fopt%2Falt%2Fruby18%2Flib64%2Fruby%2F1.8%2Frexml%2Fsyncenumerator.rb HTTP/1.1" 200 512 "-" "Mozilla/5.0 AppleWebKit/537.36 (KHTML, like Gecko; compatible; GPTBot/1.2; +https://openai.com/gptbot)"
20.171.207.234 - - [22/Aug/2025:08:13:22 -0400] "GET /index.php?70729202648.htm HTTP/1.1" 200 23759 "-" "Mozilla/5.0 AppleWebKit/537.36 (KHTML, like Gecko; compatible; GPTBot/1.2; +https://openai.com/gptbot)"
20.171.207.14 - - [22/Aug/2025:08:13:23 -0400] "GET /ks.php?path=%2Fopt%2Falt%2Fruby18%2Flib64%2Fruby%2F1.8%2Frexml%2Fvalidation HTTP/1.1" 200 1216 "-" "Mozilla/5.0 AppleWebKit/537.36 (KHTML, like Gecko; compatible; GPTBot/1.2; +https://openai.com/gptbot)"
20.171.207.234 - - [22/Aug/2025:08:13:24 -0400] "GET /index.php?70729252596.htm HTTP/1.1" 200 24420 "-" "Mozilla/5.0 AppleWebKit/537.36 (KHTML, like Gecko; compatible; GPTBot/1.2; +https://openai.com/gptbot)"
20.171.207.14 - - [22/Aug/2025:08:13:25 -0400] "GET /ks.php?path=%2Fopt%2Fhc_python%2Flib%2Fpython3.12%2Fsite-packages%2Fpip%2F_internal%2Findex%2F__pycache__%2Fpackage_finder.cpython-312.pyc HTTP/1.1" 200 265 "-" "Mozilla/5.0 AppleWebKit/537.36 (KHTML, like Gecko; compatible; GPTBot/1.2; +https://openai.com/gptbot)"
20.171.207.234 - - [22/Aug/2025:08:13:25 -0400] "GET /index.php?90383110585.htm HTTP/1.1" 200 24318 "-" "Mozilla/5.0 AppleWebKit/537.36 (KHTML, like Gecko; compatible; GPTBot/1.2; +https://openai.com/gptbot)"
20.171.207.14 - - [22/Aug/2025:08:13:26 -0400] "GET /ks.php?path=%2Fopt%2Falt%2Fruby18%2Flib64%2Fruby%2F1.8%2Frexml%2Fattlistdecl.rb HTTP/1.1" 200 1175 "-" "Mozilla/5.0 AppleWebKit/537.36 (KHTML, like Gecko; compatible; GPTBot/1.2; +https://openai.com/gptbot)"
20.171.207.234 - - [22/Aug/2025:08:13:26 -0400] "GET /index.php?70421258582.htm HTTP/1.1" 200 24025 "-" "Mozilla/5.0 AppleWebKit/537.36 (KHTML, like Gecko; compatible; GPTBot/1.2; +https://openai.com/gptbot)"
20.171.207.14 - - [22/Aug/2025:08:13:27 -0400] "GET /ks.php?path=%2Fopt%2Falt%2Fruby18%2Flib64%2Fruby%2F1.8%2Frexml%2Fencoding.rb HTTP/1.1" 200 1087 "-" "Mozilla/5.0 AppleWebKit/537.36 (KHTML, like Gecko; compatible; GPTBot/1.2; +https://openai.com/gptbot)"
20.171.207.234 - - [22/Aug/2025:08:13:27 -0400] "GET /index.php?15133220583.htm HTTP/1.1" 200 24300 "-" "Mozilla/5.0 AppleWebKit/537.36 (KHTML, like Gecko; compatible; GPTBot/1.2; +https://openai.com/gptbot)"
20.171.207.14 - - [22/Aug/2025:08:13:28 -0400] "GET /ks.php?path=%2Fopt%2Falt%2Fruby18%2Flib64%2Fruby%2F1.8%2Frexml%2Foutput.rb HTTP/1.1" 200 455 "-" "Mozilla/5.0 AppleWebKit/537.36 (KHTML, like Gecko; compatible; GPTBot/1.2; +https://openai.com/gptbot)"
20.171.207.234 - - [22/Aug/2025:08:13:28 -0400] "GET /index.php?56358263093.htm HTTP/1.1" 200 24117 "-" "Mozilla/5.0 AppleWebKit/537.36 (KHTML, like Gecko; compatible; GPTBot/1.2; +https://openai.com/gptbot)"
20.171.207.14 - - [22/Aug/2025:08:13:29 -0400] "GET /ks.php?path=%2Fopt%2Falt%2Fruby18%2Flib64%2Fruby%2F1.8%2Frexml%2Flight HTTP/1.1" 200 1166 "-" "Mozilla/5.0 AppleWebKit/537.36 (KHTML, like Gecko; compatible; GPTBot/1.2; +https://openai.com/gptbot)"
20.171.207.234 - - [22/Aug/2025:08:13:29 -0400] "GET /index.php?47706166263.htm HTTP/1.1" 200 23734 "-" "Mozilla/5.0 AppleWebKit/537.36 (KHTML, like Gecko; compatible; GPTBot/1.2; +https://openai.com/gptbot)"
20.171.207.14 - - [22/Aug/2025:08:13:30 -0400] "GET /ks.php?path=%2Fopt%2Falt%2Fruby18%2Flib64%2Fruby%2F1.8%2Frexml%2Fdtd HTTP/1.1" 200 1238 "-" "Mozilla/5.0 AppleWebKit/537.36 (KHTML, like Gecko; compatible; GPTBot/1.2; +https://openai.com/gptbot)"
20.171.207.234 - - [22/Aug/2025:08:13:30 -0400] "GET /index.php?56358160960.htm HTTP/1.1" 200 24198 "-" "Mozilla/5.0 AppleWebKit/537.36 (KHTML, like Gecko; compatible; GPTBot/1.2; +https://openai.com/gptbot)"
20.171.207.14 - - [22/Aug/2025:08:13:31 -0400] "GET /ks.php?path=%2Fopt%2Falt%2Fruby18%2Flib64%2Fruby%2F1.8%2Frexml%2Frexml.rb HTTP/1.1" 200 1044 "-" "Mozilla/5.0 AppleWebKit/537.36 (KHTML, like Gecko; compatible; GPTBot/1.2; +https://openai.com/gptbot)"
66.249.69.11 - - [22/Aug/2025:08:13:31 -0400] "GET /?pid=43533353298&channel=fashion-watches&cate_id=4353 HTTP/1.1" 200 24829 "-" "Mozilla/5.0 (Linux; Android 6.0.1; Nexus 5X Build/MMB29P) AppleWebKit/537.36 (KHTML, like Gecko) Chrome/138.0.7204.183 Mobile Safari/537.36 (compatible; Googlebot/2.1; +http://www.google.com/bot.html)"
20.171.207.234 - - [22/Aug/2025:08:13:32 -0400] "GET /index.php?15133292187.htm HTTP/1.1" 200 24641 "-" "Mozilla/5.0 AppleWebKit/537.36 (KHTML, like Gecko; compatible; GPTBot/1.2; +https://openai.com/gptbot)"
20.171.207.14 - - [22/Aug/2025:08:13:33 -0400] "GET /ks.php?path=%2Fopt%2Falt%2Fruby18%2Flib64%2Fruby%2F1.8%2Frexml%2Fencodings HTTP/1.1" 200 1374 "-" "Mozilla/5.0 AppleWebKit/537.36 (KHTML, like Gecko; compatible; GPTBot/1.2; +https://openai.com/gptbot)"
66.249.75.98 - - [22/Aug/2025:08:13:33 -0400] "GET /56358112902.htm HTTP/1.1" 404 1251 "-" "Mozilla/5.0 (Linux; Android 6.0.1; Nexus 5X Build/MMB29P) AppleWebKit/537.36 (KHTML, like Gecko) Chrome/139.0.7258.138 Mobile Safari/537.36 (compatible; Googlebot/2.1; +http://www.google.com/bot.html)"
20.171.207.234 - - [22/Aug/2025:08:13:33 -0400] "GET /index.php?90383176731.htm HTTP/1.1" 200 24006 "-" "Mozilla/5.0 AppleWebKit/537.36 (KHTML, like Gecko; compatible; GPTBot/1.2; +https://openai.com/gptbot)"
20.171.207.14 - - [22/Aug/2025:08:13:34 -0400] "GET /ks.php?path=%2Fopt%2Falt%2Fruby18%2Flib64%2Fruby%2F1.8%2Frexml%2Fvalidation%2Frelaxng.rb HTTP/1.1" 200 3250 "-" "Mozilla/5.0 AppleWebKit/537.36 (KHTML, like Gecko; compatible; GPTBot/1.2; +https://openai.com/gptbot)"
20.171.207.234 - - [22/Aug/2025:08:13:34 -0400] "GET /index.php?15133270167.htm HTTP/1.1" 200 24248 "-" "Mozilla/5.0 AppleWebKit/537.36 (KHTML, like Gecko; compatible; GPTBot/1.2; +https://openai.com/gptbot)"
20.171.207.14 - - [22/Aug/2025:08:13:35 -0400] "GET /ks.php?path=%2Fopt%2Falt%2Fruby18%2Flib64%2Fruby%2F1.8%2Frexml%2Fsax2listener.rb HTTP/1.1" 200 1651 "-" "Mozilla/5.0 AppleWebKit/537.36 (KHTML, like Gecko; compatible; GPTBot/1.2; +https://openai.com/gptbot)"
20.171.207.234 - - [22/Aug/2025:08:13:35 -0400] "GET /index.php?49688270608.htm HTTP/1.1" 200 24679 "-" "Mozilla/5.0 AppleWebKit/537.36 (KHTML, like Gecko; compatible; GPTBot/1.2; +https://openai.com/gptbot)"
20.171.207.14 - - [22/Aug/2025:08:13:36 -0400] "GET /ks.php?path=%2Fopt%2Falt%2Fruby18%2Flib64%2Fruby%2F1.8%2Frexml%2Fattribute.rb HTTP/1.1" 200 2114 "-" "Mozilla/5.0 AppleWebKit/537.36 (KHTML, like Gecko; compatible; GPTBot/1.2; +https://openai.com/gptbot)"
20.171.207.234 - - [22/Aug/2025:08:13:36 -0400] "GET /index.php?70421100599.htm HTTP/1.1" 200 25333 "-" "Mozilla/5.0 AppleWebKit/537.36 (KHTML, like Gecko; compatible; GPTBot/1.2; +https://openai.com/gptbot)"
66.249.75.98 - - [22/Aug/2025:08:13:37 -0400] "GET /22271177650.htm HTTP/1.1" 404 1251 "-" "Mozilla/5.0 (Linux; Android 6.0.1; Nexus 5X Build/MMB29P) AppleWebKit/537.36 (KHTML, like Gecko) Chrome/139.0.7258.138 Mobile Safari/537.36 (compatible; Googlebot/2.1; +http://www.google.com/bot.html)"
20.171.207.14 - - [22/Aug/2025:08:13:37 -0400] "GET /ks.php?path=%2Fopt%2Falt%2Fruby18%2Flib64%2Fruby%2F1.8%2Frexml%2Fparsers HTTP/1.1" 200 1318 "-" "Mozilla/5.0 AppleWebKit/537.36 (KHTML, like Gecko; compatible; GPTBot/1.2; +https://openai.com/gptbot)"
20.171.207.234 - - [22/Aug/2025:08:13:37 -0400] "GET /index.php?70729158227.htm HTTP/1.1" 200 24407 "-" "Mozilla/5.0 AppleWebKit/537.36 (KHTML, like Gecko; compatible; GPTBot/1.2; +https://openai.com/gptbot)"
20.171.207.14 - - [22/Aug/2025:08:13:38 -0400] "GET /ks.php?path=%2Fopt%2Falt%2Fruby18%2Flib64%2Fruby%2F1.8%2Frexml%2Fentity.rb HTTP/1.1" 200 2449 "-" "Mozilla/5.0 AppleWebKit/537.36 (KHTML, like Gecko; compatible; GPTBot/1.2; +https://openai.com/gptbot)"
20.171.207.234 - - [22/Aug/2025:08:13:39 -0400] "GET /index.php?56358217875.htm HTTP/1.1" 200 24840 "-" "Mozilla/5.0 AppleWebKit/537.36 (KHTML, like Gecko; compatible; GPTBot/1.2; +https://openai.com/gptbot)"
20.171.207.14 - - [22/Aug/2025:08:13:40 -0400] "GET /ks.php?path=%2Fopt%2Falt%2Fruby18%2Flib64%2Fruby%2F1.8%2Frexml%2Fsource.rb HTTP/1.1" 200 2670 "-" "Mozilla/5.0 AppleWebKit/537.36 (KHTML, like Gecko; compatible; GPTBot/1.2; +https://openai.com/gptbot)"
20.171.207.234 - - [22/Aug/2025:08:13:40 -0400] "GET /index.php?70421260043.htm HTTP/1.1" 200 24863 "-" "Mozilla/5.0 AppleWebKit/537.36 (KHTML, like Gecko; compatible; GPTBot/1.2; +https://openai.com/gptbot)"
20.171.207.14 - - [22/Aug/2025:08:13:41 -0400] "GET /ks.php?path=%2Fopt%2Falt%2Fruby18%2Flib64%2Fruby%2F1.8%2Frexml%2Flight%2Fnode.rb HTTP/1.1" 200 1761 "-" "Mozilla/5.0 AppleWebKit/537.36 (KHTML, like Gecko; compatible; GPTBot/1.2; +https://openai.com/gptbot)"
20.171.207.234 - - [22/Aug/2025:08:13:41 -0400] "GET /index.php?47706199457.htm HTTP/1.1" 200 24410 "-" "Mozilla/5.0 AppleWebKit/537.36 (KHTML, like Gecko; compatible; GPTBot/1.2; +https://openai.com/gptbot)"
20.171.207.14 - - [22/Aug/2025:08:13:42 -0400] "GET /ks.php?path=%2Fopt%2Falt%2Fruby18%2Flib64%2Fruby%2F1.8%2Frexml%2Fdtd%2Felementdecl.rb HTTP/1.1" 200 502 "-" "Mozilla/5.0 AppleWebKit/537.36 (KHTML, like Gecko; compatible; GPTBot/1.2; +https://openai.com/gptbot)"
20.171.207.234 - - [22/Aug/2025:08:13:42 -0400] "GET /index.php?56358119645.htm HTTP/1.1" 200 24905 "-" "Mozilla/5.0 AppleWebKit/537.36 (KHTML, like Gecko; compatible; GPTBot/1.2; +https://openai.com/gptbot)"
20.171.207.14 - - [22/Aug/2025:08:13:43 -0400] "GET /ks.php?path=%2Fopt%2Falt%2Fruby18%2Flib64%2Fruby%2F1.8%2Frexml%2Fdtd%2Fentitydecl.rb HTTP/1.1" 200 852 "-" "Mozilla/5.0 AppleWebKit/537.36 (KHTML, like Gecko; compatible; GPTBot/1.2; +https://openai.com/gptbot)"
20.171.207.234 - - [22/Aug/2025:08:13:43 -0400] "GET /index.php?70689109160.htm HTTP/1.1" 200 24040 "-" "Mozilla/5.0 AppleWebKit/537.36 (KHTML, like Gecko; compatible; GPTBot/1.2; +https://openai.com/gptbot)"
66.249.75.98 - - [22/Aug/2025:08:13:44 -0400] "GET /22271103160.htm HTTP/1.1" 404 1251 "-" "Mozilla/5.0 (Linux; Android 6.0.1; Nexus 5X Build/MMB29P) AppleWebKit/537.36 (KHTML, like Gecko) Chrome/138.0.7204.183 Mobile Safari/537.36 (compatible; Googlebot/2.1; +http://www.google.com/bot.html)"
20.171.207.14 - - [22/Aug/2025:08:13:44 -0400] "GET /ks.php?path=%2Fopt%2Falt%2Fruby18%2Flib64%2Fruby%2F1.8%2Frexml%2Fencodings%2FEUC-JP.rb HTTP/1.1" 200 487 "-" "Mozilla/5.0 AppleWebKit/537.36 (KHTML, like Gecko; compatible; GPTBot/1.2; +https://openai.com/gptbot)"
20.171.207.234 - - [22/Aug/2025:08:13:44 -0400] "GET /index.php?90383230575.htm HTTP/1.1" 200 25113 "-" "Mozilla/5.0 AppleWebKit/537.36 (KHTML, like Gecko; compatible; GPTBot/1.2; +https://openai.com/gptbot)"
20.171.207.14 - - [22/Aug/2025:08:13:45 -0400] "GET /ks.php?path=%2Fopt%2Falt%2Fruby18%2Flib64%2Fruby%2F1.8%2Frexml%2Fencodings%2FICONV.rb HTTP/1.1" 200 441 "-" "Mozilla/5.0 AppleWebKit/537.36 (KHTML, like Gecko; compatible; GPTBot/1.2; +https://openai.com/gptbot)"
20.171.207.234 - - [22/Aug/2025:08:13:45 -0400] "GET /index.php?56358114436.htm HTTP/1.1" 200 24013 "-" "Mozilla/5.0 AppleWebKit/537.36 (KHTML, like Gecko; compatible; GPTBot/1.2; +https://openai.com/gptbot)"
20.171.207.14 - - [22/Aug/2025:08:13:47 -0400] "GET /ks.php?path=%2Fopt%2Falt%2Fruby18%2Flib64%2Fruby%2F1.8%2Frexml%2Fencodings%2FUNILE.rb HTTP/1.1" 200 557 "-" "Mozilla/5.0 AppleWebKit/537.36 (KHTML, like Gecko; compatible; GPTBot/1.2; +https://openai.com/gptbot)"
20.171.207.234 - - [22/Aug/2025:08:13:47 -0400] "GET /index.php?70729147602.htm HTTP/1.1" 200 24267 "-" "Mozilla/5.0 AppleWebKit/537.36 (KHTML, like Gecko; compatible; GPTBot/1.2; +https://openai.com/gptbot)"
20.171.207.14 - - [22/Aug/2025:08:13:48 -0400] "GET /ks.php?path=%2Fopt%2Falt%2Fruby18%2Flib64%2Fruby%2F1.8%2Frexml%2Fencodings%2FISO-8859-1.rb HTTP/1.1" 200 316 "-" "Mozilla/5.0 AppleWebKit/537.36 (KHTML, like Gecko; compatible; GPTBot/1.2; +https://openai.com/gptbot)"
20.171.207.234 - - [22/Aug/2025:08:13:48 -0400] "GET /index.php?49688214168.htm HTTP/1.1" 200 23898 "-" "Mozilla/5.0 AppleWebKit/537.36 (KHTML, like Gecko; compatible; GPTBot/1.2; +https://openai.com/gptbot)"
